-- Table structure for table `PaymentGatewayLogs`
--

CREATE TABLE `PaymentGatewayLogs` (
  `id` int NOT NULL AUTO_INCREMENT,
  `pgProfileId` varchar(255) NOT NULL DEFAULT '',
  `pgPaymentProfileId` varchar(255) NOT NULL DEFAULT '',
  `userId` int NOT NULL,
  PRIMARY KEY (`id`),
  KEY `userId` (`userId`),
  CONSTRAINT `PaymentGatewayLogs_ibfk_1` FOREIGN KEY (`userId`) REFERENCES `Users` (`id`) ON UPDATE CASCADE
) ENGINE=InnoDB AUTO_INCREMENT=15 DEFAULT CHARSET=utf8mb4 COLLATE=utf8mb4_0900_ai_ci;

--
-- Dumping data for table `PaymentGatewayLogs`
--

INSERT INTO `PaymentGatewayLogs` VALUES (1,'908080018','907791748',11),(2,'908084426','907796355',4),(4,'908080018','907830905',11),(5,'908080018','907857107',11),(6,'908808767','908442389',50),(7,'908933708','908547626',173),(8,'908943137','908557247',192),(9,'908999771','908593563',201),(10,'508763256','514094949',203),(11,'909089600','908666715',212),(12,'910075945','909529984',215),(14,'911537529','910893271',51);

--
-- Table structure for table `PostMedia`
--

CREATE TABLE `PostMedia` (
  `id` int NOT NULL AUTO_INCREMENT,
  `mediaPath` varchar(255) NOT NULL,
  `mediaPosition` int DEFAULT '1',
  `createdAt` datetime NOT NULL,
  `updatedAt` datetime NOT NULL,
  `PostId` int DEFAULT NULL,
  PRIMARY KEY (`id`),
  KEY `PostId` (`PostId`),
  CONSTRAINT `PostMedia_ibfk_1` FOREIGN KEY (`PostId`) REFERENCES `Posts` (`id`) ON DELETE SET NULL ON UPDATE CASCADE
) ENGINE=InnoDB AUTO_INCREMENT=48 DEFAULT CHARSET=utf8mb4 COLLATE=utf8mb4_0900_ai_ci;

--
-- Dumping data for table `PostMedia`
--

INSERT INTO `PostMedia` VALUES (1,'51b7f476-2411-4d3e-9e52-757d0c36c26d.jpg',1,'2022-11-09 12:15:47','2022-11-09 12:15:47',1),(2,'a0ab4e91-357f-428d-ad23-d881d8bcd218.jpg',1,'2022-11-09 12:21:23','2022-11-09 12:21:23',2),(3,'0edac072-e7ca-48f2-b95a-24eb4cbb9c4a.jpg',1,'2022-11-10 11:21:52','2022-11-10 11:21:52',3),(4,'2d3c7c17-856a-4cf2-b251-c5de95e97bfd.jpg',1,'2022-11-10 12:40:52','2022-11-10 12:40:52',4),(5,'4e8ba1e0-acb3-4891-912d-817f96866b6e.jpg',1,'2022-11-13 07:07:56','2022-11-13 07:07:56',5),(6,'30ede0c6-6209-4f98-85ba-7cc5117d7a3a.jpg',1,'2022-11-13 16:39:05','2022-11-13 16:39:05',NULL),(7,'023db13a-793d-4778-9be2-185510975fc5.jpg',1,'2022-11-14 15:09:35','2022-11-14 15:09:35',7),(8,'5f0bd06a-da54-46bd-a63b-d0e17f06d01e.jpg',1,'2022-11-14 15:18:12','2022-11-14 15:18:12',8),(9,'0fab29b3-b7ce-43a1-bcad-8864a30b055e.jpg',1,'2022-11-15 10:16:19','2022-11-15 10:16:19',9),(10,'b80d3bd5-2c51-45c3-925d-8f2267d518dc.png',1,'2022-11-15 12:00:05','2022-11-15 12:00:05',10),(11,'40d04a6a-bddd-4285-9668-604cf1352485.jpg',1,'2022-11-15 13:30:49','2022-11-15 13:30:49',11),(12,'6bc50026-9e2c-40f4-a176-eb5d117c1d73.jpg',1,'2022-11-15 15:46:06','2022-11-15 15:46:06',12),(13,'68f06bd1-4cc9-435a-a9e7-656defab0e2e.jpg',1,'2022-11-16 18:42:38','2022-11-16 18:42:38',13),(14,'037c35da-6b4b-4872-b3f8-2cf3580a8173.jpg',1,'2022-11-17 06:24:21','2022-11-17 06:24:21',14),(15,'b2e34737-6bc7-4d5d-8738-7b787b7c571a.jpg',1,'2022-11-17 06:24:56','2022-11-17 06:24:56',15),(16,'f55679b5-916e-4131-bcbe-d316a3d1cb38.jpg',1,'2022-11-17 10:44:32','2022-11-17 10:44:32',16),(17,'9da5b321-f248-400a-b85b-e2aa9e0879fd.jpg',1,'2022-11-18 05:19:14','2022-11-18 05:19:14',17),(18,'831ee45d-8de0-4c9d-86ae-b59293ea3ec5.jpg',1,'2022-11-19 10:12:13','2022-11-19 10:12:13',18),(19,'12205871-aaa5-4254-8d5b-75ba20bbe60d.jpg',1,'2022-12-14 06:20:59','2022-12-14 06:20:59',19),(20,'64f8ad62-c937-4d93-afc2-fd4087aa298b.jpg',1,'2022-12-14 07:37:44','2022-12-14 07:37:44',20),(21,'7599a80f-9133-4b52-8ede-2bcf7bf83a5e.jpg',1,'2022-12-14 09:28:28','2022-12-14 09:28:28',21),(22,'b1bb90ad-3abf-4d5a-8478-e223c83fbb67.jpg',1,'2022-12-14 09:44:12','2022-12-14 09:44:12',22),(23,'7fa810e6-7b54-487e-b4b2-bed472872e52.jpg',1,'2022-12-14 09:58:32','2022-12-14 09:58:32',23),(24,'755ebcdb-6012-47aa-96fb-3d530414994f.jpg',1,'2022-12-14 09:58:58','2022-12-14 09:58:58',24),(25,'0323949f-f809-476c-a577-2e60191724e4.jpg',1,'2022-12-14 10:04:48','2022-12-14 10:04:48',25),(26,'24e6f889-499b-43f9-9a92-29680b16f65a.jpg',1,'2022-12-14 10:11:10','2022-12-14 10:11:10',26),(27,'96b33ae6-1d81-495b-aeb5-7cbdd4fc27ed.jpg',1,'2022-12-14 11:59:02','2022-12-14 11:59:02',27),(28,'faec068e-8aaa-4f0b-acae-057578dbc906.jpg',1,'2022-12-14 11:59:16','2022-12-14 11:59:16',28),(29,'2bc853d9-eb28-4e22-83d2-c641b4e1506d.jpg',1,'2022-12-14 11:59:29','2022-12-14 11:59:29',29),(30,'98e2f3aa-4f42-4d93-a81d-3388bb33b4ea.jpg',1,'2022-12-14 11:59:40','2022-12-14 11:59:40',30),(31,'9ae70ead-ee5a-4b4b-921a-44a1efd097db.jpg',1,'2022-12-14 12:12:40','2022-12-14 12:12:40',31),(32,'1bad7283-ddfc-4e1a-8fa2-b3b2642645c6.jpg',1,'2022-12-14 12:14:03','2022-12-14 12:14:03',32),(33,'d4e875fb-049c-4e72-bef3-9c1051613318.jpg',1,'2022-12-14 12:14:12','2022-12-14 12:14:12',33),(34,'31683aab-5519-43d7-822e-f10dbb6829b0.jpg',1,'2022-12-14 12:14:29','2022-12-14 12:14:29',34),(35,'8e8f1fcd-c3bf-4934-8b90-ebd6f06f9629.png',1,'2022-12-14 12:17:29','2022-12-14 12:17:29',35),(36,'376f86d5-d480-4fbf-9985-4aec8f16a3a6.jpg',1,'2022-12-14 12:17:53','2022-12-14 12:17:53',36),(37,'2e71d584-238d-46fc-a247-507056c992b9.jpg',1,'2022-12-14 12:18:11','2022-12-14 12:18:11',37),(38,'f76e74ad-344c-4906-b578-080b8b6e9032.jpg',1,'2022-12-14 12:18:33','2022-12-14 12:18:33',38),(39,'4fa6946e-433c-40b7-898e-5bd06e772a22.jpg',1,'2022-12-14 12:26:37','2022-12-14 12:26:37',39),(40,'3a365f26-62f9-43af-a9a0-6b485bba5a1b.jpg',1,'2022-12-14 12:26:56','2022-12-14 12:26:56',40),(41,'429edf10-2f60-421d-9bce-2b6f2697dce2.jpg',1,'2022-12-14 12:27:06','2022-12-14 12:27:06',41),(42,'e6c5689d-d7c0-43f1-8508-94b03f7cbb97.jpg',1,'2022-12-14 12:27:24','2022-12-14 12:27:24',42),(43,'d0c9a23e-13b0-477f-954f-4450d4f0c2f6.jpg',1,'2022-12-14 12:27:39','2022-12-14 12:27:39',43),(44,'f0fadb30-b932-4ca7-badc-34cab360fc5c.jpg',1,'2022-12-14 12:51:43','2022-12-14 12:51:43',44),(45,'a5f485f5-f65b-4939-a9ea-4694ee68c0d9.jpg',1,'2022-12-15 05:07:16','2022-12-15 05:07:16',45),(46,'c1d366bb-8d14-4f79-b909-a8ed9194235f.jpg',1,'2022-12-15 05:08:44','2022-12-15 05:08:44',46),(47,'b6a3f224-ec4d-46c1-a7f6-0822ae12a471.jpg',1,'2022-12-15 12:20:23','2022-12-15 12:20:23',NULL);

--
-- Table structure for table `Posts`
--

CREATE TABLE `Posts` (
  `id` int NOT NULL AUTO_INCREMENT,
  `postText` varchar(255) DEFAULT NULL,
  `location` varchar(255) DEFAULT NULL,
  `createdAt` datetime NOT NULL,
  `updatedAt` datetime NOT NULL,
  `UserId` int DEFAULT NULL,
  PRIMARY KEY (`id`),
  KEY `UserId` (`UserId`),
  CONSTRAINT `Posts_ibfk_1` FOREIGN KEY (`UserId`) REFERENCES `Users` (`id`) ON DELETE SET NULL ON UPDATE CASCADE
) ENGINE=InnoDB AUTO_INCREMENT=47 DEFAULT CHARSET=utf8mb4 COLLATE=utf8mb4_0900_ai_ci;

--
-- Dumping data for table `Posts`
--

INSERT INTO `Posts` VALUES (1,'ntng special','Mohali Stadium Road, Phase 3B-1, Phase 3B-2, Sector 60, Sahibzada Ajit Singh Nagar, Punjab, India','2022-11-09 12:15:46','2022-11-09 12:15:46',6),(2,'ficode','Budapest, Móricz Zsigmond körtér, Hungary','2022-11-09 12:21:23','2022-11-09 12:21:23',6),(3,'\n\n','Not Provided','2022-11-10 11:21:52','2022-11-10 11:21:52',6),(4,'hhhh','MG Road, Halasuru, Yellappa Chetty Layout, Karnataka, India','2022-11-10 12:40:52','2022-11-10 12:40:52',6),(5,'ghhh','Beştepe, AŞTİ, Yenimahalle/Ankara, Turkey','2022-11-13 07:07:56','2022-11-13 07:07:56',7),(7,'hii','Gran Vía, Madrid, Spain','2022-11-14 15:09:35','2022-11-14 15:09:35',3),(8,'hii','Hackescher Markt, Berlin, Germany','2022-11-14 15:18:12','2022-11-14 15:18:12',3),(9,'Testing','Mountain View, Mountain View','2022-11-15 10:16:19','2022-11-15 10:16:19',7),(10,'sdcdcscdscsd','nowhere','2022-11-15 12:00:05','2022-11-15 12:00:05',6),(11,'Hiii','Beştepe, AŞTİ, Yenimahalle/Ankara, Turkey','2022-11-15 13:30:49','2022-11-15 13:30:49',6),(12,'nalna','Hackescher Markt, Berlin, Germany','2022-11-15 15:46:06','2022-11-15 15:46:06',6),(13,'Hiii','Abc Circle, Khodiyar Nagar, Mota Varachha, Surat, Gujarat, India','2022-11-16 18:42:38','2022-11-16 18:42:38',6),(14,'ha\n','Not Provided','2022-11-17 06:24:21','2022-11-17 06:24:21',6),(15,'hii','Not Provided','2022-11-17 06:24:56','2022-11-17 06:24:56',6),(16,'hiiii','Ludhiana Bypass, New Kuldeep Nagar, Jodhewal, Ludhiana, Punjab, India','2022-11-17 10:44:32','2022-11-17 10:44:32',20),(17,'Shoes','Old Gupta Chock Road, Block B, Vijay Nagar, Delhi, India','2022-11-18 05:19:14','2022-11-18 05:19:14',34),(18,'nothing really ','Ballowal - Jodhan Road, Ballowal, Punjab, India','2022-11-19 10:12:13','2022-11-19 10:12:13',40),(19,'hiii','Mountain View, Mountain View','2022-12-14 06:20:59','2022-12-14 06:20:59',6),(20,'...','Mountain View, Mountain View','2022-12-14 07:37:44','2022-12-14 07:37:44',6),(21,'wick','Not Provided','2022-12-14 09:28:28','2022-12-14 09:28:28',50),(22,'hey youu!!!!','Not Provided','2022-12-14 09:44:12','2022-12-14 09:44:12',NULL),(23,'yeah youu','Not Provided','2022-12-14 09:58:32','2022-12-14 09:58:32',NULL),(24,'hahaha','Not Provided','2022-12-14 09:58:58','2022-12-14 09:58:58',NULL),(25,'hahahahaha','Not Provided','2022-12-14 10:04:48','2022-12-14 10:04:48',NULL),(26,'why so serious?','Not Provided','2022-12-14 10:11:10','2022-12-14 10:11:10',NULL),(27,'look','Not Provided','2022-12-14 11:59:02','2022-12-14 11:59:02',51),(28,'hairlook','Not Provided','2022-12-14 11:59:16','2022-12-14 11:59:16',51),(29,'suit','Not Provided','2022-12-14 11:59:29','2022-12-14 11:59:29',51),(30,'smile','Not Provided','2022-12-14 11:59:40','2022-12-14 11:59:40',51),(31,'Sigma','nowhere','2022-12-14 12:12:40','2022-12-14 12:12:40',50),(32,'style','Not Provided','2022-12-14 12:14:03','2022-12-14 12:14:03',50),(33,'look','Not Provided','2022-12-14 12:14:12','2022-12-14 12:14:12',50),(34,'tailor','Not Provided','2022-12-14 12:14:29','2022-12-14 12:14:29',50),(35,'angry','Not Provided','2022-12-14 12:17:29','2022-12-14 12:17:29',52),(36,'kill me','Not Provided','2022-12-14 12:17:53','2022-12-14 12:17:53',52),(37,'YOYO','Not Provided','2022-12-14 12:18:11','2022-12-14 12:18:11',52),(38,'looking ','Not Provided','2022-12-14 12:18:33','2022-12-14 12:18:33',52),(39,'handsome','Not Provided','2022-12-14 12:26:37','2022-12-14 12:26:37',53),(40,'eye','Not Provided','2022-12-14 12:26:56','2022-12-14 12:26:56',53),(41,'hello','Not Provided','2022-12-14 12:27:06','2022-12-14 12:27:06',53),(42,'jacket','Not Provided','2022-12-14 12:27:24','2022-12-14 12:27:24',53),(43,'hair','Not Provided','2022-12-14 12:27:39','2022-12-14 12:27:39',53),(44,'i\'m sheep... mehehe','Not Provided','2022-12-14 12:51:43','2022-12-14 12:51:43',6),(45,'Always Smile','Mohali Railway Station Road, Phase 10, Sector 64, Sahibzada Ajit Singh Nagar, Punjab, India','2022-12-15 05:07:16','2022-12-15 05:07:16',NULL),(46,'smile','Not Provided','2022-12-15 05:08:44','2022-12-15 05:08:44',NULL);

--
-- Table structure for table `PromptsCategories`
--

CREATE TABLE `PromptsCategories` (
  `id` int NOT NULL AUTO_INCREMENT,
  `name` varchar(255) NOT NULL,
  PRIMARY KEY (`id`)
) ENGINE=InnoDB AUTO_INCREMENT=5 DEFAULT CHARSET=utf8mb4 COLLATE=utf8mb4_0900_ai_ci;

--
-- Dumping data for table `PromptsCategories`
--

INSERT INTO `PromptsCategories` VALUES (1,'About Me'),(2,'Simple Pleasures'),(3,'Fun Facts'),(4,'Perfect Date');

--
-- Table structure for table `PromptsQuestions`
--

CREATE TABLE `PromptsQuestions` (
  `id` int NOT NULL AUTO_INCREMENT,
  `name` varchar(255) NOT NULL,
  `promptsCategoryId` int DEFAULT NULL,
  PRIMARY KEY (`id`),
  KEY `promptsCategoryId` (`promptsCategoryId`),
  CONSTRAINT `PromptsQuestions_ibfk_1` FOREIGN KEY (`promptsCategoryId`) REFERENCES `PromptsCategories` (`id`) ON DELETE SET NULL ON UPDATE CASCADE
) ENGINE=InnoDB AUTO_INCREMENT=35 DEFAULT CHARSET=utf8mb4 COLLATE=utf8mb4_0900_ai_ci;

--
-- Dumping data for table `PromptsQuestions`
--

INSERT INTO `PromptsQuestions` VALUES (1,'You can find me',1),(2,'I go crazy for',1),(3,'I can’t live without',1),(4,'The way to win me ove',1),(5,'You wouldn’t believe',1),(6,'My most irrational fear',1),(7,'I would love to meet',1),(8,'The key to my heart is',1),(9,'My love language is',1),(10,'I treat myself to',2),(11,'My “me time” includes',2),(12,'My favorite movie',2),(13,'My favorite book',2),(14,'My shopping list always includes',2),(15,'Nothing is better than',2),(16,'I love to learn about',2),(17,'My top song playlist',2),(18,'My best travel experience',3),(19,'My favorite recipe',3),(20,'Mymost memorable concert',3),(21,'One thing I’ll never do again',3),(22,'Two truths and a lie',3),(23,'Let’s talk about the perfect pet',3),(24,'I did it for the story',3),(25,'My favorite Trader Joe’s item',3),(26,'My favorite mocktail or cocktail',3),(27,'The first rounds on me if',4),(28,'Favorite restaurant, least favorite & one you have been wanting to check out',4),(29,'Together, we should',4),(30,'Go to order',4),(31,'I’ll brag about you to my friends if',4),(32,'Well get along if',4),(33,'Green flags I look for',4),(34,'About you',1);

--
-- Table structure for table `QuestionCategories`
--

CREATE TABLE `QuestionCategories` (
  `id` int NOT NULL AUTO_INCREMENT,
  `name` varchar(255) NOT NULL,
  PRIMARY KEY (`id`)
) ENGINE=InnoDB AUTO_INCREMENT=16 DEFAULT CHARSET=utf8mb4 COLLATE=utf8mb4_0900_ai_ci;

--
-- Dumping data for table `QuestionCategories`
--

INSERT INTO `QuestionCategories` VALUES (1,'CustomInput'),(2,'Sexuality'),(3,'interestedIn'),(4,'Ethnicity'),(5,'Children'),(6,'Family Plans'),(7,'Vaccines'),(8,'Pets'),(9,'Drinking'),(10,'Smoking'),(11,'Marijuana'),(12,'Drugs'),(13,'Education Level'),(14,'Religion'),(15,'Political Views');

--
-- Table structure for table `Questions`
--

CREATE TABLE `Questions` (
  `id` int NOT NULL AUTO_INCREMENT,
  `name` varchar(255) NOT NULL,
  `isSearchable` tinyint(1) NOT NULL DEFAULT '0',
  `quesCategoryId` int NOT NULL,
  PRIMARY KEY (`id`),
  KEY `quesCategoryId` (`quesCategoryId`),
  CONSTRAINT `Questions_ibfk_1` FOREIGN KEY (`quesCategoryId`) REFERENCES `QuestionCategories` (`id`) ON UPDATE CASCADE
) ENGINE=InnoDB AUTO_INCREMENT=21 DEFAULT CHARSET=utf8mb4 COLLATE=utf8mb4_0900_ai_ci;

--
-- Dumping data for table `Questions`
--

INSERT INTO `Questions` VALUES (1,'I am interested in dating',1,3),(2,'Gender - I identify as',1,2),(3,'Ethnicity',1,4),(4,'Children',1,5),(5,'Family Plans',1,6),(6,'Vaccines',1,7),(7,'Height',0,1),(8,'Pets',1,8),(9,'Drinking',1,9),(10,'Smoking',1,10),(11,'Marijuana',1,11),(12,'Drugs',1,12),(13,'Work',0,1),(14,'Job Title',0,1),(15,'College/University',0,1),(16,'Education Level',1,13),(17,'Religion',0,14),(18,'Hometown',0,1),(19,'Political Views',0,15),(20,'Language(s) Spoken',0,1);

--
-- Table structure for table `Reactions`
--

CREATE TABLE `Reactions` (
  `id` int NOT NULL AUTO_INCREMENT,
  `reactionType` enum('like') NOT NULL,
  `createdAt` datetime NOT NULL,
  `updatedAt` datetime NOT NULL,
  `CommentId` int DEFAULT NULL,
  `PostId` int DEFAULT NULL,
  `UserId` int DEFAULT NULL,
  `StoryId` int DEFAULT NULL,
  PRIMARY KEY (`id`),
  KEY `CommentId` (`CommentId`),
  KEY `PostId` (`PostId`),
  KEY `UserId` (`UserId`),
  KEY `StoryId` (`StoryId`),
  CONSTRAINT `Reactions_ibfk_1` FOREIGN KEY (`CommentId`) REFERENCES `Comments` (`id`) ON DELETE SET NULL ON UPDATE CASCADE,
  CONSTRAINT `Reactions_ibfk_2` FOREIGN KEY (`PostId`) REFERENCES `Posts` (`id`) ON DELETE SET NULL ON UPDATE CASCADE,
  CONSTRAINT `Reactions_ibfk_3` FOREIGN KEY (`UserId`) REFERENCES `Users` (`id`) ON DELETE SET NULL ON UPDATE CASCADE,
  CONSTRAINT `Reactions_ibfk_4` FOREIGN KEY (`StoryId`) REFERENCES `Stories` (`id`) ON DELETE SET NULL ON UPDATE CASCADE
) ENGINE=InnoDB DEFAULT CHARSET=utf8mb4 COLLATE=utf8mb4_0900_ai_ci;

--
-- Dumping data for table `Reactions`
--


--
-- Table structure for table `ReportedUsers`
--

CREATE TABLE `ReportedUsers` (
  `id` int NOT NULL AUTO_INCREMENT,
  `comment` varchar(255) NOT NULL,
  `lastReportedTime` datetime NOT NULL,
  `action` tinyint(1) NOT NULL,
  `reportReason` varchar(255) NOT NULL,
  `userId` int NOT NULL,
  `toUserId` int NOT NULL,
  PRIMARY KEY (`id`),
  KEY `userId` (`userId`),
  KEY `toUserId` (`toUserId`),
  CONSTRAINT `ReportedUsers_ibfk_1` FOREIGN KEY (`userId`) REFERENCES `Users` (`id`) ON UPDATE CASCADE,
  CONSTRAINT `ReportedUsers_ibfk_2` FOREIGN KEY (`toUserId`) REFERENCES `Users` (`id`) ON UPDATE CASCADE
) ENGINE=InnoDB AUTO_INCREMENT=30 DEFAULT CHARSET=utf8mb4 COLLATE=utf8mb4_0900_ai_ci;

--
-- Dumping data for table `ReportedUsers`
--

INSERT INTO `ReportedUsers` VALUES (1,'abuse activity','2022-11-09 10:53:45',0,'abuse activity',2,3),(2,'vulger message','2022-11-09 10:59:00',1,'vulger message',3,2),(3,'vulger message','2022-11-09 11:56:31',0,'vulger message',7,4),(4,'','2022-11-09 16:54:09',0,'',6,6),(5,'yhhh','2022-11-09 17:06:20',0,'hghhhh',6,6),(6,'rrrr','2022-11-09 17:34:16',0,'rttttt',6,7),(7,'rrrr','2022-11-09 17:36:06',0,'rttttt',6,6),(8,'ggggg','2022-11-09 17:47:05',0,'fffvcv',6,7),(9,'uhhh','2022-11-09 18:17:57',0,'yuuuu',6,6),(10,'7uuu','2022-11-09 18:18:23',0,'yuuu',6,7),(11,'gggggg','2022-11-09 18:35:38',0,'hhhhh',6,7),(12,'tytyy','2022-11-09 18:36:00',0,'yttt',6,6),(13,'yyyyyyyh','2022-11-10 04:00:06',0,'hhhhh',6,7),(16,'','2022-11-12 18:58:38',0,'',6,6),(17,'huu','2022-11-12 19:18:38',0,'yyyh',6,6),(18,'jjjjjkkiikk','2022-11-13 16:40:53',0,'hhhhhj',7,6),(19,'','2022-11-14 11:33:09',0,'',7,7),(24,',,,,','2022-12-22 08:42:30',0,'...',7,7),(25,'...','2022-12-22 09:57:47',0,'...',7,7),(29,'','2023-10-19 12:31:01',0,'Harassment',81,474);

--
-- Table structure for table `SignUpCheckLists`
--

CREATE TABLE `SignUpCheckLists` (
  `id` int NOT NULL AUTO_INCREMENT,
  `mobileVerified` tinyint(1) NOT NULL DEFAULT '0',
  `documentVerified` tinyint(1) NOT NULL DEFAULT '0',
  `sexOffenderVerified` tinyint(1) NOT NULL DEFAULT '0',
  `questionFilled` tinyint(1) NOT NULL DEFAULT '0',
  `locationAdded` tinyint(1) NOT NULL DEFAULT '0',
  `datingPageMediaUploaded` tinyint(1) NOT NULL DEFAULT '0',
  `userId` int NOT NULL,
  `videoVerified` tinyint NOT NULL DEFAULT '0',
  PRIMARY KEY (`id`),
  KEY `userId` (`userId`),
  CONSTRAINT `SignUpCheckLists_ibfk_1` FOREIGN KEY (`userId`) REFERENCES `Users` (`id`) ON UPDATE CASCADE
) ENGINE=InnoDB AUTO_INCREMENT=358 DEFAULT CHARSET=utf8mb4 COLLATE=utf8mb4_0900_ai_ci;

--
-- Dumping data for table `SignUpCheckLists`
--

INSERT INTO `SignUpCheckLists` VALUES (1,1,0,0,0,0,0,148,0),(2,1,0,0,0,0,0,149,0),(4,1,0,0,0,0,0,151,0),(6,1,0,0,0,0,0,153,0),(8,1,0,0,0,0,0,155,0),(10,1,0,0,0,0,0,157,0),(12,1,0,0,0,0,0,159,0),(14,1,0,0,0,0,0,161,0),(16,1,0,0,0,0,0,163,0),(17,1,0,0,0,0,0,164,0),(18,1,0,0,0,0,0,165,0),(19,1,0,0,0,0,0,166,0),(21,1,0,0,0,0,0,168,0),(22,1,0,0,0,0,0,169,0),(26,1,1,0,1,1,1,173,1),(29,1,0,0,0,0,0,176,0),(30,1,0,0,0,0,0,177,0),(31,1,0,0,0,0,0,178,0),(32,1,1,1,0,0,0,179,1),(33,1,0,0,0,0,0,180,0),(45,1,1,1,1,1,1,192,1),(46,1,0,0,0,0,0,193,0),(51,1,1,1,1,1,1,198,1),(52,1,0,0,0,0,0,199,0),(54,1,1,1,1,1,1,201,1),(55,1,1,0,1,1,1,202,1),(56,1,1,0,1,1,1,203,1),(57,1,0,0,0,0,0,204,0),(61,1,0,0,0,0,0,208,0),(63,1,0,0,0,0,0,210,0),(65,1,1,0,1,1,1,212,1),(68,1,1,0,1,1,1,215,1),(72,1,0,0,0,1,1,219,0),(77,1,1,1,1,1,1,224,1),(92,1,0,0,0,0,0,239,0),(93,1,0,0,0,0,0,240,0),(103,1,1,1,1,1,1,250,1),(133,1,0,0,0,0,0,280,0),(136,1,1,1,0,1,1,283,1),(151,1,1,1,1,1,1,298,1),(152,1,0,0,0,0,0,299,0),(221,1,0,0,0,0,0,368,0),(222,1,0,0,0,0,0,369,0),(223,1,0,0,0,0,0,370,0),(224,1,0,0,0,0,0,371,0),(225,1,0,0,0,0,0,372,0),(226,1,0,0,0,0,0,373,0),(227,1,0,0,0,0,0,374,0),(228,1,1,1,0,0,0,375,1),(229,1,0,0,0,1,0,376,0),(230,1,0,0,0,1,1,377,0),(231,1,1,1,1,1,1,378,1),(232,1,0,0,0,0,0,379,0),(233,1,1,1,1,1,1,380,0),(234,1,0,0,0,1,1,381,0),(235,1,0,0,0,0,0,382,0),(236,1,0,0,0,0,0,383,0),(237,1,0,0,0,0,0,384,0),(238,1,0,0,0,0,0,385,0),(239,1,0,0,0,0,0,386,0),(241,1,0,0,0,1,1,388,0),(242,1,0,0,0,0,0,389,0),(243,1,0,0,0,0,0,390,0),(244,1,0,0,0,0,0,391,0),(245,1,0,0,0,0,0,392,0),(246,1,0,0,0,0,0,393,0),(247,1,0,0,0,0,0,394,0),(248,1,0,0,0,0,0,395,0),(249,1,0,0,0,0,0,396,0),(251,1,0,0,0,0,0,398,0),(252,1,0,0,0,0,0,399,0),(253,1,0,0,0,0,0,400,0),(254,1,0,0,0,1,0,401,0),(255,1,0,0,0,0,0,402,0),(256,1,0,0,0,0,0,403,0),(257,1,1,1,1,1,1,404,1),(258,0,0,0,0,0,0,405,0),(259,1,0,0,0,0,0,406,0),(260,1,0,0,0,0,0,407,0),(261,1,0,0,0,1,1,408,0),(262,1,0,0,0,0,0,409,0),(263,1,0,0,0,0,0,410,0),(264,1,0,0,0,0,0,411,0),(265,0,0,0,0,0,0,412,0),(266,1,0,0,0,0,0,413,0),(267,1,0,0,0,0,1,414,0),(268,1,0,0,0,0,0,415,0),(269,1,1,0,0,1,0,416,1),(270,0,0,0,0,0,0,417,0),(271,1,0,0,0,0,0,427,0),(272,1,0,0,0,1,0,428,0),(273,1,0,0,0,0,0,429,0),(274,1,0,0,0,0,0,430,0),(275,1,0,0,0,0,0,431,0),(276,1,1,1,0,0,1,432,1),(277,1,0,0,0,0,0,433,0),(279,1,0,0,0,1,0,435,0),(280,0,0,0,0,0,0,451,0),(281,1,0,0,0,0,0,455,0),(282,1,0,0,0,0,0,456,0),(284,1,1,1,1,1,1,458,1),(285,1,0,0,0,0,0,459,0),(286,1,1,1,1,1,1,460,1),(287,1,0,0,0,1,1,461,0),(288,1,0,0,0,1,0,462,0),(289,1,1,1,0,0,0,463,1),(290,1,1,1,1,1,1,464,1),(291,1,1,1,1,1,1,465,1),(292,1,0,0,0,0,0,466,0),(293,0,0,0,0,0,0,467,0),(294,1,1,1,1,1,1,468,1),(295,1,1,1,1,1,1,469,1),(296,1,1,1,1,1,1,470,1),(297,1,0,0,0,0,0,471,0),(298,1,0,0,0,0,0,472,0),(299,1,1,1,1,1,1,473,1),(300,1,1,1,1,1,1,474,1),(301,1,1,1,1,1,1,475,1),(302,1,1,1,0,1,0,476,0),(303,1,0,0,0,0,0,477,0),(304,1,1,1,1,1,1,478,0),(305,1,1,1,1,1,1,479,1),(306,1,0,0,0,0,0,480,0),(307,1,0,0,0,0,0,481,0),(308,1,0,0,0,0,0,482,0),(309,1,1,1,1,1,1,483,1),(310,1,0,0,0,1,0,484,0),(311,1,0,0,0,1,0,485,0),(313,1,1,1,1,1,1,487,1),(314,1,1,1,1,1,1,488,1),(315,1,0,0,0,0,0,489,0),(316,1,0,0,0,0,0,490,0),(317,1,0,0,0,0,0,491,0),(318,1,0,0,0,0,0,492,0),(319,1,0,0,0,0,0,493,0),(320,1,0,0,0,1,1,494,0),(321,1,0,0,0,1,1,495,0),(322,1,0,0,0,1,1,496,0),(323,1,0,0,0,1,1,497,0),(324,1,0,0,0,1,1,498,0),(325,1,0,0,1,1,1,499,0),(326,1,0,0,0,1,1,500,0),(327,1,0,0,0,0,0,501,0),(328,1,0,0,0,1,1,502,0),(329,1,0,0,0,0,0,503,0),(330,1,1,1,1,1,1,504,0),(331,1,0,0,1,1,1,505,0),(332,1,0,0,0,0,0,506,0),(333,1,1,1,1,1,1,507,0),(334,1,0,0,1,1,1,508,0),(335,1,0,0,0,0,0,509,0),(336,1,0,0,0,1,0,510,0),(337,1,0,0,0,1,1,511,0),(338,1,0,0,0,1,1,512,0),(339,0,0,0,0,0,0,513,0),(340,1,0,0,0,1,0,514,0),(341,1,1,1,1,1,1,515,0),(342,1,0,0,0,0,0,516,0),(343,1,0,0,1,1,1,517,0),(344,1,0,0,0,1,1,518,0),(345,1,1,1,1,1,1,519,0),(346,1,0,0,1,1,1,520,0),(347,1,1,1,1,1,1,521,0),(348,1,1,1,0,1,1,522,0),(349,1,0,0,1,1,1,523,0),(350,1,0,0,0,1,0,524,0),(351,1,0,0,0,1,1,525,0),(352,0,0,0,0,0,0,526,0),(353,1,0,0,0,1,1,527,0),(354,1,1,1,1,1,1,528,0),(355,1,0,0,0,1,1,529,0),(356,1,0,0,0,1,1,530,0),(357,1,0,0,0,1,0,531,0);

--
-- Table structure for table `SpotifyPlaylists`
--

CREATE TABLE `SpotifyPlaylists` (
  `id` int NOT NULL AUTO_INCREMENT,
  `userId` int DEFAULT NULL,
  `name` varchar(255) CHARACTER SET utf8mb4 COLLATE utf8mb4_0900_ai_ci NOT NULL,
  `image` varchar(255) CHARACTER SET utf8mb4 COLLATE utf8mb4_0900_ai_ci NOT NULL,
  `createdAt` datetime NOT NULL ON UPDATE CURRENT_TIMESTAMP,
  PRIMARY KEY (`id`),
  KEY `userId` (`userId`),
  CONSTRAINT `SpotifyPlaylists_ibfk_4` FOREIGN KEY (`userId`) REFERENCES `Users` (`id`) ON DELETE CASCADE ON UPDATE CASCADE
) ENGINE=InnoDB AUTO_INCREMENT=57 DEFAULT CHARSET=utf8mb4 COLLATE=utf8mb4_0900_ai_ci;

--
-- Dumping data for table `SpotifyPlaylists`
--

INSERT INTO `SpotifyPlaylists` VALUES (32,378,'ENGLISH TOP 1000','https://image-cdn-ak.spotifycdn.com/image/ab67706c0000bebbdc9e998da8be742310bbeed0','2023-10-09 08:53:55'),(39,458,'Bollywood Butter','https://i.scdn.co/image/ab67706f00000003d44e866559f5d6bf3242939b','2023-10-09 19:51:29'),(40,469,'Bollywood Butter','https://i.scdn.co/image/ab67706f00000003d44e866559f5d6bf3242939b','2023-10-10 12:35:28'),(41,473,'Bollywood Butter','https://i.scdn.co/image/ab67706f00000003d44e866559f5d6bf3242939b','2023-10-11 07:12:52'),(42,465,'ENGLISH TOP 1000','https://image-cdn-ak.spotifycdn.com/image/ab67706c0000bebbdc9e998da8be742310bbeed0','2023-10-12 02:56:44'),(44,488,'Bollywood Butter','https://i.scdn.co/image/ab67706f00000003d44e866559f5d6bf3242939b','2023-10-12 17:33:08'),(55,81,'ENGLISH TOP 1000','https://image-cdn-ak.spotifycdn.com/image/ab67706c0000bebbdc9e998da8be742310bbeed0','2023-10-17 13:48:11'),(56,479,'Bollywood Central','https://i.scdn.co/image/ab67706f0000000310ed44bdd621391c19426af8','2023-10-20 07:29:37');

--
-- Table structure for table `SpotifyTracks`
--

CREATE TABLE `SpotifyTracks` (
  `id` int NOT NULL AUTO_INCREMENT,
  `playlistId` int DEFAULT NULL,
  `name` varchar(255) CHARACTER SET utf8mb4 COLLATE utf8mb4_0900_ai_ci NOT NULL,
  `image` varchar(255) CHARACTER SET utf8mb4 COLLATE utf8mb4_0900_ai_ci NOT NULL,
  `url` varchar(255) CHARACTER SET utf8mb4 COLLATE utf8mb4_0900_ai_ci NOT NULL,
  `uri` varchar(255) CHARACTER SET utf8mb4 COLLATE utf8mb4_0900_ai_ci NOT NULL,
  `createdAt` datetime NOT NULL ON UPDATE CURRENT_TIMESTAMP,
  PRIMARY KEY (`id`),
  KEY `playlistId` (`playlistId`),
  CONSTRAINT `SpotifyTracks_ibfk_1` FOREIGN KEY (`playlistId`) REFERENCES `SpotifyPlaylists` (`id`) ON DELETE CASCADE ON UPDATE CASCADE
) ENGINE=InnoDB AUTO_INCREMENT=437 DEFAULT CHARSET=utf8mb4 COLLATE=utf8mb4_0900_ai_ci;

--
-- Dumping data for table `SpotifyTracks`
--

INSERT INTO `SpotifyTracks` VALUES (312,32,'7 rings','https://i.scdn.co/image/ab67616d0000b27356ac7b86e090f307e218e9c8','{\"url\":\"https://open.spotify.com/track/6ocbgoVGwYJhOv1GgI9NsF\",\"artist\":[\"Ariana Grande\"],\"duration\":178626}','spotify:track:6ocbgoVGwYJhOv1GgI9NsF','2023-10-09 08:53:55'),(313,32,'All Falls Down (feat. Juliander)','https://i.scdn.co/image/ab67616d0000b273206fdebc66bd04d9913f035d','{\"url\":\"https://open.spotify.com/track/5yFSF6qQA1rcLsQRnBsZgb\",\"artist\":[\"Alan Walker\",\"Noah Cyrus\",\"Digital Farm Animals\",\"Juliander\"],\"duration\":199111}','spotify:track:5yFSF6qQA1rcLsQRnBsZgb','2023-10-09 08:53:55'),(314,32,'Alone','https://i.scdn.co/image/ab67616d0000b273a108e07c661f9fc54de9c43a','{\"url\":\"https://open.spotify.com/track/3LlmKSHR3Rs0Y3KHQLAYDk\",\"artist\":[\"Alan Walker\"],\"duration\":160426}','spotify:track:3LlmKSHR3Rs0Y3KHQLAYDk','2023-10-09 08:53:55'),(315,32,'To Be Young (feat. Doja Cat)','https://i.scdn.co/image/ab67616d0000b273cf617a096d3674b2da48d9d8','{\"url\":\"https://open.spotify.com/track/4YAg8h8WliHZlW5wuv8Jpk\",\"artist\":[\"Anne-Marie\",\"Doja Cat\"],\"duration\":194758}','spotify:track:4YAg8h8WliHZlW5wuv8Jpk','2023-10-09 08:53:55'),(316,32,'2002','https://i.scdn.co/image/ab67616d0000b27338aae75dc37fb42457866ffd','{\"url\":\"https://open.spotify.com/track/2BgEsaKNfHUdlh97KmvFyo\",\"artist\":[\"Anne-Marie\"],\"duration\":186986}','spotify:track:2BgEsaKNfHUdlh97KmvFyo','2023-10-09 08:53:55'),(347,39,'Chaleya','https://i.scdn.co/image/ab67616d0000b273e452a6e11147f3e56aee6f5b','{\"url\":\"https://open.spotify.com/track/3xMHXmedL5Rvfxmiar9Ryv\",\"artist\":[\"Anirudh Ravichander\",\"Arijit Singh\",\"Shilpa Rao\",\"Kumaar\"],\"duration\":200373}','spotify:track:3xMHXmedL5Rvfxmiar9Ryv','2023-10-09 19:51:29'),(348,39,'Tum Kya Mile (From \"Rocky Aur Rani Kii Prem Kahaani\")','https://i.scdn.co/image/ab67616d0000b2735f8a6f2a27d5d75abc41501a','{\"url\":\"https://open.spotify.com/track/06LCamFUOtImIKi9mFRKiD\",\"artist\":[\"Pritam\",\"Arijit Singh\",\"Shreya Ghoshal\",\"Amitabh Bhattacharya\"],\"duration\":277500}','spotify:track:06LCamFUOtImIKi9mFRKiD','2023-10-09 19:51:29'),(349,39,'Kesariya (From \"Brahmastra\")','https://i.scdn.co/image/ab67616d0000b273c08202c50371e234d20caf62','{\"url\":\"https://open.spotify.com/track/6VBhH7CyP56BXjp8VsDFPZ\",\"artist\":[\"Pritam\",\"Arijit Singh\",\"Amitabh Bhattacharya\"],\"duration\":268164}','spotify:track:6VBhH7CyP56BXjp8VsDFPZ','2023-10-09 19:51:29'),(350,39,'Tere Vaaste (From \"Zara Hatke Zara Bachke\")','https://i.scdn.co/image/ab67616d0000b273d4a76235197643b7d252dd5d','{\"url\":\"https://open.spotify.com/track/46hzNOUOAlivuCZZ0wE3zi\",\"artist\":[\"Varun Jain\",\"Sachin-Jigar\",\"Shadab Faridi\",\"Altamash Faridi\",\"Amitabh Bhattacharya\"],\"duration\":189136}','spotify:track:46hzNOUOAlivuCZZ0wE3zi','2023-10-09 19:51:29'),(351,39,'Raataan Lambiyan','https://i.scdn.co/image/ab67616d0000b273ab827cdec4b3fc1b02bfdb1e','{\"url\":\"https://open.spotify.com/track/1stiSonuKkZqhI1o9nZ9MT\",\"artist\":[\"Tanishk Bagchi\",\"Jubin Nautiyal\",\"Asees Kaur\"],\"duration\":230292}','spotify:track:1stiSonuKkZqhI1o9nZ9MT','2023-10-09 19:51:29'),(352,40,'Chaleya','https://i.scdn.co/image/ab67616d0000b273e452a6e11147f3e56aee6f5b','{\"url\":\"https://open.spotify.com/track/3xMHXmedL5Rvfxmiar9Ryv\",\"artist\":[\"Anirudh Ravichander\",\"Arijit Singh\",\"Shilpa Rao\",\"Kumaar\"],\"duration\":200373}','spotify:track:3xMHXmedL5Rvfxmiar9Ryv','2023-10-10 12:35:28'),(353,40,'Tere Vaaste (From \"Zara Hatke Zara Bachke\")','https://i.scdn.co/image/ab67616d0000b273d4a76235197643b7d252dd5d','{\"url\":\"https://open.spotify.com/track/46hzNOUOAlivuCZZ0wE3zi\",\"artist\":[\"Varun Jain\",\"Sachin-Jigar\",\"Shadab Faridi\",\"Altamash Faridi\",\"Amitabh Bhattacharya\"],\"duration\":189136}','spotify:track:46hzNOUOAlivuCZZ0wE3zi','2023-10-10 12:35:28'),(354,40,'Raataan Lambiyan','https://i.scdn.co/image/ab67616d0000b273ab827cdec4b3fc1b02bfdb1e','{\"url\":\"https://open.spotify.com/track/1stiSonuKkZqhI1o9nZ9MT\",\"artist\":[\"Tanishk Bagchi\",\"Jubin Nautiyal\",\"Asees Kaur\"],\"duration\":230292}','spotify:track:1stiSonuKkZqhI1o9nZ9MT','2023-10-10 12:35:28'),(355,40,'Kesariya (From \"Brahmastra\")','https://i.scdn.co/image/ab67616d0000b273c08202c50371e234d20caf62','{\"url\":\"https://open.spotify.com/track/6VBhH7CyP56BXjp8VsDFPZ\",\"artist\":[\"Pritam\",\"Arijit Singh\",\"Amitabh Bhattacharya\"],\"duration\":268164}','spotify:track:6VBhH7CyP56BXjp8VsDFPZ','2023-10-10 12:35:28'),(356,40,'What Jhumka ? (From \"Rocky Aur Rani Kii Prem Kahaani\")','https://i.scdn.co/image/ab67616d0000b273d49b0b7c02f3e61babef11b7','{\"url\":\"https://open.spotify.com/track/4uNxdQ1L4Xa52MWX864QhW\",\"artist\":[\"Pritam\",\"Arijit Singh\",\"Jonita Gandhi\",\"Ranveer Singh\",\"Amitabh Bhattacharya\"],\"duration\":213611}','spotify:track:4uNxdQ1L4Xa52MWX864QhW','2023-10-10 12:35:28'),(357,41,'Chaleya','https://i.scdn.co/image/ab67616d0000b273e452a6e11147f3e56aee6f5b','{\"url\":\"https://open.spotify.com/track/3xMHXmedL5Rvfxmiar9Ryv\",\"artist\":[\"Anirudh Ravichander\",\"Arijit Singh\",\"Shilpa Rao\",\"Kumaar\"],\"duration\":200373}','spotify:track:3xMHXmedL5Rvfxmiar9Ryv','2023-10-11 07:12:52'),(358,41,'Tere Vaaste (From \"Zara Hatke Zara Bachke\")','https://i.scdn.co/image/ab67616d0000b273d4a76235197643b7d252dd5d','{\"url\":\"https://open.spotify.com/track/46hzNOUOAlivuCZZ0wE3zi\",\"artist\":[\"Varun Jain\",\"Sachin-Jigar\",\"Shadab Faridi\",\"Altamash Faridi\",\"Amitabh Bhattacharya\"],\"duration\":189136}','spotify:track:46hzNOUOAlivuCZZ0wE3zi','2023-10-11 07:12:52'),(359,41,'Raataan Lambiyan','https://i.scdn.co/image/ab67616d0000b273ab827cdec4b3fc1b02bfdb1e','{\"url\":\"https://open.spotify.com/track/1stiSonuKkZqhI1o9nZ9MT\",\"artist\":[\"Tanishk Bagchi\",\"Jubin Nautiyal\",\"Asees Kaur\"],\"duration\":230292}','spotify:track:1stiSonuKkZqhI1o9nZ9MT','2023-10-11 07:12:52'),(360,41,'Kesariya (From \"Brahmastra\")','https://i.scdn.co/image/ab67616d0000b273c08202c50371e234d20caf62','{\"url\":\"https://open.spotify.com/track/6VBhH7CyP56BXjp8VsDFPZ\",\"artist\":[\"Pritam\",\"Arijit Singh\",\"Amitabh Bhattacharya\"],\"duration\":268164}','spotify:track:6VBhH7CyP56BXjp8VsDFPZ','2023-10-11 07:12:52'),(361,41,'What Jhumka ? (From \"Rocky Aur Rani Kii Prem Kahaani\")','https://i.scdn.co/image/ab67616d0000b273d49b0b7c02f3e61babef11b7','{\"url\":\"https://open.spotify.com/track/4uNxdQ1L4Xa52MWX864QhW\",\"artist\":[\"Pritam\",\"Arijit Singh\",\"Jonita Gandhi\",\"Ranveer Singh\",\"Amitabh Bhattacharya\"],\"duration\":213611}','spotify:track:4uNxdQ1L4Xa52MWX864QhW','2023-10-11 07:12:52'),(362,42,'7 rings','https://i.scdn.co/image/ab67616d0000b27356ac7b86e090f307e218e9c8','{\"url\":\"https://open.spotify.com/track/6ocbgoVGwYJhOv1GgI9NsF\",\"artist\":[\"Ariana Grande\"],\"duration\":178626}','spotify:track:6ocbgoVGwYJhOv1GgI9NsF','2023-10-12 02:56:44'),(363,42,'All Falls Down (feat. Juliander)','https://i.scdn.co/image/ab67616d0000b273206fdebc66bd04d9913f035d','{\"url\":\"https://open.spotify.com/track/5yFSF6qQA1rcLsQRnBsZgb\",\"artist\":[\"Alan Walker\",\"Noah Cyrus\",\"Digital Farm Animals\",\"Juliander\"],\"duration\":199111}','spotify:track:5yFSF6qQA1rcLsQRnBsZgb','2023-10-12 02:56:44'),(364,42,'Alone','https://i.scdn.co/image/ab67616d0000b273a108e07c661f9fc54de9c43a','{\"url\":\"https://open.spotify.com/track/3LlmKSHR3Rs0Y3KHQLAYDk\",\"artist\":[\"Alan Walker\"],\"duration\":160426}','spotify:track:3LlmKSHR3Rs0Y3KHQLAYDk','2023-10-12 02:56:44'),(365,42,'To Be Young (feat. Doja Cat)','https://i.scdn.co/image/ab67616d0000b273cf617a096d3674b2da48d9d8','{\"url\":\"https://open.spotify.com/track/4YAg8h8WliHZlW5wuv8Jpk\",\"artist\":[\"Anne-Marie\",\"Doja Cat\"],\"duration\":194758}','spotify:track:4YAg8h8WliHZlW5wuv8Jpk','2023-10-12 02:56:44'),(366,42,'2002','https://i.scdn.co/image/ab67616d0000b27338aae75dc37fb42457866ffd','{\"url\":\"https://open.spotify.com/track/2BgEsaKNfHUdlh97KmvFyo\",\"artist\":[\"Anne-Marie\"],\"duration\":186986}','spotify:track:2BgEsaKNfHUdlh97KmvFyo','2023-10-12 02:56:44'),(372,44,'Chaleya','https://i.scdn.co/image/ab67616d0000b273e452a6e11147f3e56aee6f5b','{\"url\":\"https://open.spotify.com/track/3xMHXmedL5Rvfxmiar9Ryv\",\"artist\":[\"Anirudh Ravichander\",\"Arijit Singh\",\"Shilpa Rao\",\"Kumaar\"],\"duration\":200373}','spotify:track:3xMHXmedL5Rvfxmiar9Ryv','2023-10-12 17:33:08'),(373,44,'Tere Vaaste (From \"Zara Hatke Zara Bachke\")','https://i.scdn.co/image/ab67616d0000b273d4a76235197643b7d252dd5d','{\"url\":\"https://open.spotify.com/track/46hzNOUOAlivuCZZ0wE3zi\",\"artist\":[\"Varun Jain\",\"Sachin-Jigar\",\"Shadab Faridi\",\"Altamash Faridi\",\"Amitabh Bhattacharya\"],\"duration\":189136}','spotify:track:46hzNOUOAlivuCZZ0wE3zi','2023-10-12 17:33:08'),(374,44,'Raataan Lambiyan','https://i.scdn.co/image/ab67616d0000b273ab827cdec4b3fc1b02bfdb1e','{\"url\":\"https://open.spotify.com/track/1stiSonuKkZqhI1o9nZ9MT\",\"artist\":[\"Tanishk Bagchi\",\"Jubin Nautiyal\",\"Asees Kaur\"],\"duration\":230292}','spotify:track:1stiSonuKkZqhI1o9nZ9MT','2023-10-12 17:33:08'),(375,44,'Kesariya (From \"Brahmastra\")','https://i.scdn.co/image/ab67616d0000b273c08202c50371e234d20caf62','{\"url\":\"https://open.spotify.com/track/6VBhH7CyP56BXjp8VsDFPZ\",\"artist\":[\"Pritam\",\"Arijit Singh\",\"Amitabh Bhattacharya\"],\"duration\":268164}','spotify:track:6VBhH7CyP56BXjp8VsDFPZ','2023-10-12 17:33:08'),(376,44,'What Jhumka ? (From \"Rocky Aur Rani Kii Prem Kahaani\")','https://i.scdn.co/image/ab67616d0000b273d49b0b7c02f3e61babef11b7','{\"url\":\"https://open.spotify.com/track/4uNxdQ1L4Xa52MWX864QhW\",\"artist\":[\"Pritam\",\"Arijit Singh\",\"Jonita Gandhi\",\"Ranveer Singh\",\"Amitabh Bhattacharya\"],\"duration\":213611}','spotify:track:4uNxdQ1L4Xa52MWX864QhW','2023-10-12 17:33:08'),(427,55,'7 rings','https://i.scdn.co/image/ab67616d0000b27356ac7b86e090f307e218e9c8','{\"url\":\"https://open.spotify.com/track/6ocbgoVGwYJhOv1GgI9NsF\",\"artist\":[\"Ariana Grande\"],\"duration\":178626}','spotify:track:6ocbgoVGwYJhOv1GgI9NsF','2023-10-17 13:48:11'),(428,55,'All Falls Down (feat. Juliander)','https://i.scdn.co/image/ab67616d0000b273206fdebc66bd04d9913f035d','{\"url\":\"https://open.spotify.com/track/5yFSF6qQA1rcLsQRnBsZgb\",\"artist\":[\"Alan Walker\",\"Noah Cyrus\",\"Digital Farm Animals\",\"Juliander\"],\"duration\":199111}','spotify:track:5yFSF6qQA1rcLsQRnBsZgb','2023-10-17 13:48:11'),(429,55,'Alone','https://i.scdn.co/image/ab67616d0000b273a108e07c661f9fc54de9c43a','{\"url\":\"https://open.spotify.com/track/3LlmKSHR3Rs0Y3KHQLAYDk\",\"artist\":[\"Alan Walker\"],\"duration\":160426}','spotify:track:3LlmKSHR3Rs0Y3KHQLAYDk','2023-10-17 13:48:11'),(430,55,'To Be Young (feat. Doja Cat)','https://i.scdn.co/image/ab67616d0000b273cf617a096d3674b2da48d9d8','{\"url\":\"https://open.spotify.com/track/4YAg8h8WliHZlW5wuv8Jpk\",\"artist\":[\"Anne-Marie\",\"Doja Cat\"],\"duration\":194758}','spotify:track:4YAg8h8WliHZlW5wuv8Jpk','2023-10-17 13:48:11'),(431,55,'2002','https://i.scdn.co/image/ab67616d0000b27338aae75dc37fb42457866ffd','{\"url\":\"https://open.spotify.com/track/2BgEsaKNfHUdlh97KmvFyo\",\"artist\":[\"Anne-Marie\"],\"duration\":186986}','spotify:track:2BgEsaKNfHUdlh97KmvFyo','2023-10-17 13:48:11'),(432,56,'What Jhumka ? (From \"Rocky Aur Rani Kii Prem Kahaani\")','https://i.scdn.co/image/ab67616d0000b273d49b0b7c02f3e61babef11b7','{\"url\":\"https://open.spotify.com/track/4uNxdQ1L4Xa52MWX864QhW\",\"artist\":[\"Pritam\",\"Arijit Singh\",\"Jonita Gandhi\",\"Ranveer Singh\",\"Amitabh Bhattacharya\"],\"duration\":213611}','spotify:track:4uNxdQ1L4Xa52MWX864QhW','2023-10-20 07:29:37'),(433,56,'Chaleya','https://i.scdn.co/image/ab67616d0000b273e452a6e11147f3e56aee6f5b','{\"url\":\"https://open.spotify.com/track/3xMHXmedL5Rvfxmiar9Ryv\",\"artist\":[\"Anirudh Ravichander\",\"Arijit Singh\",\"Shilpa Rao\",\"Kumaar\"],\"duration\":200373}','spotify:track:3xMHXmedL5Rvfxmiar9Ryv','2023-10-20 07:29:37'),(434,56,'Besharam Rang (From \"Pathaan\")','https://i.scdn.co/image/ab67616d0000b27313d49ed65bac50bf72524091','{\"url\":\"https://open.spotify.com/track/0CtZpaOhtzvLV3FfcsVpQo\",\"artist\":[\"Vishal-Shekhar\",\"Shilpa Rao\",\"Caralisa Monteiro\",\"Vishal Dadlani\",\"Shekhar Ravjiani\",\"Kumaar\"],\"duration\":258472}','spotify:track:0CtZpaOhtzvLV3FfcsVpQo','2023-10-20 07:29:37'),(435,56,'Pyaar Hota Kayi Baar Hai (From \"Tu Jhoothi Main Makkaar\")','https://i.scdn.co/image/ab67616d0000b27383e569e0fa43464cb8525561','{\"url\":\"https://open.spotify.com/track/2vPrBucKCfKmafHhSfJ2pt\",\"artist\":[\"Pritam\",\"Arijit Singh\",\"Amitabh Bhattacharya\",\"Charan\"],\"duration\":216270}','spotify:track:2vPrBucKCfKmafHhSfJ2pt','2023-10-20 07:29:37'),(436,56,'Tere Vaaste (From \"Zara Hatke Zara Bachke\")','https://i.scdn.co/image/ab67616d0000b273d4a76235197643b7d252dd5d','{\"url\":\"https://open.spotify.com/track/46hzNOUOAlivuCZZ0wE3zi\",\"artist\":[\"Varun Jain\",\"Sachin-Jigar\",\"Shadab Faridi\",\"Altamash Faridi\",\"Amitabh Bhattacharya\"],\"duration\":189136}','spotify:track:46hzNOUOAlivuCZZ0wE3zi','2023-10-20 07:29:37');

--
-- Table structure for table `Stories`
--

CREATE TABLE `Stories` (
  `id` int NOT NULL AUTO_INCREMENT,
  `type` int NOT NULL,
  `typeText` enum('IMAGE','VIDEO','TEXT') CHARACTER SET utf8mb4 COLLATE utf8mb4_general_ci NOT NULL,
  `thumbnail` varchar(255) NOT NULL,
  `mediaPath` varchar(255) NOT NULL,
  `timestamp` int NOT NULL,
  `expire` int NOT NULL,
  `totalViewsCount` int DEFAULT '0',
  `caption` varchar(255) DEFAULT '',
  `createdAt` datetime NOT NULL,
  `updatedAt` datetime NOT NULL,
  `UserId` int DEFAULT NULL,
  PRIMARY KEY (`id`),
  KEY `UserId` (`UserId`),
  CONSTRAINT `Stories_ibfk_1` FOREIGN KEY (`UserId`) REFERENCES `Users` (`id`) ON DELETE SET NULL ON UPDATE CASCADE
) ENGINE=InnoDB DEFAULT CHARSET=utf8mb4 COLLATE=utf8mb4_0900_ai_ci;

--
-- Dumping data for table `Stories`
--


--
-- Table structure for table `StoryPrivacies`
--

CREATE TABLE `StoryPrivacies` (
  `id` int NOT NULL AUTO_INCREMENT,
  `hideByUserId` int NOT NULL,
  `hideForUserId` int NOT NULL,
  PRIMARY KEY (`id`),
  KEY `hideByUserId` (`hideByUserId`),
  KEY `hideForUserId` (`hideForUserId`),
  CONSTRAINT `StoryPrivacies_ibfk_1` FOREIGN KEY (`hideByUserId`) REFERENCES `Users` (`id`) ON UPDATE CASCADE,
  CONSTRAINT `StoryPrivacies_ibfk_2` FOREIGN KEY (`hideForUserId`) REFERENCES `Users` (`id`) ON UPDATE CASCADE
) ENGINE=InnoDB DEFAULT CHARSET=utf8mb4 COLLATE=utf8mb4_0900_ai_ci;

--
-- Dumping data for table `StoryPrivacies`
--


--
-- Table structure for table `StoryViews`
--

CREATE TABLE `StoryViews` (
  `id` int NOT NULL AUTO_INCREMENT,
  `viewedByUserId` int DEFAULT NULL,
  `viewedByUserName` varchar(255) DEFAULT NULL,
  `viewedByFirstName` varchar(255) DEFAULT NULL,
  `viewedByLastName` varchar(255) DEFAULT NULL,
  `profileThumbnail` varchar(255) DEFAULT NULL,
  `viewTimeStamp` int NOT NULL,
  `createdAt` datetime NOT NULL,
  `updatedAt` datetime NOT NULL,
  `StoryId` int DEFAULT NULL,
  PRIMARY KEY (`id`),
  KEY `StoryId` (`StoryId`),
  CONSTRAINT `StoryViews_ibfk_1` FOREIGN KEY (`StoryId`) REFERENCES `Stories` (`id`) ON DELETE SET NULL ON UPDATE CASCADE
) ENGINE=InnoDB AUTO_INCREMENT=183 DEFAULT CHARSET=utf8mb4 COLLATE=utf8mb4_0900_ai_ci;

--
-- Dumping data for table `StoryViews`
--

INSERT INTO `StoryViews` VALUES (134,469,'','ASHWANI','GARG','e23af8fd-f8e8-4efa-ab97-d03de1c8790a.png',1696939720,'2023-10-10 12:08:40','2023-10-10 12:08:40',NULL),(135,469,'','ASHWANI','GARG','e23af8fd-f8e8-4efa-ab97-d03de1c8790a.png',1696939946,'2023-10-10 12:12:26','2023-10-10 12:12:26',NULL),(136,469,'','ASHWANI','GARG','e23af8fd-f8e8-4efa-ab97-d03de1c8790a.png',1696939949,'2023-10-10 12:12:29','2023-10-10 12:12:29',NULL),(137,469,'','ASHWANI','GARG','e23af8fd-f8e8-4efa-ab97-d03de1c8790a.png',1696939950,'2023-10-10 12:12:30','2023-10-10 12:12:30',NULL),(138,469,'','ASHWANI','GARG','e23af8fd-f8e8-4efa-ab97-d03de1c8790a.png',1696940166,'2023-10-10 12:16:06','2023-10-10 12:16:06',NULL),(139,460,'','SHUBHAM','KUMAR','c47f97a6-4eb5-4b0e-8d43-ba3b00504ef8.png',1696940547,'2023-10-10 12:22:27','2023-10-10 12:22:27',NULL),(140,460,'','SHUBHAM','KUMAR','c47f97a6-4eb5-4b0e-8d43-ba3b00504ef8.png',1696940557,'2023-10-10 12:22:37','2023-10-10 12:22:37',NULL),(141,460,'','SHUBHAM','KUMAR','c47f97a6-4eb5-4b0e-8d43-ba3b00504ef8.png',1696940557,'2023-10-10 12:22:37','2023-10-10 12:22:37',NULL),(142,460,'','SHUBHAM','KUMAR','c47f97a6-4eb5-4b0e-8d43-ba3b00504ef8.png',1696940557,'2023-10-10 12:22:37','2023-10-10 12:22:37',NULL),(143,460,'','SHUBHAM','KUMAR','c47f97a6-4eb5-4b0e-8d43-ba3b00504ef8.png',1696940561,'2023-10-10 12:22:41','2023-10-10 12:22:41',NULL),(148,465,'','Ajay','Suri','645b99f8-d464-4da2-b6ec-c8bdb79abfa4.png',1696961784,'2023-10-10 18:16:24','2023-10-10 18:16:24',NULL),(149,465,'','Ajay','Suri','645b99f8-d464-4da2-b6ec-c8bdb79abfa4.png',1696961786,'2023-10-10 18:16:26','2023-10-10 18:16:26',NULL),(150,465,'','Ajay','Suri','645b99f8-d464-4da2-b6ec-c8bdb79abfa4.png',1696961789,'2023-10-10 18:16:29','2023-10-10 18:16:29',NULL),(151,465,'','Ajay','Suri','645b99f8-d464-4da2-b6ec-c8bdb79abfa4.png',1696961791,'2023-10-10 18:16:31','2023-10-10 18:16:31',NULL),(152,465,'','Ajay','Suri','645b99f8-d464-4da2-b6ec-c8bdb79abfa4.png',1696961794,'2023-10-10 18:16:34','2023-10-10 18:16:34',NULL),(153,469,'','ASHWANI','GARG','e23af8fd-f8e8-4efa-ab97-d03de1c8790a.png',1697004966,'2023-10-11 06:16:06','2023-10-11 06:16:06',NULL),(156,469,'','ASHWANI','GARG','e23af8fd-f8e8-4efa-ab97-d03de1c8790a.png',1697005878,'2023-10-11 06:31:18','2023-10-11 06:31:18',NULL),(159,460,'','SHUBHAM','KUMAR','c47f97a6-4eb5-4b0e-8d43-ba3b00504ef8.png',1697006472,'2023-10-11 06:41:12','2023-10-11 06:41:12',NULL),(160,460,'','SHUBHAM','KUMAR','c47f97a6-4eb5-4b0e-8d43-ba3b00504ef8.png',1697006487,'2023-10-11 06:41:27','2023-10-11 06:41:27',NULL),(161,460,'','SHUBHAM','KUMAR','c47f97a6-4eb5-4b0e-8d43-ba3b00504ef8.png',1697006502,'2023-10-11 06:41:42','2023-10-11 06:41:42',NULL),(162,460,'','SHUBHAM','KUMAR','c47f97a6-4eb5-4b0e-8d43-ba3b00504ef8.png',1697006517,'2023-10-11 06:41:57','2023-10-11 06:41:57',NULL),(177,465,'','Ajay','Suri','645b99f8-d464-4da2-b6ec-c8bdb79abfa4.png',1697024782,'2023-10-11 11:46:22','2023-10-11 11:46:22',NULL),(178,465,'','Ajay','Suri','645b99f8-d464-4da2-b6ec-c8bdb79abfa4.png',1697024783,'2023-10-11 11:46:23','2023-10-11 11:46:23',NULL),(179,465,'','Ajay','Suri','645b99f8-d464-4da2-b6ec-c8bdb79abfa4.png',1697024803,'2023-10-11 11:46:43','2023-10-11 11:46:43',NULL),(180,48,'ficode','Ficode',' ','84b9d5ec-86ff-43d8-b584-a653024efc8c.png',1697026288,'2023-10-11 12:11:28','2023-10-11 12:11:28',NULL),(181,48,'ficode','Ficode',' ','84b9d5ec-86ff-43d8-b584-a653024efc8c.png',1697026290,'2023-10-11 12:11:30','2023-10-11 12:11:30',NULL),(182,48,'ficode','Ficode',' ','84b9d5ec-86ff-43d8-b584-a653024efc8c.png',1697026294,'2023-10-11 12:11:34','2023-10-11 12:11:34',NULL);

--
-- Table structure for table `SubscribedUsers`
--

CREATE TABLE `SubscribedUsers` (
  `id` int NOT NULL AUTO_INCREMENT,
  `planValidityInDays` varchar(255) NOT NULL,
  `activatedOn` int NOT NULL,
  `expiresOn` int NOT NULL,
  `createdAt` datetime NOT NULL,
  `updatedAt` datetime NOT NULL,
  `SubscriptionPlanId` int DEFAULT NULL,
  `UserId` int DEFAULT NULL,
  PRIMARY KEY (`id`),
  KEY `SubscriptionPlanId` (`SubscriptionPlanId`),
  KEY `UserId` (`UserId`),
  CONSTRAINT `SubscribedUsers_ibfk_1` FOREIGN KEY (`SubscriptionPlanId`) REFERENCES `SubscriptionPlans` (`id`) ON DELETE SET NULL ON UPDATE CASCADE,
  CONSTRAINT `SubscribedUsers_ibfk_2` FOREIGN KEY (`UserId`) REFERENCES `Users` (`id`) ON DELETE SET NULL ON UPDATE CASCADE
) ENGINE=InnoDB AUTO_INCREMENT=17 DEFAULT CHARSET=utf8mb4 COLLATE=utf8mb4_0900_ai_ci;

--
-- Dumping data for table `SubscribedUsers`
--

INSERT INTO `SubscribedUsers` VALUES (1,'45',1667989380,1671877380,'2022-11-09 10:23:00','2022-11-09 10:23:00',NULL,3),(2,'21',1667992090,1669806490,'2022-11-09 11:08:10','2022-11-09 11:08:10',NULL,3),(3,'365',1671197666,1702733666,'2022-12-16 13:34:27','2022-12-16 13:34:27',15,NULL),(4,'365',1671197750,1702733750,'2022-12-16 13:35:51','2022-12-16 13:35:51',15,NULL),(5,'365',1672058119,1703594119,'2022-12-26 12:35:20','2022-12-26 12:35:20',26,50),(6,'365',1672058261,1703594261,'2022-12-26 12:37:42','2022-12-26 12:37:42',15,50),(7,'365',1672391912,1703927912,'2022-12-30 09:18:33','2022-12-30 09:18:33',15,50),(8,'365',1672852498,1704388498,'2023-01-04 17:15:00','2023-01-04 17:15:00',15,173),(9,'365',1672942191,1704478191,'2023-01-05 18:09:52','2023-01-05 18:09:52',15,192),(10,'365',1673102027,1704638027,'2023-01-07 14:33:48','2023-01-07 14:33:48',15,201),(11,'365',1673332563,1704868563,'2023-01-10 06:36:05','2023-01-10 06:36:05',15,203),(12,'365',1673341883,1704877883,'2023-01-10 09:11:25','2023-01-10 09:11:25',15,212),(13,'365',1676982081,1708518081,'2023-02-21 12:21:22','2023-02-21 12:21:22',15,215),(14,'365',1677734211,1709270211,'2023-03-02 05:16:53','2023-03-02 05:16:53',15,230),(15,'365',1691643987,1723179987,'2023-08-10 05:06:28','2023-08-10 05:06:28',15,260),(16,'365',1692008433,1723544433,'2023-08-14 10:20:34','2023-08-14 10:20:34',15,260);

--
-- Table structure for table `SubscriptionPlans`
--

CREATE TABLE `SubscriptionPlans` (
  `id` int NOT NULL AUTO_INCREMENT,
  `planName` varchar(255) NOT NULL,
  `planDetails` varchar(255) NOT NULL,
  `planValidityInDays` varchar(255) NOT NULL,
  `price` varchar(255) NOT NULL,
  `discount` varchar(255) NOT NULL,
  `createdAt` datetime NOT NULL,
  `updatedAt` datetime NOT NULL,
  PRIMARY KEY (`id`)
) ENGINE=InnoDB AUTO_INCREMENT=28 DEFAULT CHARSET=utf8mb4 COLLATE=utf8mb4_0900_ai_ci;

--
-- Dumping data for table `SubscriptionPlans`
--

INSERT INTO `SubscriptionPlans` VALUES (15,'Silver Membership','Some of the feature will be active','365','750','17','2022-11-14 05:07:24','2022-11-16 05:21:43'),(16,'Bronze Membership','Basic Plan will be active','365','500','12','2022-11-14 09:35:25','2022-11-16 05:22:24'),(26,'Free Plan','Free Plan','365','1','100','2022-11-16 05:26:29','2022-11-16 05:26:29'),(27,'ffgsweddsdsgret','premeium','21','1002','21','2022-11-21 04:57:47','2022-11-21 04:57:47');

--
-- Table structure for table `Tags`
--

CREATE TABLE `Tags` (
  `id` int NOT NULL AUTO_INCREMENT,
  `createdAt` datetime NOT NULL,
  `updatedAt` datetime NOT NULL,
  `PostId` int DEFAULT NULL,
  `UserId` int DEFAULT NULL,
  PRIMARY KEY (`id`),
  KEY `PostId` (`PostId`),
  KEY `UserId` (`UserId`),
  CONSTRAINT `Tags_ibfk_1` FOREIGN KEY (`PostId`) REFERENCES `Posts` (`id`) ON DELETE SET NULL ON UPDATE CASCADE,
  CONSTRAINT `Tags_ibfk_2` FOREIGN KEY (`UserId`) REFERENCES `Users` (`id`) ON DELETE SET NULL ON UPDATE CASCADE
) ENGINE=InnoDB AUTO_INCREMENT=39 DEFAULT CHARSET=utf8mb4 COLLATE=utf8mb4_0900_ai_ci;

--
-- Dumping data for table `Tags`
--

INSERT INTO `Tags` VALUES (1,'2022-11-09 12:15:47','2022-11-09 12:15:47',1,3),(2,'2022-11-09 12:15:47','2022-11-09 12:15:47',1,8),(3,'2022-11-09 12:21:23','2022-11-09 12:21:23',2,3),(4,'2022-11-09 12:21:23','2022-11-09 12:21:23',2,2),(5,'2022-11-09 12:21:23','2022-11-09 12:21:23',2,1),(6,'2022-11-13 07:07:56','2022-11-13 07:07:56',5,1),(7,'2022-11-13 07:07:56','2022-11-13 07:07:56',5,2),(8,'2022-11-13 07:07:56','2022-11-13 07:07:56',5,3),(9,'2022-11-13 07:07:56','2022-11-13 07:07:56',5,4),(10,'2022-11-13 07:07:56','2022-11-13 07:07:56',5,4),(11,'2022-11-13 16:39:05','2022-11-13 16:39:05',NULL,1),(12,'2022-11-13 16:39:05','2022-11-13 16:39:05',NULL,2),(13,'2022-11-13 16:39:05','2022-11-13 16:39:05',NULL,2),(14,'2022-11-14 15:09:35','2022-11-14 15:09:35',7,1),(15,'2022-11-14 15:09:35','2022-11-14 15:09:35',7,2),(16,'2022-11-14 15:18:12','2022-11-14 15:18:12',8,1),(17,'2022-11-14 15:18:12','2022-11-14 15:18:12',8,3),(18,'2022-11-15 10:16:19','2022-11-15 10:16:19',9,1),(19,'2022-11-15 10:16:19','2022-11-15 10:16:19',9,2),(20,'2022-11-15 12:00:05','2022-11-15 12:00:05',10,20),(21,'2022-11-15 13:30:49','2022-11-15 13:30:49',11,1),(22,'2022-11-15 13:30:49','2022-11-15 13:30:49',11,2),(23,'2022-11-15 15:46:06','2022-11-15 15:46:06',12,1),(24,'2022-11-15 15:46:06','2022-11-15 15:46:06',12,2),(25,'2022-11-16 18:42:38','2022-11-16 18:42:38',13,4),(26,'2022-11-16 18:42:38','2022-11-16 18:42:38',13,5),(27,'2022-11-17 06:24:21','2022-11-17 06:24:21',14,1),(28,'2022-11-17 06:24:21','2022-11-17 06:24:21',14,2),(29,'2022-11-17 10:44:32','2022-11-17 10:44:32',16,1),(30,'2022-11-17 10:44:32','2022-11-17 10:44:32',16,2),(31,'2022-11-19 10:12:13','2022-11-19 10:12:13',18,1),(32,'2022-11-19 10:12:13','2022-11-19 10:12:13',18,2),(33,'2022-12-14 06:20:59','2022-12-14 06:20:59',19,1),(34,'2022-12-14 06:20:59','2022-12-14 06:20:59',19,2),(35,'2022-12-14 07:37:44','2022-12-14 07:37:44',20,1),(36,'2022-12-14 07:37:44','2022-12-14 07:37:44',20,2),(37,'2022-12-14 12:12:40','2022-12-14 12:12:40',31,3),(38,'2022-12-14 12:12:40','2022-12-14 12:12:40',31,4);

--
-- Table structure for table `UserAnswers`
--

CREATE TABLE `UserAnswers` (
  `id` int NOT NULL AUTO_INCREMENT,
  `answer` varchar(255) DEFAULT NULL,
  `createdAt` datetime NOT NULL,
  `updatedAt` datetime NOT NULL,
  `UserId` int DEFAULT NULL,
  `QuestionId` int DEFAULT NULL,
  PRIMARY KEY (`id`),
  KEY `UserId` (`UserId`),
  KEY `QuestionId` (`QuestionId`),
  CONSTRAINT `UserAnswers_ibfk_1` FOREIGN KEY (`UserId`) REFERENCES `Users` (`id`) ON DELETE SET NULL ON UPDATE CASCADE,
  CONSTRAINT `UserAnswers_ibfk_2` FOREIGN KEY (`QuestionId`) REFERENCES `Questions` (`id`) ON DELETE SET NULL ON UPDATE CASCADE
) ENGINE=InnoDB DEFAULT CHARSET=utf8mb4 COLLATE=utf8mb4_0900_ai_ci;

--
-- Dumping data for table `UserAnswers`
--


--
-- Table structure for table `UserCharacteristics`
--

CREATE TABLE `UserCharacteristics` (
  `id` int NOT NULL AUTO_INCREMENT,
  `customAns` varchar(255) NOT NULL DEFAULT '',
  `createdAt` datetime NOT NULL,
  `answer` int DEFAULT NULL,
  `questionId` int DEFAULT NULL,
  `userId` int DEFAULT NULL,
  PRIMARY KEY (`id`),
  KEY `answer` (`answer`),
  KEY `questionId` (`questionId`),
  KEY `userId` (`userId`),
  CONSTRAINT `UserCharacteristics_ibfk_1` FOREIGN KEY (`answer`) REFERENCES `Choices` (`id`) ON DELETE SET NULL ON UPDATE CASCADE,
  CONSTRAINT `UserCharacteristics_ibfk_2` FOREIGN KEY (`questionId`) REFERENCES `Questions` (`id`) ON DELETE SET NULL ON UPDATE CASCADE,
  CONSTRAINT `UserCharacteristics_ibfk_3` FOREIGN KEY (`userId`) REFERENCES `Users` (`id`) ON DELETE SET NULL ON UPDATE CASCADE
) ENGINE=InnoDB AUTO_INCREMENT=2500 DEFAULT CHARSET=utf8mb4 COLLATE=utf8mb4_0900_ai_ci;

--
-- Dumping data for table `UserCharacteristics`
--

INSERT INTO `UserCharacteristics` VALUES (1,'','2022-12-22 12:11:48',41,5,74),(2,'','2022-12-22 12:11:58',45,6,74),(3,'Sunil','2022-12-22 12:12:08',1,7,74),(4,'','2022-12-22 12:13:07',6,2,74),(5,'','2022-12-22 12:13:11',39,4,74),(9,'','2022-12-22 13:08:29',3,1,78),(10,'','2022-12-22 13:08:31',5,2,78),(11,'','2022-12-22 13:08:34',26,3,78),(12,'','2022-12-22 13:08:36',37,4,78),(13,'','2022-12-22 13:08:43',41,5,78),(14,'','2022-12-22 13:08:44',45,6,78),(15,'','2022-12-22 14:27:54',2,1,79),(16,'','2022-12-22 14:27:55',7,2,79),(18,'','2022-12-22 14:27:58',34,3,79),(19,'','2022-12-22 14:28:00',38,4,79),(20,'','2022-12-22 14:28:04',41,5,79),(21,'','2022-12-22 14:28:06',46,6,79),(23,'','2022-12-22 14:52:12',5,2,80),(24,'','2022-12-22 14:52:15',26,3,80),(25,'','2022-12-22 14:52:17',3,1,80),(26,'','2022-12-22 14:52:26',38,4,80),(27,'','2022-12-22 14:52:27',41,5,80),(29,'','2022-12-22 14:52:44',44,6,80),(30,'','2022-12-22 15:12:22',3,1,81),(31,'','2022-12-22 15:13:25',5,2,81),(33,'','2022-12-22 15:15:05',37,4,81),(36,'','2022-12-23 09:41:40',3,1,94),(37,'','2022-12-23 09:41:42',5,2,94),(38,'','2022-12-23 09:41:45',26,3,94),(39,'','2022-12-23 09:41:50',37,4,94),(40,'','2022-12-23 09:41:52',41,5,94),(44,'','2022-12-23 09:41:58',44,6,94),(45,'','2022-12-26 10:57:36',7,2,104),(51,'40','2022-12-27 04:48:24',1,7,106),(56,'','2022-12-27 07:13:15',4,1,106),(60,'','2022-12-27 07:13:27',NULL,2,106),(61,'','2022-12-28 09:53:42',3,1,112),(62,'','2022-12-28 09:53:50',5,2,112),(63,'','2022-12-28 09:53:54',26,3,112),(64,'','2022-12-28 09:53:57',37,4,112),(65,'','2022-12-28 09:54:03',43,5,112),(66,'','2022-12-28 09:54:07',44,6,112),(69,'','2022-12-28 13:42:57',5,2,113),(70,'','2022-12-28 13:42:58',2,1,113),(71,'','2022-12-28 13:43:00',26,3,113),(72,'','2022-12-28 13:43:02',38,4,113),(73,'','2022-12-28 13:43:03',41,5,113),(74,'','2022-12-28 13:43:04',45,6,113),(75,'','2022-12-28 13:55:41',2,1,114),(76,'','2022-12-28 13:55:42',5,2,114),(77,'','2022-12-28 13:55:44',26,3,114),(78,'','2022-12-28 13:55:46',37,4,114),(83,'Ficode','2022-12-30 03:53:25',1,13,117),(84,'Software Enginner','2022-12-30 03:53:37',1,14,117),(86,'','2022-12-30 03:55:56',7,2,117),(87,'','2022-12-30 03:55:58',27,3,117),(88,'','2022-12-30 03:56:06',38,4,117),(89,'','2022-12-30 03:56:07',41,5,117),(90,'','2022-12-30 03:56:16',46,6,117),(91,'10','2022-12-30 03:56:22',1,7,117),(92,'12','2022-12-30 03:56:34',1,15,117),(93,'','2022-12-30 04:59:37',2,1,119),(94,'','2022-12-30 04:59:38',5,2,119),(95,'','2022-12-30 04:59:38',26,3,119),(96,'','2022-12-30 05:09:49',2,1,120),(97,'','2022-12-30 05:09:50',5,2,120),(99,'','2022-12-30 07:33:53',5,2,129),(100,'','2022-12-30 07:33:54',26,3,129),(101,'','2022-12-30 07:33:56',3,1,129),(102,'','2022-12-30 07:51:35',2,1,131),(103,'','2022-12-30 07:51:37',5,2,131),(104,'','2022-12-30 07:51:41',26,3,131),(105,'','2022-12-30 07:51:45',37,4,131),(106,'','2022-12-30 07:51:49',41,5,131),(109,'','2022-12-30 07:51:55',44,6,131),(110,'','2022-12-30 09:48:23',3,1,133),(111,'','2022-12-30 09:48:24',5,2,133),(112,'','2022-12-30 09:48:27',37,4,133),(113,'','2022-12-30 09:48:28',43,5,133),(114,'','2022-12-30 13:12:32',2,1,118),(115,'','2022-12-30 13:12:33',5,2,118),(116,'','2022-12-30 13:12:34',26,3,118),(117,'','2022-12-30 13:12:37',38,4,118),(118,'','2022-12-30 13:12:39',40,5,118),(119,'','2022-12-30 13:12:41',44,6,118),(120,'','2023-01-02 09:37:10',3,1,117),(149,'','2023-01-03 05:28:55',3,1,173),(150,'','2023-01-03 05:28:57',6,2,173),(151,'','2023-01-03 05:29:02',26,3,173),(152,'','2023-01-03 05:29:05',38,4,173),(153,'','2023-01-03 05:29:08',41,5,173),(155,'','2023-01-03 05:29:13',45,6,173),(169,'Ffg','2023-01-03 07:56:33',1,20,6),(173,'','2023-01-03 08:37:12',38,4,6),(174,'','2023-01-03 08:37:15',41,5,6),(179,'','2023-01-03 08:40:42',63,16,6),(180,'','2023-01-03 08:41:59',51,9,6),(183,'','2023-01-03 08:42:02',60,12,6),(186,'','2023-01-03 08:42:32',44,6,6),(201,'','2023-01-03 09:17:38',38,4,50),(202,'','2023-01-03 09:17:39',41,5,50),(204,'SRGC','2023-01-03 09:18:17',1,15,50),(205,'Se','2023-01-03 09:18:22',1,14,50),(208,'','2023-01-03 09:18:36',51,9,50),(213,'L','2023-01-03 09:18:51',1,18,50),(214,'E','2023-01-03 09:18:54',1,20,50),(215,'','2023-01-03 09:18:56',46,6,50),(216,'No','2023-01-03 09:19:01',1,19,50),(217,'','2023-01-03 09:19:35',27,3,50),(218,'hidden in leaf','2023-01-03 09:21:20',1,13,50),(222,'','2023-01-03 09:23:33',26,3,6),(224,'','2023-01-03 09:32:34',66,16,50),(225,'','2023-01-03 09:32:47',59,12,50),(227,'h','2023-01-03 09:33:07',1,17,50),(229,'','2023-01-03 09:37:06',7,2,50),(230,'','2023-01-03 09:37:35',54,10,50),(231,'','2023-01-03 09:37:38',57,11,50),(236,'','2023-01-03 09:52:20',56,11,6),(238,'','2023-01-03 10:18:54',5,2,6),(239,'','2023-01-03 10:19:02',53,10,6),(240,'','2023-01-03 11:09:45',3,1,50),(243,'','2023-01-04 13:48:06',27,3,NULL),(244,'','2023-01-04 13:48:10',38,4,NULL),(245,'','2023-01-04 13:48:10',40,5,NULL),(251,'','2023-01-04 13:48:59',51,9,NULL),(252,'','2023-01-04 13:49:00',54,10,NULL),(253,'','2023-01-04 13:49:00',57,11,NULL),(254,'','2023-01-04 13:49:01',59,12,NULL),(255,'R','2023-01-04 13:49:19',1,17,NULL),(256,'H','2023-01-04 13:49:22',1,18,NULL),(257,'L','2023-01-04 13:49:32',1,20,NULL),(260,'ppp','2023-01-04 13:49:58',1,19,NULL),(262,'','2023-01-04 13:50:00',45,6,NULL),(264,'','2023-01-04 14:09:39',50,9,131),(265,'','2023-01-04 14:09:39',53,10,131),(266,'','2023-01-04 14:09:40',56,11,131),(267,'','2023-01-04 14:09:40',59,12,131),(268,'R','2023-01-04 14:09:45',1,17,131),(269,'H','2023-01-04 14:09:47',1,18,131),(270,'R','2023-01-04 14:09:49',1,20,131),(271,'P','2023-01-04 14:09:52',1,19,131),(272,'aaaaaaa','2023-01-04 16:05:12',1,13,6),(277,'','2023-01-04 16:08:35',2,1,6),(278,'','2023-01-05 09:48:27',6,2,NULL),(279,'','2023-01-05 09:48:27',3,1,NULL),(280,'','2023-01-05 09:48:36',26,3,NULL),(281,'','2023-01-05 09:48:39',38,4,NULL),(282,'','2023-01-05 09:48:39',41,5,NULL),(283,'Wokr','2023-01-05 09:48:50',1,13,NULL),(284,'jonbtit','2023-01-05 09:48:54',1,14,NULL),(285,'Do Ll','2023-01-05 09:48:57',1,15,NULL),(286,'','2023-01-05 09:48:59',63,16,NULL),(287,'','2023-01-05 09:49:02',52,9,NULL),(288,'','2023-01-05 09:49:02',54,10,NULL),(289,'','2023-01-05 09:49:03',57,11,NULL),(290,'','2023-01-05 09:49:03',59,12,NULL),(291,'Hh','2023-01-05 09:49:09',1,17,NULL),(292,'Ss','2023-01-05 09:49:10',1,18,NULL),(293,'Aa','2023-01-05 09:49:12',1,20,NULL),(294,'','2023-01-05 09:49:13',45,6,NULL),(295,'Shhshs','2023-01-05 09:49:16',1,19,NULL),(296,'','2023-01-05 17:48:54',3,1,192),(297,'','2023-01-05 17:48:56',5,2,192),(298,'','2023-01-05 17:49:14',28,3,192),(299,'','2023-01-05 17:49:18',37,4,192),(300,'','2023-01-05 17:49:23',41,5,192),(301,'IGNOU','2023-01-05 17:49:54',1,15,192),(302,'Ficode','2023-01-05 17:50:10',1,13,192),(303,'Project Manager ','2023-01-05 17:50:32',1,14,192),(304,'','2023-01-05 17:50:36',65,16,192),(305,'','2023-01-05 17:50:40',50,9,192),(306,'','2023-01-05 17:50:41',53,10,192),(307,'','2023-01-05 17:50:42',57,11,192),(308,'','2023-01-05 17:50:44',60,12,192),(309,'Hindu','2023-01-05 17:50:54',1,17,192),(311,'Delhi ','2023-01-05 17:51:06',1,18,192),(312,'Hindi','2023-01-05 17:51:13',1,20,192),(315,'','2023-01-05 17:51:19',44,6,192),(316,'','2023-01-06 18:28:27',2,1,198),(317,'','2023-01-06 18:28:28',5,2,198),(318,'','2023-01-06 18:28:31',26,3,198),(319,'','2023-01-06 18:28:33',41,5,198),(320,'','2023-01-06 18:28:33',37,4,198),(321,'Ficode','2023-01-06 18:28:41',1,13,198),(322,'Software Engineer ','2023-01-06 18:28:51',1,14,198),(323,'Srgc College ','2023-01-06 18:29:02',1,15,198),(324,'','2023-01-06 18:29:05',64,16,198),(325,'','2023-01-06 18:29:08',50,9,198),(326,'','2023-01-06 18:29:08',53,10,198),(327,'','2023-01-06 18:29:09',56,11,198),(328,'','2023-01-06 18:29:11',59,12,198),(329,'Hindu','2023-01-06 18:29:18',1,17,198),(330,'Muzaffarnagar ','2023-01-06 18:29:23',1,18,198),(332,'Hindi, English','2023-01-06 18:29:33',1,20,198),(333,'','2023-01-06 18:29:37',44,6,198),(334,'','2023-01-07 12:48:55',2,1,201),(335,'','2023-01-07 12:48:59',NULL,2,201),(336,'','2023-01-07 12:49:02',26,3,201),(337,'','2023-01-07 12:49:04',37,4,201),(338,'','2023-01-07 12:49:04',41,5,201),(339,'','2023-01-07 12:49:20',64,16,201),(341,'Ficode','2023-01-07 12:49:30',1,13,201),(342,'Software Developer ','2023-01-07 12:49:37',1,14,201),(343,'Srgc College','2023-01-07 12:49:46',1,15,201),(344,'','2023-01-07 12:49:49',50,9,201),(345,'','2023-01-07 12:49:49',53,10,201),(346,'','2023-01-07 12:49:50',57,11,201),(347,'','2023-01-07 12:49:50',59,12,201),(348,'Lachhera Muzaffargar','2023-01-07 12:50:11',1,18,201),(349,'Hindu','2023-01-07 12:50:14',1,17,201),(350,'','2023-01-07 12:50:20',44,6,201),(351,'','2023-01-07 13:07:06',2,1,202),(352,'','2023-01-07 13:07:07',5,2,202),(353,'','2023-01-07 13:07:09',26,3,202),(354,'','2023-01-07 13:07:11',37,4,202),(355,'','2023-01-07 13:07:11',40,5,202),(358,'Ficode Software Solutions Pvt Ltd','2023-01-07 13:08:22',1,13,202),(359,'Software Engineer ','2023-01-07 13:08:27',1,14,202),(360,'SD College','2023-01-07 13:08:35',1,15,202),(361,'','2023-01-07 13:08:37',64,16,202),(363,'','2023-01-07 13:08:39',58,11,202),(364,'','2023-01-07 13:08:40',59,12,202),(365,'','2023-01-07 13:08:50',53,10,202),(366,'','2023-01-07 13:08:53',52,9,202),(367,'Hindu','2023-01-07 13:09:09',1,17,202),(368,'Muzaffarnagar ','2023-01-07 13:09:14',1,18,202),(369,'English','2023-01-07 13:09:24',1,20,202),(370,'','2023-01-07 13:09:27',44,6,202),(371,'Bhajpa','2023-01-07 13:09:47',1,19,202),(373,'','2023-01-07 13:30:18',3,1,203),(374,'','2023-01-07 13:30:21',5,2,203),(375,'','2023-01-07 13:30:31',28,3,203),(376,'','2023-01-07 13:30:36',37,4,203),(377,'','2023-01-07 13:30:38',40,5,203),(378,'QA','2023-01-07 13:30:54',1,13,203),(379,'QA','2023-01-07 13:31:00',1,14,203),(380,'ficode','2023-01-07 13:31:07',1,15,203),(381,'','2023-01-07 13:31:12',65,16,203),(382,'','2023-01-07 13:31:14',50,9,203),(383,'','2023-01-07 13:31:15',53,10,203),(384,'','2023-01-07 13:31:17',56,11,203),(385,'','2023-01-07 13:31:34',59,12,203),(390,'','2023-01-07 13:32:11',46,6,203),(392,'','2023-01-10 08:55:05',5,2,211),(396,'','2023-01-10 08:55:14',3,1,211),(397,'','2023-01-10 08:55:17',26,3,211),(398,'','2023-01-10 08:55:19',38,4,211),(399,'','2023-01-10 08:55:20',41,5,211),(403,'','2023-01-10 08:56:13',64,16,211),(404,'','2023-01-10 08:56:17',51,9,211),(407,'','2023-01-10 08:56:18',57,11,211),(410,'','2023-01-10 08:56:22',53,10,211),(412,'','2023-01-10 08:56:25',59,12,211),(413,'','2023-01-10 08:57:11',45,6,211),(414,'','2023-01-10 09:04:30',3,1,212),(416,'','2023-01-10 09:04:32',5,2,212),(417,'','2023-01-10 09:04:35',26,3,212),(418,'','2023-01-10 09:04:37',40,5,212),(419,'Ficode Software solutions pvt ltd','2023-01-10 09:05:05',1,13,212),(420,'Software engineer','2023-01-10 09:05:24',1,14,212),(421,'Srgc college','2023-01-10 09:05:31',1,15,212),(422,'','2023-01-10 09:05:32',64,16,212),(423,'','2023-01-10 09:05:35',50,9,212),(424,'','2023-01-10 09:05:36',54,10,212),(425,'','2023-01-10 09:05:36',57,11,212),(426,'','2023-01-10 09:05:37',59,12,212),(427,'Hindu','2023-01-10 09:05:44',1,17,212),(428,'Muzaffarnagar','2023-01-10 09:05:55',1,18,212),(429,'Hindi, English','2023-01-10 09:06:02',1,20,212),(431,'Ni','2023-01-10 09:06:08',1,19,212),(432,'','2023-01-10 13:33:08',3,1,215),(433,'','2023-01-10 13:33:09',5,2,215),(434,'','2023-01-10 13:33:22',28,3,215),(435,'','2023-01-10 13:33:27',37,4,215),(436,'','2023-01-10 13:33:29',41,5,215),(437,'Ficode','2023-01-10 13:33:36',1,13,215),(438,'Project Coordinator ','2023-01-10 13:33:45',1,14,215),(440,'IGNOU','2023-01-10 13:34:04',1,15,215),(441,'','2023-01-10 13:34:10',65,16,215),(442,'','2023-01-10 13:34:42',51,9,215),(443,'','2023-01-10 13:34:43',54,10,215),(444,'','2023-01-10 13:34:45',57,11,215),(445,'','2023-01-10 13:34:46',60,12,215),(446,'Hindu','2023-01-10 13:34:53',1,17,215),(447,'Delhi','2023-01-10 13:34:57',1,18,215),(448,'English','2023-01-10 13:35:03',1,20,215),(449,'','2023-01-10 13:37:14',44,6,215),(450,'BJP','2023-01-10 13:37:21',1,19,215),(453,'','2023-01-19 09:48:56',46,6,212),(454,'','2023-01-22 01:00:15',2,1,224),(455,'','2023-01-22 01:00:18',7,2,224),(456,'','2023-01-22 01:00:25',34,3,224),(457,'','2023-01-22 01:00:30',37,4,224),(458,'','2023-01-22 01:00:35',42,5,224),(459,'','2023-01-22 01:00:42',62,16,224),(460,'','2023-01-22 01:00:46',52,9,224),(461,'','2023-01-22 01:00:47',55,10,224),(462,'','2023-01-22 01:00:48',58,11,224),(463,'','2023-01-22 01:00:51',61,12,224),(464,'','2023-02-24 17:38:39',3,1,245),(465,'','2023-02-24 17:38:41',5,2,245),(466,'','2023-02-24 17:38:44',27,3,245),(467,'','2023-02-24 17:38:45',37,4,245),(468,'','2023-02-24 17:38:46',40,5,245),(469,'Hi','2023-02-24 17:38:49',1,13,245),(470,'Hi','2023-02-24 17:38:52',1,14,245),(471,'Hi','2023-02-24 17:38:55',1,15,245),(472,'','2023-02-24 17:38:55',62,16,245),(473,'','2023-02-24 17:38:58',50,9,245),(474,'','2023-02-24 17:38:59',54,10,245),(475,'','2023-02-24 17:39:00',57,11,245),(476,'','2023-02-24 17:39:01',60,12,245),(477,'','2023-02-24 17:39:06',45,6,245),(478,'','2023-02-24 17:39:07',80,19,245),(479,'','2023-02-24 18:23:09',3,1,246),(480,'','2023-02-24 18:23:09',6,2,246),(481,'','2023-02-24 18:23:11',26,3,246),(482,'','2023-02-24 18:23:14',38,4,246),(483,'','2023-02-24 18:23:14',40,5,246),(484,'Hggg','2023-02-24 18:23:20',1,13,246),(485,'Ffff','2023-02-24 18:23:22',1,14,246),(486,'Tff','2023-02-24 18:23:23',1,15,246),(487,'','2023-02-24 18:23:24',62,16,246),(488,'','2023-02-24 18:23:26',51,9,246),(489,'','2023-02-24 18:23:26',55,10,246),(491,'','2023-02-24 18:23:28',58,11,246),(492,'','2023-02-24 18:23:28',61,12,246),(493,'','2023-02-24 18:23:34',45,6,246),(494,'','2023-02-24 18:23:35',80,19,246),(495,'','2023-02-24 18:46:30',57,11,247),(496,'','2023-02-24 18:46:30',60,12,247),(497,'','2023-02-24 18:46:32',54,10,247),(498,'','2023-02-24 18:46:32',51,9,247),(499,'','2023-02-24 18:50:14',5,2,247),(500,'','2023-02-24 18:50:17',3,1,247),(501,'','2023-02-24 18:50:19',28,3,247),(502,'','2023-02-24 18:50:20',38,4,247),(503,'','2023-02-24 18:50:22',41,5,247),(504,'','2023-02-24 18:55:23',68,17,247),(505,'','2023-02-24 18:55:30',80,19,247),(506,'','2023-02-24 18:55:32',46,6,247),(507,'','2023-03-02 04:50:18',2,1,230),(508,'','2023-03-02 04:50:19',5,2,230),(509,'','2023-03-02 04:50:21',27,3,230),(510,'','2023-03-02 04:50:22',37,4,230),(511,'','2023-03-02 04:50:23',41,5,230),(512,'Sun','2023-03-02 04:50:28',1,13,230),(513,'Sss','2023-03-02 04:50:30',1,14,230),(514,'Sss','2023-03-02 04:50:32',1,15,230),(515,'','2023-03-02 04:50:33',62,16,230),(516,'','2023-03-02 04:51:00',51,9,230),(517,'','2023-03-02 04:51:00',54,10,230),(518,'','2023-03-02 04:51:00',56,11,230),(519,'','2023-03-02 04:51:01',59,12,230),(520,'','2023-03-02 04:51:06',45,6,230),(521,'','2023-03-02 04:51:07',80,19,230),(522,'','2023-03-03 14:23:19',3,1,250),(523,'','2023-03-03 14:23:35',5,2,250),(524,'','2023-03-03 14:23:56',34,3,250),(525,'','2023-03-03 14:24:06',38,4,250),(528,'','2023-03-03 14:24:39',65,16,250),(529,'','2023-03-03 14:24:45',52,9,250),(530,'','2023-03-03 14:24:47',54,10,250),(531,'','2023-03-03 14:24:49',57,11,250),(532,'','2023-03-03 14:24:55',60,12,250),(533,'','2023-03-03 14:25:00',74,17,250),(534,'','2023-03-03 14:25:07',44,6,250),(535,'','2023-03-03 14:25:17',79,19,250),(536,'','2023-03-06 07:30:40',2,1,253),(537,'','2023-03-06 07:30:41',5,2,253),(538,'','2023-03-06 07:30:48',38,4,253),(539,'','2023-03-06 07:30:48',40,5,253),(540,'','2023-09-15 11:41:52',3,1,279),(541,'','2023-09-15 11:41:56',5,2,279),(542,'','2023-09-15 11:42:14',28,3,279),(543,'','2023-09-15 11:42:23',37,4,279),(544,'','2023-09-15 11:42:25',40,5,279),(545,'koi ni','2023-09-15 11:42:51',1,15,279),(546,'','2023-09-15 11:42:53',62,16,279),(547,'','2023-09-15 11:43:01',52,9,279),(548,'','2023-09-15 11:43:03',55,10,279),(549,'','2023-09-15 11:43:04',58,11,279),(550,'','2023-09-15 11:43:09',60,12,279),(551,'','2023-09-15 11:43:14',70,17,279),(552,'','2023-09-15 11:43:21',46,6,279),(553,'','2023-09-15 11:43:25',82,19,279),(554,'','2023-09-25 11:21:58',3,1,NULL),(555,'','2023-09-25 11:22:01',5,2,NULL),(556,'','2023-09-25 11:22:09',36,3,NULL),(557,'','2023-09-25 11:22:16',37,4,NULL),(558,'','2023-09-25 11:22:17',40,5,NULL),(560,'','2023-09-25 11:23:12',66,16,NULL),(561,'','2023-09-25 11:23:16',52,9,NULL),(562,'','2023-09-25 11:23:18',55,10,NULL),(563,'','2023-09-25 11:23:19',58,11,NULL),(564,'','2023-09-25 11:23:21',60,12,NULL),(565,'','2023-09-25 11:23:32',76,17,NULL),(566,'','2023-09-25 11:23:39',46,6,NULL),(567,'','2023-09-25 11:23:42',82,19,NULL),(568,'','2023-09-25 12:51:16',2,1,283),(569,'','2023-09-25 12:51:16',5,2,283),(570,'','2023-09-25 12:51:18',26,3,283),(571,'','2023-09-25 12:51:19',38,4,283),(572,'','2023-09-25 12:51:20',40,5,283),(573,'','2023-09-25 12:51:25',1,14,283),(574,'','2023-09-25 12:51:27',50,9,283),(575,'','2023-09-25 12:51:27',55,10,283),(576,'','2023-09-25 12:51:28',57,11,283),(577,'','2023-09-25 12:51:28',59,12,283),(578,'','2023-09-25 12:51:30',68,17,283),(579,'','2023-09-25 12:51:32',44,6,283),(580,'','2023-09-25 12:51:33',80,19,283),(584,'','2023-09-26 12:42:30',38,4,2),(585,'','2023-09-26 12:42:32',40,5,2),(588,'','2023-09-26 12:43:41',53,10,2),(591,'','2023-09-26 12:43:50',69,17,2),(592,'','2023-09-26 12:43:56',46,6,2),(593,'','2023-09-26 12:43:58',81,19,2),(595,'','2023-09-26 12:46:25',4,1,5),(596,'','2023-09-26 12:46:32',7,2,5),(597,'','2023-09-26 12:46:46',26,3,5),(598,'','2023-09-26 12:46:50',37,4,5),(599,'','2023-09-26 12:46:56',42,5,5),(600,'','2023-09-26 12:47:43',65,16,5),(601,'','2023-09-26 12:47:49',50,9,5),(602,'','2023-09-26 12:47:52',53,10,5),(603,'','2023-09-26 12:47:54',56,11,5),(604,'','2023-09-26 12:47:56',60,12,5),(605,'','2023-09-26 12:48:03',73,17,5),(608,'','2023-09-26 12:48:13',46,6,5),(609,'','2023-09-26 12:48:22',80,19,5),(611,'','2023-09-26 12:55:07',3,1,3),(612,'','2023-09-26 12:55:10',5,2,3),(613,'','2023-09-26 12:55:15',28,3,3),(614,'','2023-09-26 12:55:55',64,16,3),(615,'','2023-09-26 12:56:03',51,9,3),(616,'','2023-09-26 12:56:08',53,10,3),(617,'','2023-09-26 12:56:10',57,11,3),(618,'','2023-09-26 12:56:12',60,12,3),(619,'','2023-09-26 12:56:16',69,17,3),(620,'','2023-09-26 13:18:38',3,1,297),(621,'','2023-09-26 13:18:40',5,2,297),(622,'','2023-09-26 13:18:44',26,3,297),(623,'','2023-09-26 13:18:48',37,4,297),(624,'','2023-09-26 13:18:49',40,5,297),(625,'','2023-09-26 13:18:54',50,9,297),(626,'','2023-09-26 13:18:55',53,10,297),(627,'','2023-09-26 13:18:57',56,11,297),(628,'','2023-09-26 13:18:59',60,12,297),(629,'','2023-09-26 13:51:03',85,17,297),(630,'','2023-09-27 02:29:00',3,1,298),(631,'','2023-09-27 02:30:41',34,3,298),(632,'','2023-09-27 02:30:48',37,4,298),(633,'','2023-09-27 02:30:52',42,5,298),(634,'','2023-09-27 02:30:59',52,9,298),(635,'','2023-09-27 02:31:02',54,10,298),(636,'','2023-09-27 02:31:05',58,11,298),(637,'','2023-09-27 02:31:08',60,12,298),(640,'','2023-09-27 02:31:26',46,6,298),(641,'','2023-09-27 02:31:33',84,19,298),(642,'','2023-09-27 03:28:46',5,2,298),(643,'','2023-09-27 03:29:28',78,17,298),(644,'','2023-09-28 10:52:34',4,1,310),(645,'','2023-09-28 10:54:50',7,2,310),(648,'','2023-09-29 05:05:48',7,2,317),(650,'','2023-09-29 05:06:24',2,1,317),(651,'','2023-09-29 05:06:32',40,5,317),(652,'','2023-09-29 05:06:33',37,4,317),(655,'','2023-09-29 05:06:41',50,9,317),(657,'','2023-09-29 05:06:45',53,10,317),(660,'','2023-09-29 05:06:52',60,12,317),(661,'','2023-09-29 05:06:57',78,17,317),(663,'','2023-09-29 05:07:07',46,6,317),(664,'','2023-09-29 05:07:08',80,19,317),(665,'','2023-09-29 05:12:28',57,11,317),(672,'','2023-09-30 03:20:23',5,2,321),(679,'','2023-09-30 03:38:56',7,2,322),(682,'','2023-09-30 03:41:33',7,2,323),(683,'','2023-09-30 11:09:28',5,2,326),(684,'','2023-09-30 11:09:30',2,1,326),(685,'','2023-09-30 11:09:33',27,3,326),(686,'','2023-09-30 11:09:36',38,4,326),(687,'','2023-09-30 11:09:38',40,5,326),(688,'','2023-09-30 11:09:46',52,9,326),(689,'','2023-09-30 11:09:47',54,10,326),(690,'','2023-09-30 11:09:49',58,11,326),(691,'','2023-09-30 11:09:51',61,12,326),(692,'','2023-09-30 11:09:55',77,17,326),(693,'','2023-09-30 11:09:58',81,19,326),(694,'','2023-09-30 11:09:59',46,6,326),(723,'','2023-09-30 12:29:02',4,1,324),(743,'','2023-09-30 13:18:17',5,2,324),(748,'','2023-09-30 13:24:56',8,2,328),(749,'','2023-09-30 13:25:02',2,1,328),(751,'','2023-09-30 15:05:10',2,1,331),(752,'','2023-09-30 15:08:23',5,2,331),(753,'','2023-09-30 15:08:28',27,3,331),(754,'','2023-09-30 15:08:33',38,4,331),(755,'','2023-09-30 15:08:34',42,5,331),(756,'','2023-09-30 15:08:38',52,9,331),(757,'','2023-09-30 15:08:40',55,10,331),(758,'','2023-09-30 15:08:41',58,11,331),(759,'','2023-09-30 15:08:46',61,12,331),(760,'','2023-09-30 15:08:52',77,17,331),(761,'','2023-09-30 15:08:56',45,6,331),(762,'','2023-09-30 15:08:57',81,19,331),(766,'','2023-10-03 04:50:53',26,3,NULL),(767,'','2023-10-03 04:51:00',38,4,NULL),(768,'','2023-10-03 04:51:07',41,5,NULL),(770,'','2023-10-03 04:51:13',52,9,NULL),(771,'','2023-10-03 04:51:14',54,10,NULL),(772,'','2023-10-03 04:51:16',57,11,NULL),(773,'','2023-10-03 04:51:17',60,12,NULL),(774,'','2023-10-03 04:51:28',73,17,NULL),(775,'','2023-10-03 04:51:33',44,6,NULL),(788,'','2023-10-05 05:59:39',4,1,2),(791,'','2023-10-05 05:59:57',33,3,2),(792,'','2023-10-05 12:59:50',61,12,2),(793,'','2023-10-05 13:00:05',52,9,2),(796,'','2023-10-05 13:00:37',8,2,2),(797,'','2023-10-05 13:00:58',58,11,2),(798,'','2023-10-05 17:28:44',2,1,377),(799,'','2023-10-05 17:28:46',5,2,377),(801,'','2023-10-05 17:28:51',27,3,377),(802,'','2023-10-05 17:28:57',40,5,377),(803,'','2023-10-05 17:29:00',55,10,377),(806,'','2023-10-05 17:48:19',26,3,378),(807,'','2023-10-05 17:48:24',38,4,378),(808,'','2023-10-05 17:48:29',41,5,378),(809,'','2023-10-05 17:48:34',52,9,378),(810,'','2023-10-05 17:48:35',54,10,378),(811,'','2023-10-05 17:48:37',57,11,378),(812,'','2023-10-05 17:48:43',60,12,378),(813,'','2023-10-05 17:48:51',73,17,378),(814,'','2023-10-05 17:48:55',44,6,378),(815,'','2023-10-05 17:48:58',84,19,378),(817,'','2023-10-06 06:34:34',5,2,NULL),(818,'','2023-10-06 06:34:38',3,1,NULL),(819,'','2023-10-06 06:34:44',34,3,NULL),(820,'','2023-10-06 06:34:52',37,4,NULL),(821,'','2023-10-06 06:34:59',43,5,NULL),(822,'','2023-10-06 06:35:10',50,9,NULL),(824,'','2023-10-06 06:35:16',55,10,NULL),(825,'','2023-10-06 06:35:19',57,11,NULL),(826,'','2023-10-06 06:35:28',60,12,NULL),(827,'','2023-10-06 06:35:35',78,17,NULL),(828,'','2023-10-06 06:35:41',46,6,NULL),(829,'','2023-10-06 06:35:45',84,19,NULL),(837,'','2023-10-06 09:44:36',3,1,NULL),(841,'','2023-10-06 10:20:18',37,4,NULL),(842,'','2023-10-06 10:20:19',42,5,NULL),(843,'','2023-10-06 10:20:26',58,11,NULL),(844,'','2023-10-06 10:20:27',55,10,NULL),(845,'','2023-10-06 10:20:28',52,9,NULL),(846,'','2023-10-06 10:20:30',59,12,NULL),(847,'','2023-10-06 10:20:32',78,17,NULL),(848,'','2023-10-06 10:20:35',45,6,NULL),(849,'','2023-10-06 10:20:36',81,19,NULL),(850,'','2023-10-06 10:34:53',2,1,NULL),(855,'','2023-10-06 10:35:44',34,3,NULL),(856,'','2023-10-06 10:35:56',5,2,NULL),(857,'','2023-10-06 10:38:41',64,16,401),(858,'','2023-10-06 10:43:49',64,16,NULL),(860,'','2023-10-06 10:44:20',80,19,NULL),(862,'','2023-10-06 11:33:45',2,1,404),(866,'','2023-10-06 11:34:35',34,3,404),(867,'','2023-10-06 11:35:03',40,5,404),(868,'','2023-10-06 11:37:33',5,2,408),(869,'','2023-10-06 11:37:36',3,1,408),(870,'','2023-10-06 11:37:40',26,3,408),(871,'','2023-10-06 11:37:51',37,4,408),(872,'','2023-10-06 11:37:54',40,5,408),(874,'','2023-10-06 11:38:22',62,16,408),(875,'','2023-10-06 11:38:28',52,9,408),(876,'','2023-10-06 11:38:30',55,10,408),(877,'','2023-10-06 11:38:32',58,11,408),(878,'','2023-10-06 11:38:34',60,12,408),(880,'','2023-10-06 11:38:48',76,17,408),(881,'','2023-10-06 11:38:53',46,6,408),(882,'','2023-10-06 11:38:55',81,19,408),(883,'','2023-10-06 13:27:07',5,2,404),(888,'','2023-10-07 08:02:58',65,16,4),(889,'','2023-10-07 08:03:30',52,9,4),(890,'','2023-10-07 08:03:32',53,10,4),(891,'','2023-10-07 08:03:34',56,11,4),(892,'','2023-10-07 08:03:35',60,12,4),(893,'','2023-10-07 08:03:38',68,17,4),(894,'','2023-10-07 08:03:41',45,6,4),(895,'','2023-10-07 08:03:42',81,19,4),(900,'Software Engineer','2023-10-07 08:13:21',1,14,378),(901,'Punjab Technical University','2023-10-07 08:13:26',1,15,378),(902,'','2023-10-07 08:13:30',64,16,378),(904,'Work With Beautiful Thinks','2023-10-07 08:15:43',1,13,4),(905,'Software Engineer','2023-10-07 08:16:29',1,14,4),(906,'','2023-10-07 08:16:36',5,2,NULL),(907,'Meerut Institute Of Engineering And Technology','2023-10-07 08:16:42',1,15,4),(908,'Ficode Software Technologies Private Limited','2023-10-07 08:17:46',1,13,NULL),(909,'Senior Software Enginee ','2023-10-07 08:18:11',1,14,NULL),(910,'Punjab Technical University BGPC Campus','2023-10-07 08:18:41',1,15,NULL),(916,'','2023-10-07 13:42:58',5,2,428),(920,'','2023-10-09 04:29:36',64,16,2),(921,'Development','2023-10-09 04:36:00',1,13,2),(922,'Software Engineer','2023-10-09 04:36:01',1,14,2),(923,'Meerut Institute Of Engineering And Technology','2023-10-09 04:36:09',1,15,2),(967,'','2023-10-09 06:18:27',1,14,432),(970,'Ndndjxjdjd Nfifjfjgj Ifitiitit Fjtiitit Riidirrjdidir Odoriotitfifoitit Ififitit Burjrjntbtjtutjtjririirir Uritiitititit Bfjjtjrjtbt Irititijtjtjrjtjtjjt','2023-10-09 06:19:32',1,13,432),(974,'Xbbxbxbfbnfbfnfnfnnfjfjfnjfjftjjtjtjtjjttjfjfjjfjfjtjtjtjt Jfjjgjtjyjjtjt Jrjjrjtjtjtjrjt Jrjjrjtjtjtj Jjrjfjjfjfjjg Rjjtjfjjtjt Fjjtjtjtjjtjtjt Jrufjfjtjjrjejeje Djjdjrjrjfj','2023-10-09 06:20:25',1,15,432),(978,'','2023-10-09 06:21:10',65,16,432),(983,'','2023-10-09 07:11:11',5,2,4),(984,'','2023-10-09 07:17:18',7,2,432),(985,'','2023-10-09 07:17:19',2,1,432),(986,'','2023-10-09 07:17:23',27,3,432),(988,'Ficode Software Solutions Pvt. Ltd. Mohali Hahhw Hahhw Hwhhw Hhwhw Hjwj Jjwjw Hwujw Hhwhwh Jjwjwj Jjwjjw Jjsjwj Jwjjwjwj Jwujwjw Jwjjwjw','2023-10-09 08:51:02',1,13,378),(1006,'','2023-10-09 12:20:08',8,2,435),(1010,'','2023-10-09 18:55:26',5,2,NULL),(1011,'','2023-10-09 18:55:29',3,1,NULL),(1012,'','2023-10-09 18:55:33',26,3,NULL),(1013,'','2023-10-09 19:25:54',5,2,458),(1014,'','2023-10-09 19:25:56',3,1,458),(1015,'','2023-10-09 19:26:00',26,3,458),(1016,'','2023-10-09 19:26:07',38,4,458),(1017,'','2023-10-09 19:28:57',41,5,458),(1018,'Ficode Software Solutions Pvt','2023-10-09 19:29:16',1,13,458),(1019,'Software Engineer','2023-10-09 19:29:33',1,14,458),(1020,'','2023-10-09 19:29:56',64,16,458),(1021,'','2023-10-09 19:30:02',51,9,458),(1022,'','2023-10-09 19:30:03',54,10,458),(1023,'','2023-10-09 19:30:04',57,11,458),(1024,'','2023-10-09 19:30:06',60,12,458),(1025,'','2023-10-09 19:30:11',73,17,458),(1026,'','2023-10-09 19:30:14',44,6,458),(1027,'','2023-10-09 19:30:18',84,19,458),(1034,'','2023-10-10 03:48:07',7,2,NULL),(1037,'','2023-10-10 05:02:27',5,2,462),(1038,'','2023-10-10 05:02:28',2,1,462),(1039,'','2023-10-10 05:02:32',26,3,462),(1040,'','2023-10-10 05:02:37',38,4,462),(1041,'','2023-10-10 05:02:39',40,5,462),(1054,'Hehehhehe','2023-10-10 05:51:55',1,14,464),(1055,'Babanan','2023-10-10 05:51:58',1,15,464),(1056,'','2023-10-10 05:52:00',63,16,464),(1068,'','2023-10-10 05:59:23',52,9,465),(1069,'','2023-10-10 05:59:24',55,10,465),(1070,'','2023-10-10 05:59:27',58,11,465),(1071,'','2023-10-10 05:59:30',61,12,465),(1073,'','2023-10-10 05:59:58',45,6,465),(1121,'aaaaa','2023-10-10 06:32:00',1,13,462),(1122,'bbbbb','2023-10-10 06:32:00',1,14,462),(1123,'','2023-10-10 06:32:00',63,16,462),(1124,'ccccc','2023-10-10 06:32:00',1,15,462),(1133,'','2023-10-10 08:07:44',5,2,378),(1137,'','2023-10-10 08:08:32',4,1,378),(1145,'','2023-10-10 11:19:02',5,2,469),(1146,'','2023-10-10 11:19:04',3,1,469),(1147,'','2023-10-10 11:19:08',26,3,469),(1148,'','2023-10-10 11:19:12',38,4,469),(1149,'','2023-10-10 11:19:14',41,5,469),(1154,'','2023-10-10 11:22:38',51,9,469),(1155,'','2023-10-10 11:22:40',54,10,469),(1156,'','2023-10-10 11:22:41',57,11,469),(1157,'','2023-10-10 11:22:42',60,12,469),(1158,'','2023-10-10 11:22:50',73,17,469),(1160,'','2023-10-10 11:22:59',44,6,469),(1161,'','2023-10-10 11:23:02',83,19,469),(1163,'','2023-10-10 11:49:19',5,2,468),(1164,'','2023-10-10 11:49:22',4,1,468),(1165,'','2023-10-10 11:49:36',28,3,468),(1166,'','2023-10-10 11:49:43',37,4,468),(1167,'','2023-10-10 11:49:49',42,5,468),(1168,'','2023-10-10 11:49:53',52,9,468),(1169,'','2023-10-10 11:49:55',54,10,468),(1170,'','2023-10-10 11:49:56',58,11,468),(1171,'','2023-10-10 11:49:58',60,12,468),(1172,'','2023-10-10 11:50:46',73,17,468),(1173,'','2023-10-10 11:50:52',46,6,468),(1174,'','2023-10-10 11:50:56',81,19,468),(1175,'','2023-10-10 13:00:05',56,11,464),(1178,'','2023-10-10 13:31:11',5,2,464),(1179,'','2023-10-10 13:37:02',5,2,470),(1180,'','2023-10-10 13:37:04',2,1,470),(1182,'','2023-10-10 13:37:10',37,4,470),(1183,'','2023-10-10 13:37:11',42,5,470),(1184,'','2023-10-10 13:37:28',50,9,470),(1185,'','2023-10-10 13:37:29',59,12,470),(1186,'','2023-10-10 13:37:32',78,17,470),(1187,'','2023-10-10 13:37:35',79,19,470),(1188,'','2023-10-10 13:37:36',45,6,470),(1189,'Hhhhhsajj','2023-10-10 13:52:40',1,13,464),(1190,'','2023-10-11 04:40:08',30,3,470),(1211,'','2023-10-11 06:06:30',62,16,460),(1230,'','2023-10-11 06:25:04',64,16,469),(1261,'Microsoft... Google Facebook..','2023-10-11 06:28:15',1,13,469),(1262,'Software Engg.','2023-10-11 06:28:15',1,14,469),(1263,'Punjab Technical University - Campus','2023-10-11 06:28:15',1,15,469),(1264,'Uii','2023-10-11 06:30:41',1,13,460),(1265,'My Job','2023-10-11 06:30:41',1,14,460),(1266,'My Collage','2023-10-11 06:30:41',1,15,460),(1267,'','2023-10-11 06:49:15',5,2,473),(1268,'','2023-10-11 06:49:19',3,1,473),(1269,'','2023-10-11 06:49:23',26,3,473),(1270,'','2023-10-11 06:49:28',38,4,473),(1271,'','2023-10-11 06:49:30',41,5,473),(1279,'','2023-10-11 06:51:09',64,16,473),(1282,'Ficode Software Solutions Pvt. Ltd.','2023-10-11 06:51:12',1,13,473),(1283,'Software Engineer','2023-10-11 06:51:12',1,14,473),(1284,'Punjab Technical University','2023-10-11 06:51:12',1,15,473),(1285,'','2023-10-11 06:51:15',51,9,473),(1286,'','2023-10-11 06:51:24',54,10,473),(1287,'','2023-10-11 06:51:26',57,11,473),(1288,'','2023-10-11 06:51:27',60,12,473),(1289,'','2023-10-11 06:51:35',73,17,473),(1290,'','2023-10-11 06:51:38',44,6,473),(1291,'','2023-10-11 06:51:40',81,19,473),(1311,'','2023-10-11 07:02:02',64,16,NULL),(1318,'Wdfsdfsdfsdf','2023-10-11 07:02:17',1,13,NULL),(1319,'SEssdfsdfds','2023-10-11 07:02:17',1,14,NULL),(1320,'','2023-10-11 07:02:17',1,15,NULL),(1321,'','2023-10-11 07:20:25',7,2,474),(1322,'','2023-10-11 07:20:34',4,1,474),(1323,'','2023-10-11 07:20:59',27,3,474),(1324,'','2023-10-11 07:21:02',37,4,474),(1325,'','2023-10-11 07:21:04',40,5,474),(1339,'','2023-10-11 07:21:28',55,10,474),(1340,'','2023-10-11 07:21:33',68,17,474),(1343,'','2023-10-11 07:21:49',45,6,474),(1344,'','2023-10-11 07:34:13',6,2,475),(1346,'','2023-10-11 07:34:16',2,1,475),(1347,'','2023-10-11 07:34:19',27,3,475),(1355,'','2023-10-11 07:35:12',63,16,475),(1358,'Meerut','2023-10-11 07:35:14',1,15,475),(1359,'Software Engineer','2023-10-11 07:35:14',1,14,475),(1360,'My Attitude','2023-10-11 07:35:14',1,13,475),(1361,'','2023-10-11 07:35:16',50,9,475),(1362,'','2023-10-11 07:35:18',55,10,475),(1363,'','2023-10-11 07:35:20',58,11,475),(1364,'','2023-10-11 07:35:22',61,12,475),(1365,'','2023-10-11 07:35:27',70,17,475),(1366,'','2023-10-11 07:35:30',45,6,475),(1367,'','2023-10-11 07:35:33',84,19,475),(1375,'','2023-10-11 09:10:13',62,16,474),(1376,'','2023-10-11 11:35:31',3,1,464),(1379,'','2023-10-11 11:35:43',37,4,464),(1382,'','2023-10-11 11:37:43',50,9,464),(1384,'','2023-10-11 11:38:25',76,17,464),(1385,'','2023-10-11 11:38:35',55,10,464),(1389,'','2023-10-11 12:31:34',3,1,NULL),(1403,'','2023-10-11 17:19:31',7,2,460),(1404,'','2023-10-11 17:19:35',3,1,460),(1405,'','2023-10-11 17:19:42',28,3,460),(1406,'','2023-10-11 17:20:00',39,4,460),(1409,'','2023-10-11 17:20:13',41,5,460),(1412,'','2023-10-11 17:20:26',52,9,460),(1413,'','2023-10-11 17:20:32',61,12,460),(1414,'','2023-10-11 17:20:38',78,17,460),(1415,'','2023-10-11 17:20:43',79,19,460),(1417,'','2023-10-11 17:21:16',54,10,460),(1418,'','2023-10-11 17:21:21',57,11,460),(1420,'','2023-10-11 20:43:55',5,2,380),(1421,'','2023-10-11 20:44:21',3,1,380),(1422,'','2023-10-11 20:44:40',34,3,380),(1423,'','2023-10-11 20:44:54',38,4,380),(1424,'','2023-10-11 20:45:07',42,5,380),(1425,'','2023-10-11 20:46:03',52,9,380),(1426,'','2023-10-11 20:46:06',54,10,380),(1427,'','2023-10-11 20:46:10',57,11,380),(1428,'','2023-10-11 20:46:16',60,12,380),(1429,'','2023-10-11 20:46:35',74,17,380),(1430,'','2023-10-11 20:46:45',44,6,380),(1431,'','2023-10-11 20:46:51',79,19,380),(1433,'','2023-10-12 05:51:46',5,2,479),(1434,'','2023-10-12 05:51:48',3,1,479),(1435,'','2023-10-12 05:51:52',26,3,479),(1436,'','2023-10-12 05:51:56',38,4,479),(1437,'','2023-10-12 05:51:59',41,5,479),(1446,'','2023-10-12 05:52:45',64,16,479),(1451,'','2023-10-12 05:52:50',51,9,479),(1452,'','2023-10-12 05:52:51',54,10,479),(1453,'','2023-10-12 05:52:52',57,11,479),(1454,'','2023-10-12 05:52:54',60,12,479),(1455,'','2023-10-12 05:53:00',73,17,479),(1456,'','2023-10-12 05:53:04',44,6,479),(1457,'','2023-10-12 05:53:06',84,19,479),(1460,'','2023-10-12 06:15:11',37,4,483),(1461,'','2023-10-12 06:15:23',42,5,483),(1462,'','2023-10-12 06:15:28',52,9,483),(1463,'','2023-10-12 06:15:30',53,10,483),(1464,'','2023-10-12 06:15:39',56,11,483),(1465,'','2023-10-12 06:16:03',78,17,483),(1466,'','2023-10-12 06:16:06',79,19,483),(1467,'','2023-10-12 06:16:08',45,6,483),(1468,'','2023-10-12 06:29:17',7,2,483),(1472,'','2023-10-12 06:41:02',5,2,478),(1473,'','2023-10-12 06:41:07',3,1,478),(1474,'','2023-10-12 06:41:22',34,3,478),(1475,'','2023-10-12 06:41:28',38,4,478),(1476,'','2023-10-12 06:41:39',42,5,478),(1477,'','2023-10-12 06:42:07',64,16,478),(1478,'','2023-10-12 06:42:14',51,9,478),(1479,'','2023-10-12 06:42:16',54,10,478),(1480,'','2023-10-12 06:42:19',57,11,478),(1481,'','2023-10-12 06:42:22',60,12,478),(1482,'','2023-10-12 06:42:28',72,17,478),(1483,'','2023-10-12 06:42:33',44,6,478),(1484,'','2023-10-12 06:42:44',84,19,478),(1488,'','2023-10-12 07:15:07',64,16,483),(1509,'','2023-10-12 07:20:17',3,1,483),(1522,'','2023-10-12 07:24:27',80,19,465),(1532,'At google ','2023-10-12 07:25:26',1,13,483),(1533,'Project owner    ','2023-10-12 07:25:26',1,14,483),(1534,'chan','2023-10-12 07:25:26',1,15,483),(1546,'','2023-10-12 10:44:14',4,1,465),(1549,'','2023-10-12 10:44:35',38,4,465),(1550,'','2023-10-12 10:44:41',42,5,465),(1559,'','2023-10-12 11:01:24',8,2,465),(1560,'','2023-10-12 11:07:13',32,3,465),(1561,'','2023-10-12 11:09:21',7,2,484),(1562,'','2023-10-12 11:09:23',3,1,484),(1563,'','2023-10-12 11:09:29',32,3,484),(1564,'','2023-10-12 11:09:36',37,4,484),(1565,'','2023-10-12 11:10:02',7,2,NULL),(1566,'','2023-10-12 11:10:03',2,1,NULL),(1567,'','2023-10-12 11:10:06',27,3,NULL),(1568,'','2023-10-12 11:10:08',39,4,NULL),(1569,'','2023-10-12 11:10:09',42,5,NULL),(1583,'','2023-10-12 11:10:36',64,16,NULL),(1584,'google ','2023-10-12 11:10:37',1,13,NULL),(1585,'DAV','2023-10-12 11:10:37',1,15,NULL),(1586,'project management ','2023-10-12 11:10:37',1,14,NULL),(1587,'','2023-10-12 11:10:38',52,9,NULL),(1588,'','2023-10-12 11:10:39',54,10,NULL),(1589,'','2023-10-12 11:10:41',56,11,NULL),(1590,'','2023-10-12 11:10:44',59,12,NULL),(1591,'','2023-10-12 11:10:47',78,17,NULL),(1592,'','2023-10-12 11:10:50',44,6,NULL),(1593,'','2023-10-12 11:10:51',79,19,NULL),(1597,'','2023-10-12 13:55:03',4,1,4),(1599,'','2023-10-12 16:52:45',71,17,465),(1600,'','2023-10-12 17:09:06',5,2,487),(1602,'','2023-10-12 17:09:17',3,1,487),(1603,'','2023-10-12 17:09:29',34,3,487),(1604,'','2023-10-12 17:09:41',39,4,487),(1605,'','2023-10-12 17:09:55',42,5,487),(1606,'','2023-10-12 17:10:03',5,2,NULL),(1607,'','2023-10-12 17:10:09',3,1,NULL),(1608,'','2023-10-12 17:10:18',34,3,NULL),(1609,'','2023-10-12 17:10:26',37,4,NULL),(1610,'','2023-10-12 17:10:30',42,5,NULL),(1611,'','2023-10-12 17:10:46',66,16,487),(1613,'Elon','2023-10-12 17:10:56',1,15,487),(1614,'','2023-10-12 17:11:02',52,9,487),(1618,'','2023-10-12 17:11:13',55,10,487),(1619,'','2023-10-12 17:11:16',58,11,487),(1621,'','2023-10-12 17:11:20',61,12,487),(1622,'','2023-10-12 17:11:28',74,17,487),(1623,'','2023-10-12 17:11:31',54,10,NULL),(1624,'','2023-10-12 17:11:33',52,9,NULL),(1625,'','2023-10-12 17:11:35',57,11,NULL),(1626,'','2023-10-12 17:11:38',60,12,NULL),(1628,'','2023-10-12 17:11:49',46,6,487),(1629,'','2023-10-12 17:11:51',80,19,487),(1630,'','2023-10-12 17:11:54',77,17,NULL),(1631,'','2023-10-12 17:12:00',46,6,NULL),(1632,'','2023-10-12 17:12:05',84,19,NULL),(1634,'','2023-10-12 17:17:54',64,16,NULL),(1637,'','2023-10-12 17:25:29',5,2,488),(1638,'','2023-10-12 17:25:31',3,1,488),(1639,'','2023-10-12 17:25:34',26,3,488),(1640,'','2023-10-12 17:25:37',38,4,488),(1641,'','2023-10-12 17:25:39',41,5,488),(1655,'','2023-10-12 17:26:12',64,16,488),(1656,'Software Solutions Engineer','2023-10-12 17:26:15',1,14,488),(1657,'Punjab Technical University (Campus)','2023-10-12 17:26:15',1,15,488),(1658,'Ficode Software Solutions Private Limited','2023-10-12 17:26:15',1,13,488),(1659,'','2023-10-12 17:26:17',51,9,488),(1660,'','2023-10-12 17:26:18',54,10,488),(1661,'','2023-10-12 17:26:19',57,11,488),(1662,'','2023-10-12 17:26:21',60,12,488),(1664,'','2023-10-12 17:26:28',73,17,488),(1665,'','2023-10-12 17:26:30',44,6,488),(1666,'','2023-10-12 17:26:32',84,19,488),(1802,'','2023-10-13 05:23:23',62,16,465),(1892,'mas','2023-10-13 05:32:04',1,13,465),(1893,'mas','2023-10-13 05:32:04',1,13,465),(1894,'mas','2023-10-13 05:32:04',1,15,465),(1895,'mas','2023-10-13 05:32:04',1,14,465),(1896,'XOVE ','2023-10-13 06:54:57',1,13,NULL),(1897,'CEO','2023-10-13 06:54:57',1,14,NULL),(1898,'','2023-10-13 06:54:57',1,15,NULL),(1899,'','2023-10-13 15:49:49',63,16,380),(1903,'','2023-10-13 15:49:51',1,15,380),(1904,'','2023-10-13 15:49:51',1,13,380),(1905,'executive ','2023-10-13 15:49:51',1,14,380),(1930,'','2023-10-17 05:13:22',63,16,106),(1940,'developer','2023-10-17 05:13:39',1,14,106),(1941,'ficode','2023-10-17 05:13:39',1,13,106),(1942,'ptu','2023-10-17 05:13:39',1,15,106),(1959,'','2023-10-17 07:35:31',8,2,NULL),(1960,'','2023-10-17 07:35:33',4,1,NULL),(1961,'','2023-10-17 07:35:36',28,3,NULL),(1962,'','2023-10-17 07:35:40',39,4,NULL),(1963,'','2023-10-17 07:35:42',43,5,NULL),(1977,'','2023-10-17 07:36:04',62,16,NULL),(1978,'ptu','2023-10-17 07:36:06',1,15,NULL),(1979,'ficode','2023-10-17 07:36:06',1,13,NULL),(1980,'developer','2023-10-17 07:36:06',1,14,NULL),(1981,'','2023-10-17 07:36:09',52,9,NULL),(1982,'','2023-10-17 07:36:11',55,10,NULL),(1983,'','2023-10-17 07:36:13',58,11,NULL),(1984,'','2023-10-17 07:36:16',60,12,NULL),(1985,'','2023-10-17 07:36:27',76,17,NULL),(1986,'','2023-10-17 07:36:33',46,6,NULL),(1987,'','2023-10-17 07:36:36',84,19,NULL),(1988,'','2023-10-17 07:37:27',7,2,495),(1989,'','2023-10-17 07:37:29',2,1,495),(1990,'','2023-10-17 08:03:47',7,2,494),(1991,'','2023-10-17 08:03:49',3,1,494),(1992,'','2023-10-17 09:00:50',7,2,497),(1993,'','2023-10-17 09:00:51',2,1,497),(1994,'','2023-10-17 09:16:55',85,17,498),(1998,'','2023-10-18 12:44:47',5,2,499),(1999,'','2023-10-18 12:44:49',4,1,499),(2000,'','2023-10-19 07:46:31',5,2,505),(2001,'','2023-10-19 07:46:35',2,1,505),(2002,'','2023-10-19 07:46:38',26,3,505),(2003,'','2023-10-19 07:46:42',38,4,505),(2004,'','2023-10-19 07:46:44',41,5,505),(2014,'','2023-10-19 07:47:33',64,16,505),(2015,'Ficode Software Solutions Private Limited ','2023-10-19 07:47:34',1,13,505),(2016,'Senior Software Engineer','2023-10-19 07:47:34',1,14,505),(2017,'Punjab Technical University (Campus)','2023-10-19 07:47:34',1,15,505),(2018,'','2023-10-19 07:47:35',51,9,505),(2019,'','2023-10-19 07:47:36',54,10,505),(2020,'','2023-10-19 07:47:38',57,11,505),(2021,'','2023-10-19 07:47:39',60,12,505),(2022,'','2023-10-19 07:47:45',73,17,505),(2023,'','2023-10-19 07:47:48',44,6,505),(2024,'','2023-10-19 07:47:51',84,19,505),(2025,'','2023-10-19 09:42:54',28,3,507),(2026,'','2023-10-19 09:42:57',39,4,507),(2027,'','2023-10-19 09:42:58',42,5,507),(2028,'','2023-10-19 09:45:23',78,17,507),(2029,'','2023-10-19 09:45:26',79,19,507),(2030,'','2023-10-19 09:45:27',45,6,507),(2031,'','2023-10-19 09:45:41',5,2,508),(2032,'','2023-10-19 09:45:42',2,1,508),(2033,'','2023-10-19 09:45:45',27,3,508),(2034,'','2023-10-19 09:45:50',37,4,508),(2035,'','2023-10-19 09:45:51',42,5,508),(2044,'','2023-10-19 09:46:06',65,16,508),(2046,'goodwill','2023-10-19 09:46:08',1,14,508),(2047,'goodwill ','2023-10-19 09:46:08',1,13,508),(2048,'vhxbd','2023-10-19 09:46:08',1,15,508),(2049,'','2023-10-19 09:46:09',52,9,508),(2050,'','2023-10-19 09:46:10',55,10,508),(2051,'','2023-10-19 09:46:12',58,11,508),(2052,'','2023-10-19 09:46:16',61,12,508),(2053,'','2023-10-19 09:46:19',78,17,508),(2132,'','2023-10-19 11:18:05',65,16,81),(2169,'Ficode','2023-10-19 11:51:12',1,13,474),(2170,'Software Engineer','2023-10-19 11:51:12',1,14,474),(2171,'Meerut','2023-10-19 11:51:12',1,15,474),(2172,'','2023-10-19 12:01:07',41,5,81),(2173,'','2023-10-19 12:01:12',52,9,81),(2174,'','2023-10-19 12:01:13',55,10,81),(2175,'','2023-10-19 12:01:18',78,17,81),(2176,'','2023-10-19 12:01:21',79,19,81),(2177,'','2023-10-19 12:01:24',46,6,81),(2178,'project Manager','2023-10-19 12:04:16',1,14,81),(2179,'Google and Microsoft','2023-10-19 12:04:16',1,13,81),(2180,'Post graduate govt college','2023-10-19 12:04:16',1,15,81),(2181,'Ficode Software Solutions Private Limited','2023-10-20 06:21:28',1,13,479),(2182,'Ficode Software Solutions Private Limited','2023-10-20 06:21:28',1,13,479),(2183,'Software Engineer','2023-10-20 06:21:28',1,14,479),(2184,'Software Engineer','2023-10-20 06:21:28',1,14,479),(2186,'Punjab Technical University (Campus)','2023-10-20 06:21:28',1,15,479),(2187,'','2023-10-20 07:17:37',5,2,507),(2188,'','2023-10-20 07:17:40',3,1,507),(2189,'','2023-10-20 07:26:38',5,2,510),(2190,'','2023-10-20 07:26:41',3,1,510),(2191,'','2023-10-20 07:26:47',26,3,510),(2192,'','2023-10-20 07:26:51',38,4,510),(2193,'','2023-10-20 07:26:52',41,5,510),(2203,'','2023-10-20 07:27:08',64,16,510),(2204,'Ficode ','2023-10-20 07:27:10',1,13,510),(2205,'Engineer ','2023-10-20 07:27:10',1,14,510),(2206,'PTU','2023-10-20 07:27:10',1,15,510),(2207,'','2023-10-20 07:27:11',51,9,510),(2208,'','2023-10-20 07:27:13',54,10,510),(2209,'','2023-10-20 07:27:14',57,11,510),(2210,'','2023-10-20 07:27:15',60,12,510),(2211,'','2023-10-20 07:27:20',73,17,510),(2212,'','2023-10-20 07:27:23',44,6,510),(2213,'','2023-10-20 07:27:25',84,19,510),(2216,'','2023-10-20 09:39:16',1,13,468),(2217,'','2023-10-20 09:39:16',1,15,468),(2218,'','2023-10-20 09:39:16',1,15,468),(2219,'','2023-10-20 09:39:16',1,14,468),(2220,'','2023-10-20 21:13:29',34,3,511),(2221,'','2023-10-20 21:13:35',37,4,511),(2222,'','2023-10-20 21:13:38',42,5,511),(2233,'','2023-10-20 21:14:08',64,16,511),(2237,'CEO','2023-10-20 21:14:09',1,14,511),(2238,'Montana State ','2023-10-20 21:14:09',1,15,511),(2239,'XOVE ','2023-10-20 21:14:09',1,13,511),(2241,'','2023-10-20 21:14:13',52,9,511),(2243,'','2023-10-20 21:14:17',58,11,511),(2244,'','2023-10-20 21:14:22',60,12,511),(2245,'','2023-10-20 21:14:24',54,10,511),(2246,'','2023-10-20 21:14:30',77,17,511),(2247,'','2023-10-20 21:14:36',46,6,511),(2248,'','2023-10-20 21:14:39',84,19,511),(2249,'','2023-10-22 20:36:51',5,2,512),(2250,'','2023-10-22 20:36:56',4,1,512),(2251,'','2023-10-22 20:37:08',34,3,512),(2252,'','2023-10-22 20:37:16',39,4,512),(2253,'','2023-10-22 20:37:20',42,5,512),(2259,'','2023-10-22 20:37:36',64,16,512),(2261,'Hunter ','2023-10-22 20:37:38',1,15,512),(2262,'president','2023-10-22 20:37:38',1,14,512),(2263,'','2023-10-22 20:37:38',1,13,512),(2264,'','2023-10-22 20:37:42',50,9,512),(2265,'','2023-10-22 20:37:45',54,10,512),(2266,'','2023-10-22 20:37:47',56,11,512),(2267,'','2023-10-22 20:37:50',60,12,512),(2268,'','2023-10-22 20:37:58',77,17,512),(2269,'','2023-10-22 20:38:05',46,6,512),(2270,'','2023-10-22 20:38:11',84,19,512),(2273,'','2023-10-23 09:43:34',34,3,81),(2274,'','2023-10-23 10:37:46',7,2,515),(2275,'','2023-10-23 10:37:47',2,1,515),(2276,'','2023-10-23 10:37:49',27,3,515),(2277,'','2023-10-23 10:37:51',37,4,515),(2278,'','2023-10-23 10:50:33',42,5,515),(2291,'','2023-10-23 10:50:49',64,16,515),(2293,'chhsinn','2023-10-23 10:50:49',1,14,515),(2294,'google ','2023-10-23 10:50:49',1,13,515),(2295,'bbznxnxn','2023-10-23 10:50:49',1,15,515),(2296,'','2023-10-23 10:50:51',52,9,515),(2297,'','2023-10-23 10:50:52',55,10,515),(2298,'','2023-10-23 10:50:53',58,11,515),(2299,'','2023-10-23 14:41:11',5,2,517),(2300,'','2023-10-23 14:41:16',3,1,517),(2301,'','2023-10-23 14:41:29',34,3,517),(2302,'','2023-10-23 14:41:41',37,4,517),(2303,'','2023-10-23 14:41:46',42,5,517),(2315,'','2023-10-23 14:42:16',64,16,517),(2317,'CEO','2023-10-23 14:42:18',1,14,517),(2318,'XOVE ','2023-10-23 14:42:18',1,13,517),(2319,'','2023-10-23 14:42:18',1,15,517),(2320,'','2023-10-23 14:42:22',52,9,517),(2321,'','2023-10-23 14:42:25',54,10,517),(2322,'','2023-10-23 14:42:29',58,11,517),(2323,'','2023-10-23 14:42:33',60,12,517),(2324,'','2023-10-23 14:42:46',77,17,517),(2325,'','2023-10-23 14:43:05',46,6,517),(2326,'','2023-10-23 14:43:13',82,19,517),(2327,'','2023-10-23 16:04:21',5,2,518),(2328,'','2023-10-23 16:04:24',3,1,518),(2329,'','2023-10-23 16:04:29',27,3,518),(2330,'','2023-10-23 16:04:33',39,4,518),(2331,'','2023-10-23 16:04:36',42,5,518),(2332,'','2023-10-23 16:04:44',54,10,518),(2333,'','2023-10-23 16:04:46',57,11,518),(2334,'','2023-10-23 16:04:47',52,9,518),(2335,'','2023-10-23 16:04:49',60,12,518),(2336,'','2023-10-23 16:04:54',78,17,518),(2337,'','2023-10-23 16:04:59',81,19,518),(2338,'','2023-10-23 16:05:01',44,6,518),(2339,'','2023-10-23 16:34:10',5,2,519),(2340,'','2023-10-23 16:34:13',3,1,519),(2341,'','2023-10-23 16:34:18',26,3,519),(2342,'','2023-10-23 16:34:21',38,4,519),(2343,'','2023-10-23 16:34:23',41,5,519),(2344,'','2023-10-23 16:34:27',1,14,519),(2345,'','2023-10-23 16:34:27',1,15,519),(2346,'','2023-10-23 16:34:27',1,13,519),(2347,'','2023-10-23 16:34:29',51,9,519),(2348,'','2023-10-23 16:34:30',54,10,519),(2349,'','2023-10-23 16:34:31',57,11,519),(2351,'','2023-10-23 16:34:37',73,17,519),(2352,'','2023-10-23 16:41:27',5,2,520),(2353,'','2023-10-23 16:41:31',3,1,520),(2354,'','2023-10-23 17:29:58',5,2,504),(2355,'','2023-10-23 17:29:59',4,1,504),(2356,'','2023-10-23 17:56:22',5,2,521),(2357,'','2023-10-23 17:56:24',2,1,521),(2358,'','2023-10-23 20:45:37',5,2,523),(2359,'','2023-10-23 20:45:39',4,1,523),(2360,'','2023-10-23 20:45:44',34,3,523),(2361,'','2023-10-23 20:45:48',39,4,523),(2362,'','2023-10-23 20:45:51',43,5,523),(2370,'','2023-10-23 20:46:08',67,16,523),(2373,'goldman','2023-10-23 20:46:08',1,13,523),(2374,'','2023-10-23 20:46:08',1,15,523),(2375,'ceo','2023-10-23 20:46:08',1,14,523),(2376,'','2023-10-23 20:46:10',52,9,523),(2377,'','2023-10-23 20:46:12',55,10,523),(2378,'','2023-10-23 20:46:14',56,11,523),(2379,'','2023-10-23 20:46:15',60,12,523),(2380,'','2023-10-23 20:46:22',85,17,523),(2381,'','2023-10-23 20:46:28',46,6,523),(2382,'','2023-10-23 20:46:30',84,19,523),(2383,'','2023-10-25 14:10:06',5,2,511),(2384,'','2023-10-25 14:10:08',3,1,511),(2385,'','2023-10-31 00:49:15',5,2,525),(2386,'','2023-10-31 00:49:18',3,1,525),(2387,'','2023-10-31 00:49:26',34,3,525),(2388,'','2023-10-31 00:49:33',37,4,525),(2389,'','2023-10-31 00:49:38',42,5,525),(2398,'','2023-10-31 00:50:12',64,16,525),(2400,'Bucknell University ','2023-10-31 00:50:15',1,15,525),(2401,'Managing Director ','2023-10-31 00:50:15',1,14,525),(2402,'Investment Banking','2023-10-31 00:50:15',1,13,525),(2403,'','2023-10-31 00:50:20',52,9,525),(2404,'','2023-10-31 00:50:21',54,10,525),(2405,'','2023-10-31 00:50:23',57,11,525),(2406,'','2023-10-31 00:50:25',60,12,525),(2407,'','2023-10-31 00:50:40',77,17,525),(2410,'','2023-10-31 00:50:50',46,6,525),(2411,'','2023-10-31 00:50:56',84,19,525),(2412,'','2023-11-02 17:31:14',5,2,527),(2413,'','2023-11-02 17:31:17',4,1,527),(2414,'','2023-11-02 17:31:50',34,3,527),(2416,'','2023-11-02 17:31:58',37,4,527),(2422,'','2023-11-02 17:32:15',64,16,527),(2424,'aww yeah','2023-11-02 17:32:16',1,14,527),(2425,'','2023-11-02 17:32:16',1,15,527),(2426,'maunchpad','2023-11-02 17:32:16',1,13,527),(2427,'','2023-11-02 17:32:18',51,9,527),(2428,'','2023-11-02 17:32:21',54,10,527),(2429,'','2023-11-02 17:32:24',56,11,527),(2430,'','2023-11-02 17:32:28',60,12,527),(2431,'','2023-11-02 17:32:38',78,17,527),(2432,'','2023-11-02 17:32:48',46,6,527),(2433,'','2023-11-02 17:32:53',79,19,527),(2434,'','2023-11-02 20:18:48',6,2,528),(2435,'','2023-11-02 20:18:54',4,1,528),(2436,'','2023-11-02 20:19:01',34,3,528),(2437,'','2023-11-02 20:19:10',37,4,528),(2438,'','2023-11-02 20:19:13',42,5,528),(2439,'','2023-11-02 20:19:46',66,16,528),(2443,'','2023-11-02 20:19:48',1,13,528),(2444,'Washington University in St. Louis','2023-11-02 20:19:48',1,15,528),(2445,'','2023-11-02 20:19:48',1,14,528),(2446,'','2023-11-02 20:19:50',50,9,528),(2447,'','2023-11-02 20:19:52',54,10,528),(2448,'','2023-11-02 20:19:54',56,11,528),(2449,'','2023-11-02 20:19:57',60,12,528),(2450,'','2023-11-02 20:20:04',74,17,528),(2451,'','2023-11-02 20:20:10',46,6,528),(2452,'','2023-11-02 20:20:12',84,19,528),(2453,'','2023-11-08 22:47:45',5,2,529),(2455,'','2023-11-08 22:47:53',3,1,529),(2456,'','2023-11-08 22:48:02',26,3,529),(2457,'','2023-11-08 22:48:05',40,5,529),(2458,'','2023-11-08 22:48:07',38,4,529),(2459,'','2023-11-09 09:43:41',5,2,531),(2460,'','2023-11-09 09:43:45',3,1,531),(2461,'','2023-11-09 09:43:52',34,3,531),(2462,'','2023-11-09 09:44:00',38,4,531),(2463,'','2023-11-09 09:44:03',40,5,531),(2467,'','2023-11-09 09:44:14',1,14,531),(2468,'','2023-11-09 09:44:14',1,13,531),(2469,'','2023-11-09 09:44:14',1,15,531),(2472,'','2023-11-09 10:03:35',2,1,530),(2474,'','2023-11-09 10:03:50',6,2,530),(2476,'','2023-11-09 10:04:20',26,3,530),(2477,'','2023-11-09 10:05:00',39,4,530),(2479,'','2023-11-09 10:05:08',41,5,530),(2486,'','2023-11-09 10:05:28',64,16,530),(2490,' test','2023-11-09 10:05:35',1,14,530),(2491,'work test','2023-11-09 10:05:35',1,13,530),(2492,'ollege','2023-11-09 10:05:35',1,15,530),(2493,'','2023-11-09 10:05:41',52,9,530),(2494,'','2023-11-09 10:05:43',55,10,530),(2495,'','2023-11-09 10:05:45',58,11,530),(2496,'','2023-11-09 10:05:49',60,12,530),(2497,'','2023-11-09 10:05:58',85,17,530),(2498,'','2023-11-09 10:10:41',81,19,530),(2499,'','2023-11-09 10:10:43',44,6,530);

--
-- Table structure for table `UserHearAboutUsFroms`
--

CREATE TABLE `UserHearAboutUsFroms` (
  `id` int NOT NULL AUTO_INCREMENT,
  `createdAt` datetime NOT NULL,
  `hearAboutUsFromId` int DEFAULT NULL,
  `userId` int DEFAULT NULL,
  PRIMARY KEY (`id`),
  KEY `hearAboutUsFromId` (`hearAboutUsFromId`),
  KEY `userId` (`userId`),
  CONSTRAINT `UserHearAboutUsFroms_ibfk_1` FOREIGN KEY (`hearAboutUsFromId`) REFERENCES `HearAboutUsFroms` (`id`) ON DELETE SET NULL ON UPDATE CASCADE,
  CONSTRAINT `UserHearAboutUsFroms_ibfk_2` FOREIGN KEY (`userId`) REFERENCES `Users` (`id`) ON DELETE SET NULL ON UPDATE CASCADE
) ENGINE=InnoDB AUTO_INCREMENT=24 DEFAULT CHARSET=utf8mb4 COLLATE=utf8mb4_0900_ai_ci;

--
-- Dumping data for table `UserHearAboutUsFroms`
--

INSERT INTO `UserHearAboutUsFroms` VALUES (1,'2022-11-16 06:26:28',1,7),(2,'2022-11-16 06:38:21',2,7),(3,'2022-11-16 06:38:31',4,7),(4,'2022-11-17 08:34:35',2,11),(5,'2022-11-17 10:27:01',2,7),(6,'2022-11-18 06:03:05',1,34),(7,'2022-11-18 06:03:15',1,34),(9,'2022-12-14 07:32:03',2,NULL),(10,'2022-12-14 12:05:46',2,51),(11,'2022-12-14 12:08:59',2,50),(12,'2022-12-15 05:38:45',3,NULL),(13,'2022-12-15 06:19:21',2,NULL),(14,'2022-12-15 06:19:34',1,NULL),(15,'2022-12-15 06:19:59',1,NULL),(16,'2022-12-15 11:00:56',4,6),(17,'2022-12-15 11:50:58',3,6),(18,'2022-12-15 11:52:24',1,6),(19,'2022-12-15 11:53:21',3,6),(20,'2022-12-15 12:16:07',1,NULL),(21,'2022-12-15 12:47:38',2,NULL),(22,'2022-12-15 12:54:15',1,NULL),(23,'2022-12-16 07:13:00',2,52);

--
-- Table structure for table `UserOnlineLogs`
--

CREATE TABLE `UserOnlineLogs` (
  `id` int NOT NULL AUTO_INCREMENT,
  `onTimestamp` int NOT NULL DEFAULT '0',
  `offTimestamp` int NOT NULL DEFAULT '0',
  `userId` int DEFAULT NULL,
  PRIMARY KEY (`id`),
  KEY `userId` (`userId`),
  CONSTRAINT `UserOnlineLogs_ibfk_1` FOREIGN KEY (`userId`) REFERENCES `Users` (`id`) ON DELETE SET NULL ON UPDATE CASCADE
) ENGINE=InnoDB AUTO_INCREMENT=7120 DEFAULT CHARSET=utf8mb4 COLLATE=utf8mb4_0900_ai_ci;

--
-- Dumping data for table `UserOnlineLogs`
--

INSERT INTO `UserOnlineLogs` VALUES (1,1672986171,1672990175,50),(2,1673001305,1673003016,173),(3,1673003057,1673009457,173),(4,1673009723,1673010129,173),(5,1673010138,1673011062,173),(6,1673011107,1673012228,173),(7,1673012245,1673012258,173),(8,1673012874,1673016405,173),(9,1673013207,1673013245,50),(10,1673013264,1673013274,50),(11,1673013460,1673013477,50),(12,1673013479,1673013491,50),(13,1673013537,1673013540,50),(14,1673013573,1673013582,50),(15,1673013585,1673013622,50),(16,1673017151,1673017941,173),(17,1673018044,1673018053,173),(18,1673018058,1673018062,173),(19,1673018161,1673018162,173),(20,1673018165,1673018167,173),(21,1673018172,1673018177,173),(22,1673018179,1673018238,173),(23,1673018258,1673018259,173),(24,1673018262,1673018270,173),(25,1673018273,1673077367,173),(26,1673018337,1673018646,192),(27,1673018802,1673018838,192),(28,1673019130,1673019157,192),(29,1673019278,1673090117,192),(30,1673020018,1673020060,50),(31,1673020076,1673020102,50),(32,1673020104,1673020104,50),(33,1673020113,1673063774,50),(34,1673024368,1673024369,131),(35,1673029923,1673029956,198),(36,1673029957,1673029960,198),(37,1673029962,1673029962,198),(38,1673029965,1673029966,198),(39,1673030116,1673030119,198),(40,1673030180,0,198),(41,1673063832,1673063893,50),(42,1673063935,1673063947,50),(43,1673069176,1673069386,50),(44,1673069509,1673069528,50),(45,1673069533,1673070554,50),(46,1673070639,1673070704,50),(47,1673070716,1673070726,50),(48,1673070728,1673070729,50),(49,1673070738,1673070739,50),(50,1673070746,1673070767,50),(51,1673071181,1673071241,50),(52,1673071248,1673071250,50),(53,1673071253,1673071256,50),(54,1673072668,1673072672,50),(55,1673075946,1673075986,50),(56,1673075992,1673075997,50),(57,1673076010,1673076172,50),(58,1673076248,1673076711,50),(59,1673076986,1673077046,50),(60,1673077084,1673077347,50),(61,1673077371,1673077431,50),(62,1673077441,1673077442,50),(63,1673077448,1673077458,50),(64,1673077460,1673077541,50),(65,1673077544,1673077549,50),(66,1673077561,1673077597,50),(67,1673077598,1673077602,50),(68,1673077920,1673078325,50),(69,1673078317,1673081548,173),(70,1673078624,1673078684,50),(71,1673078761,1673181887,50),(72,1673082177,1673082479,173),(73,1673082518,1673082684,173),(74,1673083280,1673087232,173),(75,1673090354,1673090435,192),(76,1673090442,1673090445,192),(77,1673090492,1673090507,192),(78,1673090549,1673090579,192),(79,1673090582,1673090584,192),(80,1673090621,1673091766,192),(81,1673092141,1673099359,173),(82,1673092225,1673092268,131),(83,1673092300,1673092305,131),(84,1673092323,1673092326,131),(85,1673093289,1673093698,192),(86,1673096056,1673096058,201),(87,1673096092,1673096109,201),(88,1673096113,1673096297,201),(89,1673096334,1673096337,201),(90,1673096448,1673096592,201),(91,1673096643,1673097357,201),(92,1673097105,1673097128,202),(93,1673097358,1673097365,201),(94,1673098124,1673098132,202),(95,1673098185,1673099319,202),(96,1673098402,1673098439,203),(97,1673099939,1673100907,173),(98,1673101314,1673101909,202),(99,1673101973,1673102036,201),(100,1673102056,1673102085,201),(101,1673102317,1673102320,201),(102,1673102320,1673102365,201),(103,1673117389,1673117487,201),(104,1673117487,1673117490,201),(105,1673117574,1673238117,201),(106,1673117610,1673117630,202),(107,1673117634,1673117642,202),(108,1673117652,1673117654,202),(109,1673117658,1673117658,202),(110,1673117671,1673117701,202),(111,1673117703,1673117705,202),(112,1673117708,1673117710,202),(113,1673117711,1673117717,202),(114,1673117719,1673117721,202),(115,1673117770,1673117772,202),(116,1673117790,1673117804,202),(117,1673117805,1673117813,202),(118,1673117821,1673117822,202),(119,1673117824,1673117830,202),(120,1673117832,1673117843,202),(121,1673117844,1673117845,202),(122,1673117848,1673117849,202),(123,1673117851,1673117852,202),(124,1673117860,1673117861,202),(125,1673117864,1673117869,202),(126,1673117874,1673117877,202),(127,1673117888,1673117892,202),(128,1673117895,1673117900,202),(129,1673117909,1673117927,202),(130,1673117948,1673117955,202),(131,1673117956,1673117961,202),(132,1673117975,1673118014,202),(133,1673118022,1673118026,202),(134,1673118027,1673118037,202),(135,1673118053,1673118058,202),(136,1673118059,1673118068,202),(137,1673118069,1673118081,202),(138,1673118081,1673118084,202),(139,1673118096,1673118100,202),(140,1673118101,1673118123,202),(141,1673118134,1673118142,202),(142,1673118167,1673118177,202),(143,1673118180,1673118196,202),(144,1673118201,1673118216,202),(145,1673118226,1673118275,202),(146,1673118286,1673118311,202),(147,1673118326,1673118330,202),(148,1673118335,1673118343,202),(149,1673118358,1673118361,202),(150,1673118438,1673118465,202),(151,1673118480,1673118519,202),(152,1673156288,1673156352,192),(153,1673156372,1673156373,192),(154,1673156375,1673156412,192),(155,1673157707,1673157713,192),(156,1673188353,1673188583,50),(157,1673188848,1673188854,50),(158,1673188884,1673188924,50),(159,1673188933,1673188980,50),(160,1673189119,1673189134,50),(161,1673189180,1673189270,50),(162,1673189316,1673189431,50),(163,1673189477,1673189479,50),(164,1673189525,1673189568,50),(165,1673189617,1673189619,50),(166,1673189666,1673189672,50),(167,1673189716,1673189752,50),(168,1673189798,1673189853,50),(169,1673189868,1673189870,50),(170,1673189916,1673189926,50),(171,1673189972,1673189973,50),(172,1673190003,1673190004,50),(173,1673190020,1673190025,50),(174,1673190070,1673190107,50),(175,1673190163,1673190165,50),(176,1673190211,1673190213,50),(177,1673190259,1673190291,50),(178,1673190326,1673190372,50),(179,1673190423,1673190451,50),(180,1673190454,1673190500,50),(181,1673190512,1673190548,50),(182,1673190551,1673190597,50),(183,1673190613,1673190649,50),(184,1673190651,1673190695,50),(185,1673190697,1673190744,50),(186,1673190881,1673190899,50),(187,1673191002,1673191382,50),(188,1673191397,1673191400,50),(189,1673191407,1673191414,50),(190,1673191471,1673191520,50),(191,1673191562,1673191665,50),(192,1673191792,1673191892,50),(193,1673191951,1673191957,50),(194,1673192020,1673192086,50),(195,1673192087,1673192088,50),(196,1673192091,1673192138,50),(197,1673192143,1673192395,50),(198,1673192431,1673192442,50),(199,1673192996,1673193000,50),(200,1673193002,1673193016,50),(201,1673193018,1673193020,50),(202,1673193032,1673193034,50),(203,1673193035,1673193036,50),(204,1673193096,1673193103,50),(205,1673193120,1673193121,50),(206,1673193122,1673193124,50),(207,1673193161,1673193184,50),(208,1673193196,1673193199,50),(209,1673193204,1673193208,50),(210,1673193356,1673193360,50),(211,1673193361,1673193371,50),(212,1673193504,1673193526,50),(213,1673193527,1673193542,50),(214,1673193544,1673193552,50),(215,1673193584,1673193599,50),(216,1673193613,1673193622,50),(217,1673193781,1673193796,50),(218,1673193815,1673193819,50),(219,1673193825,1673193855,50),(220,1673193865,1673193911,50),(221,1673193933,1673193939,50),(222,1673193956,1673193958,50),(223,1673193959,1673193960,50),(224,1673194074,1673194075,50),(225,1673194077,1673194083,50),(226,1673194096,1673194103,50),(227,1673194104,1673194135,50),(228,1673194145,1673194176,50),(229,1673195541,1673195547,50),(230,1673195566,1673195568,50),(231,1673195595,1673195625,50),(232,1673195643,1673195673,50),(233,1673195745,1673195776,50),(234,1673195870,1673195909,50),(235,1673196047,1673196126,50),(236,1673196143,1673236032,50),(237,1673236052,1673236083,50),(238,1673236212,1673236219,50),(239,1673236805,1673236809,50),(240,1673237318,1673238557,50),(241,1673238167,1673238170,201),(242,1673238579,1673238580,50),(243,1673238581,1673238582,50),(244,1673239004,1673239008,50),(245,1673239128,1673239132,50),(246,1673247038,1673247394,201),(247,1673247406,1673247509,201),(248,1673247512,1673272724,201),(249,1673247637,1673247777,202),(250,1673247876,1673247944,202),(251,1673247953,1673247994,202),(252,1673249528,1673249532,202),(253,1673249574,1673249575,202),(254,1673254107,1673254199,192),(255,1673254201,1673254203,192),(256,1673254220,1673254240,192),(257,1673257057,0,203),(258,1673257057,0,203),(259,1673257057,1673257057,203),(260,1673257058,1673257100,203),(261,1673257102,1673257134,203),(262,1673257193,1673257198,203),(263,1673257220,1673257221,203),(264,1673257293,1673257296,203),(265,1673257305,1673257307,203),(266,1673257318,1673257321,203),(267,1673257322,1673257324,203),(268,1673257325,1673257327,203),(269,1673257328,1673257345,203),(270,1673257483,1673257690,203),(271,1673257768,1673257891,203),(272,1673257924,1673257926,203),(273,1673257940,1673258262,203),(274,1673258311,1673258401,203),(275,1673258475,1673258540,203),(276,1673258994,1673259073,203),(277,1673259162,1673259185,203),(278,1673259558,1673259739,203),(279,1673259777,1673259781,203),(280,1673259900,1673259907,203),(281,1673259930,1673259940,203),(282,1673260507,1673260608,203),(283,1673260620,1673332498,203),(284,1673260664,1673260763,202),(285,1673260809,1673260846,202),(286,1673260888,1673262221,202),(287,1673260930,1673261193,173),(288,1673261256,1673261572,173),(289,1673261829,1673261931,173),(290,1673261937,1673262017,173),(291,1673262039,1673262047,173),(292,1673262048,1673275267,173),(293,1673262245,1673271830,202),(294,1673268331,1673268363,192),(295,1673268500,1673268633,192),(296,1673268794,1673269881,192),(297,1673271204,1673271218,192),(298,1673271221,1673271230,192),(299,1673271449,1695985883,192),(300,1673271960,1673271987,202),(301,1673272237,1673272590,202),(302,1673272702,1673339939,202),(303,1673272756,1673272756,201),(304,1673272762,1673272762,201),(305,1673272834,0,201),(306,1673272834,1673274231,201),(307,1673274646,1673274712,201),(308,1673274723,1673274785,201),(309,1673274898,1673274962,201),(310,1673275267,1673275267,173),(311,1673275267,1673275267,173),(312,1673275738,1673276309,201),(313,1673276486,1673276497,201),(314,1673276535,1673285524,173),(315,1673279617,1673280032,50),(316,1673283308,1673284578,201),(317,1673284677,1673284677,201),(318,1673285790,1673331424,173),(319,1673331430,1673331455,173),(320,1673331968,1673332011,173),(321,1673332086,1673332206,173),(322,1673332179,0,201),(323,1673332255,1673332305,173),(324,1673332455,1673332467,173),(325,1673332499,1673332499,203),(326,1673332606,1673332746,173),(327,1673332765,1673332782,173),(328,1673333018,1673336266,173),(329,1673336267,1673361986,173),(330,1673340416,0,202),(331,1673340437,1673341459,203),(332,1673340483,1673340507,209),(333,1673340519,0,209),(334,1673341055,1673341072,211),(335,1673341080,1673341243,211),(336,1673341245,1673341714,211),(337,1673341724,1673341924,211),(338,1673341741,1673341986,212),(339,1673341927,1673342545,211),(340,1673342052,1673342501,212),(341,1673342560,1673342584,211),(342,1673342586,1673342605,211),(343,1673342709,1673342712,211),(344,1673355117,1673355118,211),(345,1673355125,1673355219,211),(346,1673355236,1673355292,211),(347,1673355294,1673355296,211),(348,1673355339,1673356409,211),(349,1673356425,1673356511,211),(350,1673356572,1673356685,211),(351,1673356688,1673356688,211),(352,1673356706,1673356706,211),(353,1673356707,1673356715,211),(354,1673356732,1673357078,211),(355,1673357150,1673357230,211),(356,1673357499,1673357551,212),(357,1673357785,1673358228,212),(358,1673358169,1673358320,215),(359,1673358328,1673358330,212),(360,1673358408,1673358619,212),(361,1673358621,1673417945,212),(362,1673438606,1673438625,212),(363,1673438642,1673438647,212),(364,1673438648,1673438651,212),(365,1673438652,1673438660,212),(366,1673438662,1673438692,212),(367,1673438704,1673438744,211),(368,1673439035,1673439150,211),(369,1673439150,1673439164,211),(370,1673439264,1673439281,211),(371,1673439317,1673439319,211),(372,1673439351,1673439360,211),(373,1673439390,1673439400,211),(374,1673439405,1673439415,211),(375,1673439419,1673439639,211),(376,1673439639,1673439677,211),(377,1673439716,1673439717,211),(378,1673443707,1673443709,211),(379,1673443737,1673443744,211),(380,1673443750,1673443797,211),(381,1673443800,1673443900,211),(382,1673443916,1673443919,211),(383,1673443923,1673443931,211),(384,1673444015,1673444034,211),(385,1673444039,1673444045,211),(386,1673444086,1673444092,211),(387,1673444095,1673444099,211),(388,1673444102,1673444112,211),(389,1673444590,1673444593,211),(390,1673444610,1673444611,211),(391,1673444614,1673444614,211),(392,1673444617,1673444617,211),(393,1673444625,1673448978,211),(394,1673450439,1673450442,212),(395,1673450469,1673450470,212),(396,1673450647,1673450720,212),(397,1673450721,1673464714,212),(398,1673463668,1673463699,211),(399,1673463739,1673465157,211),(400,1673464760,1673464765,212),(401,1673465194,1673465333,211),(402,1673468332,1673468388,211),(403,1673468391,1673468402,211),(404,1673479870,1673479938,211),(405,1673479950,1673479961,211),(406,1673479970,1673480024,211),(407,1673480024,1673480034,211),(408,1673480056,1673480086,211),(409,1673480602,1673480603,211),(410,1673489082,1673489084,212),(411,1673489093,1673489133,212),(412,1673489138,1673489157,212),(413,1673489157,1673489163,212),(414,1673489174,1673489175,212),(415,1673489211,1673489220,212),(416,1673489221,1673489227,212),(417,1673489234,1673489234,212),(418,1673489266,1673489267,212),(419,1673489276,1673771406,212),(420,1673520967,1673520986,211),(421,1673521043,1673521059,211),(422,1673521148,1673521176,211),(423,1673521186,1673521189,211),(424,1673521204,1673521209,211),(425,1673521225,1673521240,211),(426,1673521242,1673521252,211),(427,1673521270,1673521282,211),(428,1673521287,1673521344,211),(429,1673521383,1673531207,211),(430,1673531226,1673531232,211),(431,1673531233,1673531238,211),(432,1673531282,1673531291,211),(433,1673531297,1673531390,211),(434,1673531403,1673531405,211),(435,1673536926,1673636758,211),(436,1673614812,1673614829,173),(437,1673614831,1673614832,173),(438,1673614841,1673614848,173),(439,1673614851,0,173),(440,1673636807,1673636810,211),(441,1673636819,1673636829,211),(442,1673636837,1673636852,211),(443,1673636856,1673636898,211),(444,1673636925,1673637013,211),(445,1673637113,1673637140,211),(446,1673637233,1673637265,211),(447,1673637279,1673637294,211),(448,1673648904,1673648904,211),(449,1673648910,1673648981,211),(450,1673648983,1673649080,211),(451,1673649080,1673649130,211),(452,1673649132,1673649284,211),(453,1673649285,1673649302,211),(454,1673649308,1673649313,211),(455,1673649320,1673649327,211),(456,1673649353,1673649357,211),(457,1673649626,1673649627,211),(458,1673649631,1673649631,211),(459,1673649632,1673649637,211),(460,1673649638,1673649641,211),(461,1673657813,1674021763,211),(462,1673771414,1673771446,212),(463,1673835698,1673835700,212),(464,1673835732,1673835733,212),(465,1673835795,1673835799,212),(466,1673835801,1673835804,212),(467,1673835806,1673835807,212),(468,1673964279,1673964308,212),(469,1673964308,1673964384,212),(470,1673964417,1673964419,212),(471,1673964420,1673964426,212),(472,1673964481,1673974107,212),(473,1673974142,1673974982,215),(474,1673974983,1676982009,215),(475,1673975239,1673975249,212),(476,1673975249,1673975268,212),(477,1673975270,1673975294,212),(478,1673975301,1673975320,212),(479,1673975324,1673975420,212),(480,1673975421,1673975440,212),(481,1673975615,1673975616,212),(482,1673975966,1674031261,212),(483,1674021765,1674021814,211),(484,1674022176,1674024157,211),(485,1674024566,1674027844,211),(486,1674027846,1674027863,211),(487,1674027870,1674027875,211),(488,1674031207,1674031207,211),(489,1674031207,0,211),(490,1674031207,0,211),(491,1674031207,0,211),(492,1674031207,0,211),(493,1674031207,0,211),(494,1674031207,1674040101,211),(495,1674031546,1674031597,212),(496,1674032666,1674035850,212),(497,1674035882,1674035902,212),(498,1674036042,1674036073,212),(499,1674036157,1674036413,212),(500,1674037163,1674037782,212),(501,1674037846,1674037878,212),(502,1674037907,1674038004,212),(503,1674038056,1674038072,212),(504,1674038181,1674038524,212),(505,1674039162,1674039345,212),(506,1674039349,1674039413,212),(507,1674039436,1674039449,212),(508,1674039532,1674039541,212),(509,1674039651,1674039676,212),(510,1674039678,1674039684,212),(511,1674040111,1674040111,211),(512,1674040121,1674040237,211),(513,1674040241,1674040246,211),(514,1674040254,1674040542,211),(515,1674040542,0,211),(516,1674040542,1674118351,211),(517,1674040570,0,212),(518,1674040570,1674040570,212),(519,1674040570,1674040969,212),(520,1674040971,0,212),(521,1674040971,1674040978,212),(522,1674040980,0,212),(523,1674040980,1674040984,212),(524,1674041108,0,212),(525,1674041108,1674041110,212),(526,1674041116,0,212),(527,1674041116,1674041118,212),(528,1674041348,1674041377,212),(529,1674041378,1674041381,212),(530,1674041854,1674041879,212),(531,1674041882,1674042049,212),(532,1674042052,1674042194,212),(533,1674042362,1674042364,212),(534,1674043329,1674043351,212),(535,1674043354,1674043359,212),(536,1674043366,1674043370,212),(537,1674043375,1674043378,212),(538,1674043406,1674043411,212),(539,1674043537,1674043560,212),(540,1674043599,1674043681,212),(541,1674043693,1674043703,212),(542,1674043914,1674043923,212),(543,1674044044,1674044100,212),(544,1674044314,1674044617,212),(545,1674044657,1674044665,212),(546,1674044669,1674044675,212),(547,1674044681,1674044684,212),(548,1674044906,1674045156,212),(549,1674045167,1674045571,212),(550,1674045593,1674045598,212),(551,1674045611,1674046277,212),(552,1674046280,1674046730,212),(553,1674101896,1674101920,212),(554,1674102053,1674102059,212),(555,1674102067,1674102070,212),(556,1674102377,1674102402,212),(557,1674102563,1674102627,212),(558,1674102765,1674102868,212),(559,1674103052,1674103097,212),(560,1674103114,1674103143,212),(561,1674103679,1674103709,212),(562,1674103752,1674103756,212),(563,1674103786,1674103792,212),(564,1674103795,1674103800,212),(565,1674103810,1674103861,212),(566,1674103889,1674103895,212),(567,1674103898,1674103918,212),(568,1674103943,1674103957,212),(569,1674104265,1674104272,212),(570,1674104279,1674104333,212),(571,1674104338,1674104346,212),(572,1674104367,1674104452,212),(573,1674104938,1674104940,212),(574,1674104943,1674104952,212),(575,1674105343,1674107664,212),(576,1674107780,1674109334,212),(577,1674110114,1674111362,212),(578,1674111377,1674111381,212),(579,1674111388,1674111390,212),(580,1674111394,1674111397,212),(581,1674111559,1674111613,212),(582,1674111628,1674111635,212),(583,1674111752,1674111760,212),(584,1674111764,1674111768,212),(585,1674111918,1674111927,212),(586,1674112237,1674112258,212),(587,1674112263,1674112447,212),(588,1674112522,1674112601,212),(589,1674112684,1674112687,212),(590,1674113051,1674113054,212),(591,1674113237,1674113246,212),(592,1674113249,1674113252,212),(593,1674113262,1674113265,212),(594,1674113443,1674113469,212),(595,1674113479,1674113482,212),(596,1674113501,1674113602,212),(597,1674113609,1674113611,212),(598,1674113653,1674113662,212),(599,1674113665,1674117624,212),(600,1674117974,1674120690,212),(601,1674118558,1674118620,211),(602,1674118675,1674118771,211),(603,1674118775,1674118784,211),(604,1674118794,1674118912,211),(605,1674118918,1674118964,211),(606,1674119071,1674119234,211),(607,1674119247,1674119525,211),(608,1674119673,1674143890,211),(609,1674120703,1674122846,212),(610,1674143925,1674143926,211),(611,1674143934,1674143941,211),(612,1674143946,1674143949,211),(613,1674143976,1674143980,211),(614,1674143984,1674145547,211),(615,1674145556,1674145557,211),(616,1674166269,1674166287,211),(617,1674166290,1674166298,211),(618,1674166304,1674166340,211),(619,1674166367,1674166368,211),(620,1674169154,1674169157,211),(621,1674169200,1674169201,211),(622,1674179287,1674179296,50),(623,1674179297,1674179305,50),(624,1674180942,1674181109,211),(625,1674181134,1674181394,211),(626,1674182578,1674182712,211),(627,1674192160,0,50),(628,1674192258,1674192289,212),(629,1674192301,1674192900,212),(630,1674193103,1674194069,212),(631,1674194071,1674194090,212),(632,1674194091,1674194096,212),(633,1674194096,1674194103,212),(634,1674194104,1674194112,212),(635,1674194137,1674194140,212),(636,1674194146,1674194386,212),(637,1674194462,1674194490,212),(638,1674194584,1674194664,212),(639,1674194757,1674196271,212),(640,1674196282,1674196285,212),(641,1674196317,1674196335,212),(642,1674197437,1674197447,212),(643,1674197450,1674197535,212),(644,1674197914,1674198002,212),(645,1674198098,1674198113,212),(646,1674198115,1674207451,212),(647,1674207499,1674212319,212),(648,1674212322,1674212326,212),(649,1674212338,1674212366,212),(650,1674212435,1674212651,212),(651,1674212735,1674212739,212),(652,1674213491,1674213495,212),(653,1674213540,1674213581,212),(654,1674213589,1674213594,212),(655,1674213596,1674213659,212),(656,1674213804,1674214014,212),(657,1674214158,1674214160,212),(658,1674214189,1674214209,212),(659,1674214291,1674214293,212),(660,1674216433,1674216434,212),(661,1674216440,1674216441,212),(662,1674216468,1674218051,212),(663,1674218292,1674218335,212),(664,1674218369,1674219801,212),(665,1674231907,1674232095,212),(666,1674232121,1674232136,212),(667,1674232873,1674233633,212),(668,1674233643,1674233662,212),(669,1674233764,1674234082,212),(670,1674234092,1674234329,212),(671,1674234413,1674234424,212),(672,1674234479,1674236182,212),(673,1674236193,1674236224,212),(674,1674236235,1674236246,212),(675,1674236284,1674237169,212),(676,1674237216,1674237224,212),(677,1674237249,1674237480,212),(678,1674237494,1674237850,212),(679,1674238059,1674238208,212),(680,1674238294,1674238300,211),(681,1674238305,1674238306,211),(682,1674238310,1674238315,211),(683,1674238320,1674274968,211),(684,1674238330,1674238403,212),(685,1674238414,1674238491,212),(686,1674238649,1674238707,212),(687,1674238778,1674238906,212),(688,1674239091,1674239231,212),(689,1674239278,1674239321,212),(690,1674239737,1674239738,212),(691,1674239743,1674239762,212),(692,1674239920,1674239923,212),(693,1674239927,1674239948,212),(694,1674239956,1674239963,212),(695,1674239979,1674240078,212),(696,1674240098,1674240129,212),(697,1674240136,1674240196,212),(698,1674276303,1674276311,211),(699,1674276358,1674276360,211),(700,1674276401,1674276414,212),(701,1674276427,1674276428,212),(702,1674276430,1674276467,212),(703,1674277209,1674277271,211),(704,1674319480,1674322913,212),(705,1674323119,1674323134,212),(706,1674324576,1674324583,211),(707,1674324622,1674324668,211),(708,1674324766,1674324810,211),(709,1674325760,1674325770,211),(710,1674325778,1674326045,211),(711,1674326061,1674605102,211),(712,1674425824,1674425825,224),(713,1674533717,1674533729,224),(714,1674557084,1674579068,212),(715,1674605114,1674605162,211),(716,1674605181,1674605182,211),(717,1674642939,0,238),(718,1674642964,1674642972,212),(719,1674643011,1674643013,212),(720,1674643014,1674643015,212),(721,1674643070,1675065690,212),(722,1674643339,1674643346,211),(723,1674643362,1674643519,211),(724,1674643591,1674643599,211),(725,1674643627,1674643710,211),(726,1674643717,1674643765,211),(727,1674643776,1674643805,211),(728,1674691312,1674691345,224),(729,1674691481,1674691503,211),(730,1674691539,1674691573,211),(731,1674691576,1674691591,211),(732,1674693213,1674781261,211),(733,1674782734,1675065646,211),(734,1675065758,1675065765,211),(735,1675065786,1675065916,211),(736,1675065921,1675108367,211),(737,1675109545,1675109555,211),(738,1675109563,1675109679,211),(739,1675128389,1675128633,211),(740,1675128716,1675132892,211),(741,1675205089,1675205110,211),(742,1675562938,1675562945,211),(743,1675562949,1675562954,211),(744,1675563043,1675563044,211),(745,1675563049,1675563049,211),(746,1675563086,1675563101,211),(747,1675563168,1675563184,211),(748,1675563193,1675563199,211),(749,1675563205,1675563270,211),(750,1675563297,1675563331,211),(751,1675563349,1675624759,211),(752,1675624773,1675624779,211),(753,1675624833,1675624844,211),(754,1675624847,1675624922,211),(755,1675624971,1675624976,211),(756,1675624984,1675624999,211),(757,1675625008,1675625017,211),(758,1675625025,1675625037,211),(759,1675625141,1675625141,211),(760,1675705238,1675705634,211),(761,1675729262,1675729272,211),(762,1675729285,1675729384,211),(763,1675730244,1675730250,211),(764,1675730320,1675730503,211),(765,1675730692,1675730724,211),(766,1675730728,1675730738,211),(767,1675730738,1675730894,211),(768,1675730917,1675730927,211),(769,1675730929,1675730964,211),(770,1675730969,1675730988,211),(771,1675731028,1675731031,211),(772,1675731041,1675731849,211),(773,1675776804,1675776809,211),(774,1675776814,1675776819,211),(775,1675776820,1675776829,211),(776,1675776897,1675776898,211),(777,1675776917,1675776918,211),(778,1675776922,1675876230,211),(779,1675876244,1675877924,211),(780,1675877935,1675877940,211),(781,1675877949,1675877965,211),(782,1675877985,1675878012,211),(783,1675878016,1675878016,211),(784,1675878017,1676308295,211),(785,1676308297,1676308335,211),(786,1676308338,1676308355,211),(787,1676308409,1676308575,211),(788,1676308791,1676308822,211),(789,1676308862,1676392458,211),(790,1676392467,1676392484,211),(791,1676392486,1676392487,211),(792,1676510273,1676512242,211),(793,1676581509,1676581524,211),(794,1676581563,1676581716,211),(795,1676653572,1676653580,211),(796,1676653581,1676692727,211),(797,1676692756,1676693480,211),(798,1676873909,1676873917,211),(799,1676873921,1676874431,211),(800,1676876917,1676877150,211),(801,1676877417,1676877602,211),(802,1676877706,1676877735,211),(803,1676877736,1676879341,211),(804,1676884402,1676885203,211),(805,1676886319,1676886328,211),(806,1676886390,1676887154,211),(807,1676887164,1676887168,211),(808,1676887225,1676887774,211),(809,1676887791,1676888038,211),(810,1676888241,1676888280,211),(811,1676889242,1676889405,211),(812,1676889410,1676889410,211),(813,1676889413,1676889417,211),(814,1676889519,1676889532,211),(815,1676889655,1676889657,211),(816,1676889721,1676889733,211),(817,1676889735,1676889782,211),(818,1676889900,1676890789,211),(819,1676890962,1676890968,211),(820,1676890984,1676891333,211),(821,1676891596,1676892158,211),(822,1676892180,1676892199,211),(823,1676892235,1676892248,211),(824,1676892820,1676893077,211),(825,1676893254,1676893342,211),(826,1676893540,1676893626,211),(827,1676893729,1676893799,211),(828,1676893870,1676895448,211),(829,1676896296,1676896298,211),(830,1676896300,1676896322,211),(831,1676896326,1676896395,211),(832,1676898655,1676898658,211),(833,1676898673,1676898676,211),(834,1676898680,1676898752,211),(835,1676898755,1676898758,211),(836,1676898760,1676898810,211),(837,1676898812,1676898815,211),(838,1676898817,1676913285,211),(839,1676913286,1676913303,211),(840,1676913314,1676913317,211),(841,1676913335,1676913336,211),(842,1676955468,1676955652,211),(843,1676955654,1676955680,211),(844,1676955685,1676956169,211),(845,1676956228,1676956287,211),(846,1676956328,1676956402,211),(847,1676958355,1676959452,212),(848,1676959483,1676959487,212),(849,1676981798,1676981800,211),(850,1676981822,1676981827,211),(851,1676981831,1676981869,211),(852,1676982011,1676982089,215),(853,1676982552,1677002592,211),(854,1676982806,1676984046,215),(855,1676987880,1677062899,212),(856,1676991068,1677037407,215),(857,1677002643,1677004198,211),(858,1677008891,1677061373,211),(859,1677037797,1677038733,215),(860,1677038784,1677038873,215),(861,1677038875,1677038877,215),(862,1677038883,1677038898,215),(863,1677047613,1677047616,215),(864,1677061201,1677061229,215),(865,1677061233,1677061618,215),(866,1677061390,1677061406,211),(867,1677061409,1677061427,211),(868,1677061430,1677061447,211),(869,1677061448,1677061461,211),(870,1677061470,1677061471,211),(871,1677061473,1677061482,211),(872,1677061484,1677061486,211),(873,1677061492,1677061511,211),(874,1677061541,1677061570,211),(875,1677061575,1677061578,211),(876,1677061590,1677061606,211),(877,1677061676,1677061698,211),(878,1677061737,1677061741,211),(879,1677061765,1677061777,211),(880,1677061793,1677061796,211),(881,1677061803,1677061810,211),(882,1677061837,1677066369,211),(883,1677062145,1677085865,215),(884,1677062900,1677062944,212),(885,1677062944,1677062999,212),(886,1677063034,1677143043,212),(887,1677072195,1677072201,211),(888,1677072214,1677072226,211),(889,1677072242,1677072245,211),(890,1677075886,1677075938,211),(891,1677075974,1677075974,211),(892,1677075978,1677075982,211),(893,1677075987,1677075996,211),(894,1677115950,1677115996,211),(895,1677115996,1677116000,211),(896,1677116003,1677116005,211),(897,1677116005,1677116099,211),(898,1677116099,1677116102,211),(899,1677116102,1677116103,211),(900,1677116104,1677116105,211),(901,1677116106,1677116121,211),(902,1677116121,1677116124,211),(903,1677116125,1677116126,211),(904,1677123399,1677130904,215),(905,1677124179,1677124185,211),(906,1677130904,1677130905,215),(907,1677130905,0,215),(908,1677130905,0,215),(909,1677130905,0,215),(910,1677130905,1677130988,215),(911,1677137615,1677137625,211),(912,1677137815,1677246103,211),(913,1677143045,1677143050,212),(914,1677143051,1677246158,212),(915,1677246135,1677260181,211),(916,1677246161,1677246161,212),(917,1677260434,1677262675,245),(918,1677262688,1677262740,245),(919,1677263036,0,246),(920,1677263938,1677264555,247),(921,1677264556,1677264955,247),(922,1677264981,1677266500,247),(923,1677267760,1677732306,247),(924,1677426132,1677426137,211),(925,1677426151,1677426153,211),(926,1677426163,1677426219,211),(927,1677426228,1677426236,211),(928,1677426248,1677426290,211),(929,1677426305,1677426419,211),(930,1677426420,1677426433,211),(931,1677475424,1677493788,215),(932,1677495305,1677495725,215),(933,1677574412,1677574727,215),(934,1677574830,1677575545,215),(935,1677576006,1677576036,215),(936,1677577476,1677577545,215),(937,1677577787,1677577862,215),(938,1677577944,1677578544,215),(939,1677578985,1677579326,215),(940,1677579450,1677579805,215),(941,1677584218,1677584300,215),(942,1677586162,1677588294,215),(943,1677588760,1677589055,215),(944,1677597146,1677597402,215),(945,1677656106,1677656225,215),(946,1677656405,1677656492,215),(947,1677656551,1677660657,215),(948,1677660684,1677660749,215),(949,1677660755,1677660965,215),(950,1677660966,1677661873,215),(951,1677661879,1677661884,215),(952,1677662128,1677662194,215),(953,1677662201,1677662787,215),(954,1677662790,1677662797,215),(955,1677662811,1677662814,215),(956,1677662864,1677663476,215),(957,1677663641,1677667666,215),(958,1677667947,1677669620,215),(959,1677669771,1677669956,215),(960,1677670122,1677670906,215),(961,1677670911,1677670915,215),(962,1677672193,1677731757,212),(963,1677672256,1677672264,211),(964,1677672433,1677673231,211),(965,1677673568,1677678176,211),(966,1677678253,1677678429,211),(967,1677678518,1677678745,211),(968,1677678909,1677679006,211),(969,1677679858,1677680002,211),(970,1677680046,1677680146,211),(971,1677680149,1677680630,211),(972,1677681317,1677681323,211),(973,1677681328,1677710422,211),(974,1677710425,1677710435,211),(975,1677710438,1677710517,211),(976,1677710517,1677710668,211),(977,1677710671,1677710688,211),(978,1677710691,1677710807,211),(979,1677710807,1677731451,211),(980,1677731964,1677732087,215),(981,1677732088,1677734539,215),(982,1677732133,1696477602,NULL),(983,1677732329,0,247),(984,1677732948,1677732988,230),(985,1677733969,1677734143,230),(986,1677734253,1677734316,230),(987,1677734375,1677958050,230),(988,1677734505,1677859016,211),(989,1677734693,1677736550,212),(990,1677735178,1677736654,215),(991,1677753867,1677755014,212),(992,1677755017,1677755531,212),(993,1677756520,1677757272,212),(994,1677758516,1677758732,212),(995,1677759526,1677761935,212),(996,1677762267,1677777586,212),(997,1677777656,1677777662,212),(998,1677816457,1677954757,212),(999,1677854435,1677854440,250),(1000,1677859024,1677859032,211),(1001,1677860447,1677860450,250),(1002,1677860465,1677860466,250),(1003,1677860565,1677888588,250),(1004,1677949902,1677949970,211),(1005,1677950927,1677951468,211),(1006,1677951499,1677951508,211),(1007,1677951592,1677951593,211),(1008,1677951607,1677951609,211),(1009,1677951618,1677951620,211),(1010,1677951634,1677951638,211),(1011,1677951641,1677951643,211),(1012,1677951649,1677951652,211),(1013,1677951655,1677951658,211),(1014,1677951667,1677951672,211),(1015,1677951688,1677951693,211),(1016,1677951696,1677951703,211),(1017,1677951730,1677951731,211),(1018,1677951733,1677951733,211),(1019,1677951739,1677951739,211),(1020,1677951740,1677951840,211),(1021,1677951884,1677951907,211),(1022,1677951922,1678094862,211),(1023,1677954771,1677954788,212),(1024,1677954811,1677954817,212),(1025,1677954820,1677954829,212),(1026,1677954832,1677954861,212),(1027,1677954864,1677955811,212),(1028,1677955999,1677956001,212),(1029,1677956193,1677956207,212),(1030,1677956212,1677956430,212),(1031,1677956448,1677956448,212),(1032,1677957924,1677957974,212),(1033,1677958007,1678075880,212),(1034,1677958701,1677958819,230),(1035,1677959256,1677959274,230),(1036,1677959326,1678077784,230),(1037,1678076056,1678076074,212),(1038,1678076690,1678076740,212),(1039,1678076823,1678077656,212),(1040,1678081225,1678081229,215),(1041,1678084691,1678085434,230),(1042,1678085505,1678085528,230),(1043,1678088369,0,253),(1044,1678096398,1678402977,211),(1045,1678402985,1678402988,211),(1046,1678403021,1678403032,211),(1047,1678414857,1678414860,212),(1048,1678414965,1678414995,212),(1049,1678415010,1678415072,212),(1050,1678415082,1678415101,212),(1051,1678415109,1678415118,212),(1052,1678415141,1678415154,212),(1053,1678420858,0,212),(1054,1678420858,1678642265,212),(1055,1678603780,1678603786,211),(1056,1678603818,1678603824,211),(1057,1678603837,1678852846,211),(1058,1678642272,1678643021,212),(1059,1678643191,1678643396,212),(1060,1678643446,1678643446,212),(1061,1678643458,1678643474,212),(1062,1678643476,1678644815,212),(1063,1678644902,1679406577,212),(1064,1678852857,1678852860,211),(1065,1678913180,1678913201,211),(1066,1678913225,1678913244,211),(1067,1678913256,1678913385,211),(1068,1678913497,1678913653,211),(1069,1678913657,1678948759,211),(1070,1678948766,1678948833,211),(1071,1678949069,1680935836,211),(1072,1679406599,1679736097,212),(1073,1679736266,1679765658,212),(1074,1679766047,1679766121,212),(1075,1680925319,1681007973,212),(1076,1680935844,1680935868,211),(1077,1680935872,1680935887,211),(1078,1680935892,1680935905,211),(1079,1680935911,1680989824,211),(1080,1680956241,1680956411,250),(1081,1680956417,1681175102,250),(1082,1680989838,1680989840,211),(1083,1680989850,1680989853,211),(1084,1681008049,1694656772,212),(1085,1681010538,1681010541,211),(1086,1681010544,1681010546,211),(1087,1681066491,1681066502,211),(1088,1681066504,1681066519,211),(1089,1681142392,1681142407,211),(1090,1681175066,1681175070,211),(1091,1681175078,1681175078,211),(1092,1681175085,1681175085,211),(1093,1681175098,1681175105,211),(1094,1681175112,1681175116,211),(1095,1681175118,1681175119,211),(1096,1681175191,1681175193,211),(1097,1682035129,1682035130,211),(1098,1682035131,1682077198,211),(1099,1682077200,1682077207,211),(1100,1682077276,1682603178,211),(1101,1682397412,1682397421,206),(1102,1682397428,0,206),(1103,1682603188,1682603210,211),(1104,1682603212,1682603224,211),(1105,1682603226,1682978546,211),(1106,1683238359,1683238364,211),(1107,1683238374,1683238377,211),(1108,1683238380,1683725615,211),(1109,1683310306,1683310312,250),(1110,1683310352,1683310367,250),(1111,1683310413,1683310414,250),(1112,1683725840,1683729897,211),(1113,1683780538,1684355142,211),(1114,1683850859,1683850946,250),(1115,1684355195,1684550483,211),(1116,1685495051,1685495054,211),(1117,1685495064,1686079124,211),(1118,1686079136,1686079154,211),(1119,1686079156,1686615309,211),(1120,1686615319,1686615349,211),(1121,1686615350,1686615351,211),(1122,1686615351,1692994348,211),(1123,1691643901,1691644014,260),(1124,1691645279,1691645281,260),(1125,1692007264,1692007265,260),(1126,1692007341,1692008253,260),(1127,1692008255,1692008281,260),(1128,1692008285,1692008288,260),(1129,1692008289,1692008294,260),(1130,1692008297,1692008301,260),(1131,1692008304,1692008464,260),(1132,1692994358,1692994362,211),(1133,1692994368,1692994377,211),(1134,1692994385,1692994539,211),(1135,1692995111,1692995115,250),(1136,1692996400,1692996445,250),(1137,1692996451,1692996460,211),(1138,1692996529,1693019847,250),(1139,1693627326,1693627326,250),(1140,1693771392,1693771409,250),(1141,1693771419,1693771623,250),(1142,1693941441,1693941467,250),(1143,1693941468,1693941488,250),(1144,1693941488,1693941547,250),(1145,1693941547,1693942415,250),(1146,1693942491,1693942491,250),(1147,1693942510,1693943046,250),(1148,1693943096,1695763946,250),(1149,1694588080,1694588084,211),(1150,1694588211,1694597626,211),(1151,1694597629,1694597651,211),(1152,1694597935,1694598085,211),(1153,1694598515,1694598519,211),(1154,1694598529,1694598589,211),(1155,1694598592,1694598596,211),(1156,1694598606,1694598696,211),(1157,1694598705,1694598895,211),(1158,1694598898,1694598912,211),(1159,1694598920,1694599669,211),(1160,1694599700,1694599720,211),(1161,1694599724,1694599950,211),(1162,1694599965,1694600043,211),(1163,1694600236,1694600474,211),(1164,1694600528,1694600562,211),(1165,1694600613,1694600644,211),(1166,1694600798,1694601078,211),(1167,1694601080,1694601155,211),(1168,1694601158,1694601176,211),(1169,1694601212,1694601215,211),(1170,1694601223,1694601300,211),(1171,1694601342,1694601343,211),(1172,1694602181,1694602195,211),(1173,1694602200,1694602202,211),(1174,1694603626,1694603630,211),(1175,1694603645,1694603656,211),(1176,1694603828,1694604440,211),(1177,1694604442,1694605484,211),(1178,1694605493,1694605500,211),(1179,1694605512,1694606242,211),(1180,1694606255,1694606259,211),(1181,1694606269,1694606272,211),(1182,1694606554,1694606556,211),(1183,1694606680,1694607043,211),(1184,1694607598,1694607600,211),(1185,1694607898,1694608044,211),(1186,1694608326,1694609120,211),(1187,1694610021,1694610154,211),(1188,1694610156,1694610161,211),(1189,1694610169,1694610173,211),(1190,1694610175,1694610179,211),(1191,1694610181,1694610703,211),(1192,1694657378,1694657386,212),(1193,1694657390,1694657574,212),(1194,1694657616,1694657620,212),(1195,1694657626,1694657629,212),(1196,1694657633,1694657636,212),(1197,1694657639,1694657645,212),(1198,1694657673,1694658075,212),(1199,1694658083,1694658085,212),(1200,1694658126,1694658129,212),(1201,1694658130,1694658324,212),(1202,1694658335,1694658453,212),(1203,1694661361,1694662722,211),(1204,1694663598,1694663613,211),(1205,1694663618,1694663630,211),(1206,1694663656,1694666212,211),(1207,1694666212,1694666220,211),(1208,1694666223,1694668077,211),(1209,1694667822,0,269),(1210,1694668427,1694668586,211),(1211,1694668590,1694668595,211),(1212,1694668862,1694669547,211),(1213,1694669579,1694669601,211),(1214,1694669614,1694674914,211),(1215,1694674926,1694675001,211),(1216,1694675004,1694675011,211),(1217,1694675019,1694675034,211),(1218,1694675044,1694675057,211),(1219,1694675064,1694675069,211),(1220,1694675071,1694675091,211),(1221,1694675097,1694675107,211),(1222,1694675123,1694675151,211),(1223,1694675192,1694675228,211),(1224,1694675306,1694675440,211),(1225,1694675473,1694675537,211),(1226,1694675582,1694679553,211),(1227,1694679582,1694679583,211),(1228,1694680558,1694680630,211),(1229,1694680670,1694681348,211),(1230,1694681356,1694681368,211),(1231,1694681370,1694681373,211),(1232,1694682113,1694682198,211),(1233,1694682211,1694682215,211),(1234,1694682381,1694683676,211),(1235,1694683677,1694683690,211),(1236,1694683772,1694683778,211),(1237,1694683900,1694684266,211),(1238,1694684328,1694684394,211),(1239,1694684398,1694684400,211),(1240,1694684447,1694684457,211),(1241,1694684463,1694684466,211),(1242,1694684469,1694684497,211),(1243,1694684499,1694684545,211),(1244,1694685162,1694685261,211),(1245,1694685267,1694685409,211),(1246,1694685410,1694685422,211),(1247,1694685436,1694685494,211),(1248,1694685651,1694685679,211),(1249,1694685723,1694685837,211),(1250,1694685848,1694685848,211),(1251,1694685999,1694686002,211),(1252,1694686076,1694686485,211),(1253,1694686661,1694686674,211),(1254,1694686677,1694686685,211),(1255,1694686688,1694686702,211),(1256,1694686797,1694686842,211),(1257,1694686920,1694686975,211),(1258,1694687041,1694687044,211),(1259,1694687061,1694687093,211),(1260,1694687095,1694687162,211),(1261,1694687196,1694687235,211),(1262,1694687239,1694687241,211),(1263,1694687569,1694687749,211),(1264,1694687759,1694687765,211),(1265,1694687779,1694687782,211),(1266,1694688088,1694688090,211),(1267,1694688095,1694688097,211),(1268,1694688104,1694688136,211),(1269,1694688142,1694688143,211),(1270,1694688143,1694688148,211),(1271,1694688149,1694688151,211),(1272,1694688179,1694688180,211),(1273,1694688194,1694688194,211),(1274,1694688195,1694688195,211),(1275,1694688220,1694688224,211),(1276,1694688229,1694688292,211),(1277,1694688292,1694688321,211),(1278,1694688433,1694688433,211),(1279,1694688446,1694688615,211),(1280,1694688627,1694688628,211),(1281,1694688633,1694688636,211),(1282,1694688643,1694688797,211),(1283,1694688798,1694688828,211),(1284,1694688828,1694688939,211),(1285,1694688990,1694688991,211),(1286,1694689104,1694689110,211),(1287,1694689118,1694689129,211),(1288,1694689138,1694689159,211),(1289,1694689165,1694689208,211),(1290,1694689215,1694689263,211),(1291,1694689285,1694689294,211),(1292,1694689308,1694689389,211),(1293,1694689398,1694689402,211),(1294,1694689431,1694689731,211),(1295,1694689742,1694689752,211),(1296,1694689761,1694689766,211),(1297,1694689775,1694689777,211),(1298,1694689896,1694689900,211),(1299,1694689913,1694689923,211),(1300,1694689931,1694689931,211),(1301,1694689933,1694690257,211),(1302,1694690388,1694690599,211),(1303,1694690699,1694690711,211),(1304,1694690714,1694690956,211),(1305,1694690957,1694690958,211),(1306,1694691268,1694691290,211),(1307,1694691294,1694691584,211),(1308,1694691595,1694694034,211),(1309,1694694035,1694694047,211),(1310,1694694084,1694694095,211),(1311,1694694509,1694694794,211),(1312,1694694796,1694694797,211),(1313,1694694814,1694694833,211),(1314,1694696010,1694696685,211),(1315,1694697313,1694697318,211),(1316,1694697350,1694697350,211),(1317,1694697579,1694697690,211),(1318,1694697694,1694697697,211),(1319,1694697741,1694697744,211),(1320,1694749452,1694749468,211),(1321,1694749491,1694749494,211),(1322,1694749952,1694750164,211),(1323,1694750587,1694750601,211),(1324,1694750634,1694750645,211),(1325,1694751249,1694751264,211),(1326,1694751645,1694752762,211),(1327,1694753450,1694753560,211),(1328,1694758061,1694768138,211),(1329,1694769267,1694769361,211),(1330,1694769552,1694770004,211),(1331,1694770955,1694771033,211),(1332,1694771522,1694771581,211),(1333,1694771863,1694771897,211),(1334,1694772144,1694772231,211),(1335,1694772257,1694772295,211),(1336,1694772296,1694772316,211),(1337,1694772319,1694772331,211),(1338,1694772339,1694772819,211),(1339,1694772881,1694772888,211),(1340,1694772893,1694772903,211),(1341,1694773031,1694773048,211),(1342,1694773088,1694773110,211),(1343,1694773121,1694773192,211),(1344,1694773272,1694774621,211),(1345,1694774770,1694774836,211),(1346,1694775838,1694775872,211),(1347,1694778271,1694778392,279),(1348,1694778398,1694778460,279),(1349,1694778463,1694778513,279),(1350,1694778518,1694779210,279),(1351,1694779232,1694779277,279),(1352,1694779359,1694779421,279),(1353,1694779666,1694779723,279),(1354,1694779755,1694779757,279),(1355,1694779757,1694779763,279),(1356,1694780161,1694780292,279),(1357,1694780584,1694780815,279),(1358,1694781177,1694781178,279),(1359,1694781189,1695012984,279),(1360,1694781228,1694781241,211),(1361,1694781385,1694781391,4),(1362,1694781425,1694781427,4),(1363,1694781428,1696482524,4),(1364,1695014039,1695014680,279),(1365,1695014842,1695015774,279),(1366,1695023335,1695026205,279),(1367,1695027097,1695030744,279),(1368,1695027233,1695040128,211),(1369,1695030984,1695031122,279),(1370,1695031123,1695031675,279),(1371,1695031676,1695032390,279),(1372,1695032391,1695034160,279),(1373,1695034226,1695034373,279),(1374,1695034507,1695034511,279),(1375,1695034513,1695034523,279),(1376,1695034755,1695035013,279),(1377,1695038446,1695039695,279),(1378,1695624318,1695624319,211),(1379,1695624374,1695624374,211),(1380,1695624413,1695624413,211),(1381,1695624414,1695625165,211),(1382,1695639335,1695639338,281),(1383,1695641068,1695641154,NULL),(1384,1695641158,1695641159,NULL),(1385,1695641168,1695641169,NULL),(1386,1695642517,1695643378,NULL),(1387,1695643447,1695644236,NULL),(1388,1695644312,1695644668,NULL),(1389,1695644752,1695645420,NULL),(1390,1695645482,1695645877,NULL),(1391,1695645893,1695645895,NULL),(1392,1695645899,1695648272,NULL),(1393,1695646117,1695646140,283),(1394,1695646188,1695646250,283),(1395,1695646301,0,283),(1396,1695648682,1695648863,NULL),(1397,1695649031,1695649056,NULL),(1398,1695701694,1695701698,NULL),(1399,1695702091,1695702093,NULL),(1400,1695702179,1695702182,NULL),(1401,1695702407,1695702922,NULL),(1402,1695702925,1695702931,NULL),(1403,1695702933,1695702935,NULL),(1404,1695702938,1695704946,NULL),(1405,1695704948,1695704952,NULL),(1406,1695704954,1695704956,NULL),(1407,1695704959,1695705000,NULL),(1408,1695705001,1695705003,NULL),(1409,1695705020,1695706193,NULL),(1410,1695706207,1695706246,NULL),(1411,1695706248,1695706253,NULL),(1412,1695706255,1695706324,NULL),(1413,1695706896,1695707251,NULL),(1414,1695707740,1695707776,NULL),(1415,1695707783,1695707811,NULL),(1416,1695707820,1695707850,NULL),(1417,1695707851,1695707860,NULL),(1418,1695707894,1695707897,NULL),(1419,1695707904,1695708025,NULL),(1420,1695708058,1695708116,NULL),(1421,1695708156,1695708439,NULL),(1422,1695709150,1695709151,NULL),(1423,1695709317,1695709374,NULL),(1424,1695709399,1695709673,NULL),(1425,1695709680,1695709687,NULL),(1426,1695709692,1695709697,NULL),(1427,1695709701,1695710078,NULL),(1428,1695710098,1695710101,NULL),(1429,1695710106,1695710109,NULL),(1430,1695710113,1695710117,NULL),(1431,1695710334,1695710338,NULL),(1432,1695710415,1695710541,NULL),(1433,1695710597,1695710604,NULL),(1434,1695710622,1695710636,NULL),(1435,1695710652,1695710695,NULL),(1436,1695710728,1695710753,NULL),(1437,1695710768,1695710783,NULL),(1438,1695711349,1695711411,211),(1439,1695711535,1695711592,211),(1440,1695711612,1695711612,211),(1441,1695711623,0,211),(1442,1695711623,1695711628,211),(1443,1695711628,1695711630,211),(1444,1695711630,1695711635,211),(1445,1695711635,1695711639,211),(1446,1695711639,1695711643,211),(1447,1695711643,1695711646,211),(1448,1695711670,1695711670,211),(1449,1695711674,0,211),(1450,1695711674,1695711679,211),(1451,1695711679,1695711682,211),(1452,1695711686,0,211),(1453,1695711686,1695711689,211),(1454,1695711712,1695711715,211),(1455,1695711720,1695711722,211),(1456,1695711759,1695711940,211),(1457,1695712230,1695712292,NULL),(1458,1695712320,1695712336,NULL),(1459,1695712365,1695713566,211),(1460,1695713570,1695713882,211),(1461,1695713926,1695713955,211),(1462,1695714047,1695721870,211),(1463,1695714408,1695714412,286),(1464,1695714414,1695714475,286),(1465,1695714478,1695714540,286),(1466,1695714927,1695714959,288),(1467,1695720940,1695720941,NULL),(1468,1695720944,1695721078,NULL),(1469,1695721119,1695721122,NULL),(1470,1695721146,1695721153,NULL),(1471,1695721227,1695721232,NULL),(1472,1695721308,1695721336,NULL),(1473,1695721392,1695721470,NULL),(1474,1695721507,1695721535,NULL),(1475,1695721620,1695721635,NULL),(1476,1695721879,1695721887,211),(1477,1695721913,1695731864,211),(1478,1695724526,1695724599,292),(1479,1695725565,1695726258,NULL),(1480,1695726262,1695726266,NULL),(1481,1695726269,1695726273,NULL),(1482,1695726283,1695726287,NULL),(1483,1695726291,1695726600,NULL),(1484,1695726608,1695726612,NULL),(1485,1695726614,1695726690,NULL),(1486,1695726698,1695726828,NULL),(1487,1695726830,1695726835,NULL),(1488,1695726838,1695726843,NULL),(1489,1695726847,1695726851,293),(1490,1695726849,1695726853,NULL),(1491,1695726856,1695726860,NULL),(1492,1695726867,1695726885,NULL),(1493,1695726884,1695727237,293),(1494,1695726887,1695730456,NULL),(1495,1695727014,1695727169,294),(1496,1695730449,1695730480,294),(1497,1695730457,1695730480,NULL),(1498,1695730488,1695730491,294),(1499,1695730513,1695730516,294),(1500,1695730518,1695730521,294),(1501,1695730526,1695730548,294),(1502,1695730550,1695730623,294),(1503,1695730678,1695730711,294),(1504,1695730691,1695730824,NULL),(1505,1695730766,1695730828,294),(1506,1695730836,1695731162,294),(1507,1695730916,1695730968,NULL),(1508,1695730977,1695732318,NULL),(1509,1695731040,0,290),(1510,1695731072,0,288),(1511,1695731247,1695732832,294),(1512,1695731280,1695731303,293),(1513,1695731308,1695731313,293),(1514,1695731317,1695731319,293),(1515,1695731321,1695731373,293),(1516,1695731378,1695731381,293),(1517,1695731382,1695731384,293),(1518,1695731385,1695731423,293),(1519,1695731432,1695731457,293),(1520,1695731543,1695731646,293),(1521,1695731655,1695731682,293),(1522,1695731734,1695731741,293),(1523,1695731743,1695731749,293),(1524,1695731751,1695731755,293),(1525,1695731807,0,292),(1526,1695731864,1695731902,211),(1527,1695731990,1695732002,293),(1528,1695732008,1695732011,293),(1529,1695732014,1695732016,293),(1530,1695732018,1695732039,293),(1531,1695732042,1695732046,293),(1532,1695732049,1695732051,293),(1533,1695732055,0,293),(1534,1695732104,1695732246,2),(1535,1695732303,1695732306,5),(1536,1695732318,1695732326,5),(1537,1695732330,1695732348,5),(1538,1695732330,1695732690,NULL),(1539,1695732346,1695732350,2),(1540,1695732351,1695732353,5),(1541,1695732355,1695732358,2),(1542,1695732359,1695732375,5),(1543,1695732361,1695732364,2),(1544,1695732365,1695732369,2),(1545,1695732370,1695732469,2),(1546,1695732611,1695732617,5),(1547,1695732644,1695732677,5),(1548,1695732681,1695732682,5),(1549,1695732685,1695732688,5),(1550,1695732690,1695732691,5),(1551,1695732695,1695732697,5),(1552,1695732706,1695732753,NULL),(1553,1695732881,1695732983,3),(1554,1695732890,1695732915,5),(1555,1695732941,0,5),(1556,1695732941,1695732963,5),(1557,1695732998,1695733002,3),(1558,1695732999,0,5),(1559,1695732999,1695733770,5),(1560,1695733015,1695733107,3),(1561,1695733212,0,3),(1562,1695733212,1695733316,3),(1563,1695733561,1695767009,3),(1564,1695733598,1695733608,2),(1565,1695734418,0,5),(1566,1695734418,1695734421,5),(1567,1695734465,0,297),(1568,1695734518,1695734903,2),(1569,1695765225,1695765485,250),(1570,1695765486,1695765505,250),(1571,1695765548,1695765570,250),(1572,1695765574,1695765658,250),(1573,1695766130,1695766198,298),(1574,1695766199,1695766243,298),(1575,1695766299,1695766353,298),(1576,1695766356,1695766455,298),(1577,1695766597,1695766601,298),(1578,1695766783,1695766791,5),(1579,1695766811,1695766849,5),(1580,1695766891,1695766901,5),(1581,1695766904,1695766907,5),(1582,1695766910,1695766916,5),(1583,1695766918,1695766927,5),(1584,1695766930,1695766936,5),(1585,1695766940,1695766944,5),(1586,1695766948,1695808314,5),(1587,1695767037,1695767047,3),(1588,1695767083,1695767089,3),(1589,1695782079,1695782237,298),(1590,1695782238,1695782262,298),(1591,1695782339,1695782343,298),(1592,1695782398,1695782477,298),(1593,1695782579,1695782580,298),(1594,1695782585,1695782599,298),(1595,1695782682,1695782682,298),(1596,1695782705,1695782706,298),(1597,1695782708,1695782730,298),(1598,1695782901,1695785381,298),(1599,1695785398,1695785413,298),(1600,1695785414,1695785420,298),(1601,1695785459,1695785512,298),(1602,1695785548,1695785589,298),(1603,1695785635,1695785777,298),(1604,1695785779,1695785786,298),(1605,1695785920,1695785957,298),(1606,1695786010,1695786011,298),(1607,1695786093,1695786093,298),(1608,1695786128,1695786143,298),(1609,1695786149,1695786150,298),(1610,1695786157,1695786165,298),(1611,1695791165,1695791701,NULL),(1612,1695791795,1695800031,NULL),(1613,1695792778,1695795879,211),(1614,1695797896,1695800095,211),(1615,1695800037,1695800048,NULL),(1616,1695800144,1695800149,NULL),(1617,1695800220,1695805936,NULL),(1618,1695800677,1695804807,211),(1619,1695804828,1695804869,211),(1620,1695804872,1695804927,211),(1621,1695805118,1695805367,211),(1622,1695805477,1695805608,211),(1623,1695805858,1695805884,211),(1624,1695805963,1695805972,NULL),(1625,1695806043,1695806044,NULL),(1626,1695806085,1695806087,NULL),(1627,1695806112,1695840756,NULL),(1628,1695806698,1695808238,211),(1629,1695808252,1695809705,211),(1630,1695810067,1695810091,211),(1631,1695810103,1695815972,211),(1632,1695817210,1695817273,211),(1633,1695817285,1695818070,211),(1634,1695818464,1695828529,211),(1635,1695819918,1695822371,298),(1636,1695822378,1695822398,298),(1637,1695822767,1695822768,298),(1638,1695822830,1695822830,298),(1639,1695822833,1695822834,298),(1640,1695822835,1695822837,298),(1641,1695822841,1695822842,298),(1642,1695822972,1695822972,298),(1643,1695823059,1695823060,298),(1644,1695823455,1695823456,298),(1645,1695825857,1695944497,212),(1646,1695831046,1695831085,211),(1647,1695831086,1695831092,211),(1648,1695831164,1695831165,211),(1649,1695831232,1695831233,211),(1650,1695831275,1695832195,211),(1651,1695832252,1695944552,250),(1652,1695832418,1696113816,3),(1653,1695832500,1695832507,298),(1654,1695832514,1695833495,298),(1655,1695833501,1695833505,298),(1656,1695833508,1695833549,211),(1657,1695833520,1695833569,298),(1658,1695833562,1695833562,211),(1659,1695833575,1695833577,298),(1660,1695833613,1695833672,298),(1661,1695833630,1695833634,211),(1662,1695833675,1695833696,298),(1663,1695833753,1695833756,298),(1664,1695833783,1695833784,298),(1665,1695833790,1695833812,298),(1666,1695833827,1695833827,298),(1667,1695833829,1695833916,298),(1668,1695833832,1695833833,211),(1669,1695833834,1695833858,211),(1670,1695833872,1695833877,211),(1671,1695833902,1695833927,211),(1672,1695833919,1695833937,298),(1673,1695833927,1695833991,211),(1674,1695833942,1695833961,298),(1675,1695833975,1695833992,298),(1676,1695833998,1695834005,211),(1677,1695834000,1695834033,298),(1678,1695834014,1695834020,211),(1679,1695834163,1695834164,211),(1680,1695834188,1695834215,298),(1681,1695834214,1695868352,211),(1682,1695834230,1695847492,298),(1683,1695840763,1695875272,NULL),(1684,1695847619,1695847659,298),(1685,1695848963,1695848979,298),(1686,1695848982,1695848997,298),(1687,1695849020,1695853332,298),(1688,1695853373,1695853376,298),(1689,1695854000,1695856752,298),(1690,1695856753,1695873694,298),(1691,1695857164,1695857178,219),(1692,1695857435,1695857445,219),(1693,1695857446,1695857453,219),(1694,1695857471,1695857474,219),(1695,1695857560,1695857589,219),(1696,1695857594,1695857631,219),(1697,1695857811,1695857815,219),(1698,1695857825,1695857826,219),(1699,1695857828,1695857835,219),(1700,1695857836,1695857867,219),(1701,1695857904,1695857928,219),(1702,1695857928,1695858063,219),(1703,1695858063,1695858070,219),(1704,1695858093,1695858097,219),(1705,1695858135,1695858144,219),(1706,1695858145,1695858218,219),(1707,1695858222,1695858236,219),(1708,1695858270,1695858270,219),(1709,1695858456,1695858456,219),(1710,1695858586,1695858586,219),(1711,1695858590,1695858590,219),(1712,1695858911,1695858912,219),(1713,1695858943,1695859203,219),(1714,1695869187,1695869245,211),(1715,1695869269,1695896744,211),(1716,1695873703,1695873711,298),(1717,1695873713,1695873741,298),(1718,1695873746,1695873759,298),(1719,1695873790,1695873815,298),(1720,1695873840,1695873877,298),(1721,1695873898,1695873920,298),(1722,1695875274,1695875278,NULL),(1723,1695875280,1695875283,NULL),(1724,1695875286,1695875287,NULL),(1725,1695875290,1695875290,NULL),(1726,1695875292,1695875353,NULL),(1727,1695875364,1695875369,NULL),(1728,1695875374,1695875378,NULL),(1729,1695875381,1695875383,NULL),(1730,1695875391,1695875420,NULL),(1731,1695875430,1695875430,NULL),(1732,1695875431,1695875876,NULL),(1733,1695877588,1695877593,298),(1734,1695877593,1695877666,298),(1735,1695877632,1695877633,2),(1736,1695877666,1695879578,298),(1737,1695877668,1695877973,2),(1738,1695878790,1695878811,2),(1739,1695878826,1695878827,2),(1740,1695878835,1695878846,2),(1741,1695878849,1695878853,2),(1742,1695878855,1695878863,2),(1743,1695878864,1695878874,2),(1744,1695878879,1695878882,2),(1745,1695878893,1695878897,2),(1746,1695878909,1695878923,2),(1747,1695878945,1695879561,2),(1748,1695879602,1695879602,2),(1749,1695879625,1695879626,298),(1750,1695879643,1695880177,2),(1751,1695879653,1695912167,298),(1752,1695880732,1695880734,2),(1753,1695880744,1695880777,2),(1754,1695880895,1695881152,2),(1755,1695881161,1695881191,2),(1756,1695885127,1695885148,NULL),(1757,1695885642,1695885935,304),(1758,1695885937,0,304),(1759,1695895427,1695895576,NULL),(1760,1695896077,1695896564,NULL),(1761,1695896903,1696233683,211),(1762,1695897426,1695898505,NULL),(1763,1695897551,1696577798,40),(1764,1695898909,1695899119,NULL),(1765,1695900724,1695901834,NULL),(1766,1695902491,1695902497,NULL),(1767,1695902503,1695902517,NULL),(1768,1695902801,1695903015,NULL),(1769,1695902978,1695902980,2),(1770,1695903303,1695903325,NULL),(1771,1695903362,1695903847,NULL),(1772,1695903457,1695903508,2),(1773,1695903573,1695903583,2),(1774,1695903591,1695903593,2),(1775,1695903598,1695903606,2),(1776,1695903611,1695903725,2),(1777,1695903743,1695903773,2),(1778,1695903783,1695903794,2),(1779,1695903967,1695903975,2),(1780,1695903997,1695903999,2),(1781,1695904019,1695904082,2),(1782,1695904083,1695905663,2),(1783,1695904104,1695904299,NULL),(1784,1695905128,1695905154,NULL),(1785,1695905158,1695905178,NULL),(1786,1695905405,1695905479,NULL),(1787,1695905487,1695905490,NULL),(1788,1695905493,1695905500,NULL),(1789,1695905504,1695905515,NULL),(1790,1695905667,1695905771,2),(1791,1695906108,1695906110,2),(1792,1695906194,1695906257,2),(1793,1695906263,1695906323,2),(1794,1695906300,1695906955,NULL),(1795,1695906336,1695906340,2),(1796,1695907167,1695907169,2),(1797,1695907199,1695907204,2),(1798,1695907215,1695907228,2),(1799,1695907246,1695907847,2),(1800,1695907265,1695907305,NULL),(1801,1695907308,1695907371,NULL),(1802,1695907382,1695907389,NULL),(1803,1695907440,1695907440,NULL),(1804,1695907461,1695907505,NULL),(1805,1695907511,1695908262,NULL),(1806,1695908377,1695908379,2),(1807,1695908669,1695909198,2),(1808,1695909260,1695909261,2),(1809,1695909328,1695909329,2),(1810,1695909330,1695909332,2),(1811,1695909344,1695909346,2),(1812,1695909395,1695909398,2),(1813,1695909400,1695909402,2),(1814,1695909402,1695909404,2),(1815,1695909404,1695909406,2),(1816,1695909406,1695909408,2),(1817,1695909408,1695909410,2),(1818,1695909411,1695909415,2),(1819,1695909552,1695958084,2),(1820,1695913323,1695913353,298),(1821,1695913498,1695913499,298),(1822,1695913506,1695913576,298),(1823,1695924864,1695924889,298),(1824,1695924893,1695944418,298),(1825,1695944427,1695944988,298),(1826,1695944514,1695944514,212),(1827,1695944530,1695944545,212),(1828,1695944551,1695944567,212),(1829,1695944577,1695944605,212),(1830,1695944633,1695944634,212),(1831,1695944634,1695944640,212),(1832,1695944683,1695944684,250),(1833,1695944712,1695944713,250),(1834,1695945019,1695945020,298),(1835,1695945633,1695958087,298),(1836,1695958090,1695958120,2),(1837,1695958099,1695958147,298),(1838,1695958126,1695958145,2),(1839,1695958150,1695958166,298),(1840,1695958156,1695958162,2),(1841,1695958240,1695958240,298),(1842,1695958276,1695958324,2),(1843,1695958314,1695958315,298),(1844,1695958330,1695958366,298),(1845,1695958338,1695958368,2),(1846,1695958402,1695958404,298),(1847,1695958407,1695958497,298),(1848,1695958459,1695958589,2),(1849,1695958501,1695958515,298),(1850,1695958537,1695958537,298),(1851,1695958538,1695958541,298),(1852,1695958550,1695958583,298),(1853,1695958602,1695958711,2),(1854,1695958643,1695958648,298),(1855,1695958699,1695958812,298),(1856,1695958722,1695959210,2),(1857,1695958840,1695958844,298),(1858,1695958845,1695958846,298),(1859,1695958847,1695958853,298),(1860,1695958860,1695958867,298),(1861,1695958872,1695958945,298),(1862,1695958992,1695958993,298),(1863,1695958996,1695958998,298),(1864,1695959028,1695959057,298),(1865,1695959064,1695959157,298),(1866,1695959187,1695959276,298),(1867,1695959220,1695959231,2),(1868,1695959243,1695959255,2),(1869,1695959258,1695959259,2),(1870,1695959292,1695959293,2),(1871,1695959296,1695959301,298),(1872,1695959357,1695959366,298),(1873,1695959359,1695959366,2),(1874,1695959367,1695959369,298),(1875,1695959388,1695959449,2),(1876,1695959410,1695959424,298),(1877,1695959428,1695959446,298),(1878,1695959451,1695959463,2),(1879,1695959455,1695959456,298),(1880,1695959467,1695959516,2),(1881,1695959471,1695959486,298),(1882,1695959519,1695959529,2),(1883,1695959520,1695959523,298),(1884,1695959532,1695959544,298),(1885,1695959549,1695959562,298),(1886,1695959564,1695959610,298),(1887,1695959578,1695959602,2),(1888,1695959604,1695959606,2),(1889,1695959613,1695959618,298),(1890,1695959670,1695959672,2),(1891,1695959676,0,2),(1892,1695959676,0,2),(1893,1695959676,1695959677,2),(1894,1695959680,1695959735,2),(1895,1695959823,1695959828,298),(1896,1695959829,1695959840,298),(1897,1695959840,1695959845,298),(1898,1695959845,1695959849,298),(1899,1695959879,1695959903,2),(1900,1695959909,1695959909,298),(1901,1695959925,1695959940,298),(1902,1695959974,1695960528,298),(1903,1695960128,1695960173,2),(1904,1695960173,1695960190,2),(1905,1695960221,1695960257,2),(1906,1695960262,1695960448,2),(1907,1695960464,1695960468,2),(1908,1695960473,1695960522,2),(1909,1695960625,1695960663,298),(1910,1695960637,1695960650,2),(1911,1695960664,1695960669,298),(1912,1695960686,1695960697,298),(1913,1695960711,1695960713,298),(1914,1695960777,1695960802,2),(1915,1695960834,1695960909,2),(1916,1695960996,1696024950,298),(1917,1695962232,1695962296,2),(1918,1695963032,1695963220,2),(1919,1695963228,1695963229,2),(1920,1695963232,1695963252,2),(1921,1695963256,1695963272,2),(1922,1695963327,1695963373,2),(1923,1695963410,0,2),(1924,1695963410,1695963477,2),(1925,1695963489,1695963533,2),(1926,1695964299,1695964308,317),(1927,1695964385,1695964468,317),(1928,1695964549,0,317),(1929,1695964549,1695964607,317),(1930,1695964614,1695964634,317),(1931,1695964641,1695964803,317),(1932,1695964803,0,317),(1933,1695964803,1695964889,317),(1934,1695964889,1695964893,317),(1935,1695964893,1695964893,317),(1936,1695965151,1695965151,317),(1937,1695965151,1695965163,317),(1938,1695965164,0,317),(1939,1695965164,1695965406,317),(1940,1695965407,1695965407,317),(1941,1695965411,0,317),(1942,1695965412,0,317),(1943,1695965412,1695965421,317),(1944,1695965421,0,317),(1945,1695965421,1695965447,317),(1946,1695965447,1695965447,317),(1947,1695965509,1695965554,317),(1948,1695965558,1695965567,317),(1949,1695965569,1695965608,317),(1950,1695965610,1695965612,317),(1951,1695965615,1695965619,317),(1952,1695965619,1695965621,317),(1953,1695965730,1695965904,317),(1954,1695965919,1695965926,317),(1955,1695965969,1695966017,317),(1956,1695966022,1695966152,317),(1957,1695966259,1695966265,317),(1958,1695966269,1695966272,317),(1959,1695966322,1695966335,317),(1960,1695967650,1695968264,317),(1961,1695969251,1695969251,2),(1962,1695969530,1695969829,2),(1963,1695969832,1695969865,2),(1964,1695969951,1695970006,2),(1965,1695970031,1695970031,2),(1966,1695970143,1695970154,317),(1967,1695970156,1695984227,317),(1968,1695970320,1695970357,2),(1969,1695970632,1695970666,2),(1970,1695971144,1695971213,2),(1971,1695971217,1695971604,2),(1972,1695971677,1695971701,2),(1973,1695972839,1695973006,2),(1974,1695973707,0,2),(1975,1695973707,1695973727,2),(1976,1695973957,1695974166,2),(1977,1695974171,1695974172,2),(1978,1695977768,1695977874,2),(1979,1695978360,1695978361,2),(1980,1695978408,1695978609,2),(1981,1695978765,1695979019,2),(1982,1695979472,1695980121,2),(1983,1695980477,1695980483,2),(1984,1695980513,1695980537,2),(1985,1695980557,1695981790,2),(1986,1695981608,1695981640,5),(1987,1695981800,1695981809,2),(1988,1695981907,1695981924,5),(1989,1695981930,1695981946,5),(1990,1695981980,1695981993,5),(1991,1695982040,1695982085,5),(1992,1695982098,1695982221,5),(1993,1695982410,1695982888,2),(1994,1695982889,1695982896,2),(1995,1695983044,1695983496,2),(1996,1695983062,1695983067,5),(1997,1695983883,1695983911,2),(1998,1695983958,1695983966,5),(1999,1695984236,1695984248,317),(2000,1695984251,1695984482,317),(2001,1695984439,1695984906,2),(2002,1695984485,1695984507,317),(2003,1695984510,1695984514,317),(2004,1695984541,1695984543,317),(2005,1695984586,1695984613,317),(2006,1695984795,1695984796,317),(2007,1695984798,1695984800,317),(2008,1695984801,1695985070,317),(2009,1695985109,1695985119,317),(2010,1695985137,1695985192,2),(2011,1695985143,1695985298,317),(2012,1695985342,1695985348,2),(2013,1695985391,1695985396,2),(2014,1695985404,1695985416,2),(2015,1695985981,1695985983,192),(2016,1695985990,1695986002,192),(2017,1695986044,1695986056,192),(2018,1695986082,1695986128,192),(2019,1695986090,1695986303,2),(2020,1695986145,1695986157,192),(2021,1695986173,1695986178,192),(2022,1695986179,1695986207,192),(2023,1695986238,1695986282,192),(2024,1695986305,1695986307,192),(2025,1695986314,1695986341,192),(2026,1695986342,1695986673,192),(2027,1695986343,1695986362,2),(2028,1695986369,1695986645,2),(2029,1695986668,1695986888,2),(2030,1695986681,1695987571,192),(2031,1695986910,1695986933,2),(2032,1695987320,1695987483,2),(2033,1695987485,1695987512,2),(2034,1695987515,1695987604,2),(2035,1695987620,1695989432,192),(2036,1695987733,1695987741,2),(2037,1695987750,1695987853,2),(2038,1695987855,1695987889,2),(2039,1695987905,1695987906,2),(2040,1695987907,1695987907,2),(2041,1695987910,1695987914,2),(2042,1695987920,1695987922,2),(2043,1695987930,1695987932,2),(2044,1695987933,1695987938,2),(2045,1695987945,1695987992,2),(2046,1695987994,1695988119,2),(2047,1695988217,1695988219,2),(2048,1695988220,1695988227,2),(2049,1695988267,1695988269,2),(2050,1695988296,1695988303,2),(2051,1695988305,1695988306,2),(2052,1695988416,1695988500,2),(2053,1695988975,1695989062,2),(2054,1695989073,1695989074,2),(2055,1695989674,1695990287,2),(2056,1695990289,1695991613,2),(2057,1695991627,1695991631,2),(2058,1695991633,1695991665,2),(2059,1695991670,1695991706,2),(2060,1695992040,1695992097,2),(2061,1695992195,1695992555,2),(2062,1695992674,1695992680,2),(2063,1695992683,1695992686,2),(2064,1695992719,1695992720,2),(2065,1695993322,1695994132,2),(2066,1695994151,1696051012,2),(2067,1696024972,1696024978,298),(2068,1696024982,1696024987,298),(2069,1696041716,1696042049,NULL),(2070,1696047802,0,323),(2071,1696051156,1696051208,2),(2072,1696054262,1696054273,2),(2073,1696054275,1696054476,2),(2074,1696054494,1696055302,2),(2075,1696055318,1696055324,2),(2076,1696055336,1696055339,2),(2077,1696055382,1696055410,2),(2078,1696055877,1696055902,2),(2079,1696055919,1696056297,2),(2080,1696056551,1696056822,2),(2081,1696056831,1696058182,2),(2082,1696058188,1696058191,2),(2083,1696058214,1696058216,2),(2084,1696058217,1696058221,2),(2085,1696058221,1696058223,2),(2086,1696058224,1696058240,2),(2087,1696058522,1696058524,2),(2088,1696059305,1696059305,2),(2089,1696059308,1696059317,2),(2090,1696059400,1696059402,2),(2091,1696059422,1696059491,2),(2092,1696059492,1696060118,2),(2093,1696060126,1696060127,2),(2094,1696060197,1696060204,2),(2095,1696060205,1696060207,2),(2096,1696060251,1696060256,2),(2097,1696060614,1696060623,2),(2098,1696060624,1696060626,2),(2099,1696060637,1696060643,2),(2100,1696060648,1696060650,2),(2101,1696060656,1696060666,2),(2102,1696060670,1696060850,2),(2103,1696060854,1696060855,2),(2104,1696061154,1696061320,2),(2105,1696066157,1696066161,2),(2106,1696066173,1696066177,2),(2107,1696066178,1696066240,2),(2108,1696066249,1696066249,2),(2109,1696066250,1696066296,2),(2110,1696066301,1696066301,2),(2111,1696066302,1696066343,2),(2112,1696066349,1696066349,2),(2113,1696066350,1696066499,2),(2114,1696066507,1696066552,2),(2115,1696067122,1696069109,2),(2116,1696069143,1696069152,2),(2117,1696069166,1696069167,2),(2118,1696069169,1696069324,2),(2119,1696069332,1696069333,2),(2120,1696069335,1696069348,2),(2121,1696069368,1696075579,2),(2122,1696075590,1696075605,2),(2123,1696075614,1696075629,2),(2124,1696075651,1696075652,2),(2125,1696075697,1696075794,2),(2126,1696075954,1696075973,2),(2127,1696076006,1696076051,2),(2128,1696076073,1696076119,2),(2129,1696076122,1696076167,2),(2130,1696076390,1696076397,2),(2131,1696076473,1696076491,2),(2132,1696076493,1696076538,2),(2133,1696076540,1696076587,2),(2134,1696076625,1696076637,2),(2135,1696076684,1696076689,2),(2136,1696076735,1696076760,2),(2137,1696076806,1696076822,2),(2138,1696076887,1696076932,2),(2139,1696076967,1696077014,2),(2140,1696077028,1696077129,2),(2141,1696077176,1696077197,2),(2142,1696077244,1696077442,2),(2143,1696077489,1696112318,2),(2144,1696080775,0,328),(2145,1696080943,1696081107,NULL),(2146,1696081110,1696081114,NULL),(2147,1696081117,1696081146,NULL),(2148,1696081156,1696081165,NULL),(2149,1696081380,1696081392,NULL),(2150,1696081411,1696081427,NULL),(2151,1696081443,1696081495,NULL),(2152,1696081520,1696081571,NULL),(2153,1696081588,1696081908,NULL),(2154,1696081910,1696081931,NULL),(2155,1696081954,1696082023,NULL),(2156,1696082039,1696082046,NULL),(2157,1696082055,1696082069,NULL),(2158,1696082368,1696082383,NULL),(2159,1696082400,1696083104,NULL),(2160,1696083305,1696083315,NULL),(2161,1696083610,1696083657,NULL),(2162,1696083661,1696083667,NULL),(2163,1696083670,1696083679,NULL),(2164,1696083686,1696083704,NULL),(2165,1696083724,1696083816,NULL),(2166,1696083830,1696083849,NULL),(2167,1696084973,1696085171,NULL),(2168,1696085184,1696085958,NULL),(2169,1696086728,0,331),(2170,1696086779,1696087257,NULL),(2171,1696087395,1696143795,NULL),(2172,1696112321,1696112324,2),(2173,1696112377,1696112390,2),(2174,1696112500,1696112527,2),(2175,1696112531,1696112533,2),(2176,1696112595,1696112607,2),(2177,1696112609,1696112751,2),(2178,1696112770,1696112772,2),(2179,1696112840,1696112841,2),(2180,1696112928,1696112932,2),(2181,1696112966,1696112986,2),(2182,1696113011,1696113058,2),(2183,1696113310,1696113312,2),(2184,1696113321,1696227942,2),(2185,1696113527,1696113529,5),(2186,1696113534,1696113544,5),(2187,1696113545,1696113715,5),(2188,1696113735,1696113768,5),(2189,1696113801,1696113826,5),(2190,1696114332,1696114377,5),(2191,1696114358,1696114359,3),(2192,1696114361,1696114361,3),(2193,1696114379,1696114426,5),(2194,1696114442,1696114473,5),(2195,1696114493,1696114503,5),(2196,1696114521,1696114583,5),(2197,1696114592,1696114652,5),(2198,1696114758,0,5),(2199,1696114758,0,5),(2200,1696114758,1696114794,5),(2201,1696114795,1696114826,5),(2202,1696114904,1696114973,5),(2203,1696115057,1696416508,5),(2204,1696115292,0,332),(2205,1696116006,1696116016,333),(2206,1696116018,1696116023,333),(2207,1696116025,1696116028,333),(2208,1696116030,1696116036,333),(2209,1696116038,1696116043,333),(2210,1696116047,1696116056,333),(2211,1696116115,1696116146,333),(2212,1696116160,1696116163,333),(2213,1696116165,1696116180,333),(2214,1696116259,1696116315,333),(2215,1696116321,1696116326,333),(2216,1696116357,1696116407,333),(2217,1696116555,1696116585,333),(2218,1696145781,1696145879,NULL),(2219,1696145942,1696145981,NULL),(2220,1696146034,1696146126,NULL),(2221,1696146286,1696146374,NULL),(2222,1696146411,1696146442,NULL),(2223,1696146596,1696146626,NULL),(2224,1696146752,1696146927,NULL),(2225,1696147005,1696147062,NULL),(2226,1696148476,1696148522,NULL),(2227,1696148542,1696164723,NULL),(2228,1696174257,1696178612,NULL),(2229,1696178779,1696178875,NULL),(2230,1696178908,1696178969,NULL),(2231,1696179032,1696179049,NULL),(2232,1696179085,1696179121,NULL),(2233,1696179160,1696179179,NULL),(2234,1696179224,1696179369,NULL),(2235,1696179470,1696179505,NULL),(2236,1696179525,1696179556,NULL),(2237,1696179573,1696179662,NULL),(2238,1696223676,1696226290,NULL),(2239,1696226292,1696226293,NULL),(2240,1696226583,1696227603,NULL),(2241,1696227773,1696227774,NULL),(2242,1696227783,1696227791,NULL),(2243,1696227794,1696227808,NULL),(2244,1696227945,1696228137,2),(2245,1696228149,1696228299,NULL),(2246,1696228173,1696228180,2),(2247,1696228182,1696228191,2),(2248,1696228223,1696228225,2),(2249,1696228312,1696230215,2),(2250,1696229426,1696229948,NULL),(2251,1696230007,1696230335,NULL),(2252,1696230217,1696230219,2),(2253,1696230221,1696231398,2),(2254,1696230596,1696230600,NULL),(2255,1696230914,1696231593,NULL),(2256,1696231405,1696231434,2),(2257,1696231499,1696231519,2),(2258,1696231523,1696231529,2),(2259,1696231558,1696231561,2),(2260,1696231594,1696231706,NULL),(2261,1696231627,1696231709,2),(2262,1696231712,1696231715,2),(2263,1696231732,1696231742,2),(2264,1696231758,1696231771,2),(2265,1696231790,1696231791,2),(2266,1696231793,1696231793,2),(2267,1696231794,1696231795,2),(2268,1696231796,1696231837,2),(2269,1696231846,1696231850,2),(2270,1696232053,1696232062,NULL),(2271,1696232125,1696232134,NULL),(2272,1696232154,1696232170,NULL),(2273,1696232298,1696232301,NULL),(2274,1696232301,1696233533,NULL),(2275,1696233538,1696233554,NULL),(2276,1696233561,1696233564,NULL),(2277,1696233575,1696233602,NULL),(2278,1696233610,1696233613,NULL),(2279,1696233645,1696233646,338),(2280,1696233685,1696233689,211),(2281,1696233707,1696233734,211),(2282,1696233736,1696233848,211),(2283,1696233850,1696233855,NULL),(2284,1696234004,1696234007,NULL),(2285,1696234010,1696234032,NULL),(2286,1696234034,1696234388,NULL),(2287,1696234403,1696234597,NULL),(2288,1696234473,1696234695,211),(2289,1696234598,1696234624,NULL),(2290,1696234639,1696234653,NULL),(2291,1696234670,1696234683,NULL),(2292,1696234698,1696234702,NULL),(2293,1696234723,1696234727,NULL),(2294,1696234723,1696234726,211),(2295,1696234727,1696234730,211),(2296,1696234731,1696235534,NULL),(2297,1696234949,1696234959,211),(2298,1696234977,1696235545,211),(2299,1696235846,1696236014,NULL),(2300,1696236012,1696411507,211),(2301,1696236468,1696236475,NULL),(2302,1696236499,1696236502,NULL),(2303,1696236833,1696243987,2),(2304,1696236869,1696236908,NULL),(2305,1696236984,1696242177,NULL),(2306,1696242458,1696242527,NULL),(2307,1696242529,1696242536,NULL),(2308,1696242539,1696245451,NULL),(2309,1696243997,1696244001,2),(2310,1696244002,1696244011,2),(2311,1696244032,1696244037,2),(2312,1696244042,1696244074,2),(2313,1696244193,1696244205,2),(2314,1696244206,1696244233,2),(2315,1696244246,1696244247,2),(2316,1696244273,1696244338,2),(2317,1696244341,1696244342,2),(2318,1696244352,1696244361,2),(2319,1696244361,1696244367,2),(2320,1696244419,1696244424,2),(2321,1696244425,1696244443,2),(2322,1696244753,1696244805,2),(2323,1696244806,1696244807,2),(2324,1696244846,1696244847,2),(2325,1696244850,1696244853,2),(2326,1696244855,1696244877,2),(2327,1696244894,1696244895,2),(2328,1696244960,1696245314,2),(2329,1696245315,1696245415,2),(2330,1696245499,1696245500,2),(2331,1696245501,1696245619,2),(2332,1696245930,1696245952,NULL),(2333,1696246001,1696246006,NULL),(2334,1696246009,1696251740,NULL),(2335,1696246282,1696246658,2),(2336,1696246716,1696246875,2),(2337,1696247438,1696247894,2),(2338,1696247899,1696249093,2),(2339,1696249455,1696249846,2),(2340,1696249876,1696250006,2),(2341,1696250062,1696250282,2),(2342,1696250288,1696250305,2),(2343,1696250308,1696250364,2),(2344,1696250374,1696250375,2),(2345,1696250380,1696250381,2),(2346,1696250389,1696250501,2),(2347,1696250510,1696250533,2),(2348,1696250568,1696250576,2),(2349,1696250583,1696250584,2),(2350,1696250704,1696250719,2),(2351,1696250893,1696250905,2),(2352,1696250920,1696250956,2),(2353,1696251006,1696251021,2),(2354,1696251052,1696251067,2),(2355,1696251069,1696251085,2),(2356,1696251089,1696251104,2),(2357,1696251217,1696251233,2),(2358,1696251274,1696251289,2),(2359,1696251293,1696251308,2),(2360,1696251330,1696251333,2),(2361,1696251348,1696251350,2),(2362,1696251366,1696251404,2),(2363,1696251420,1696251429,2),(2364,1696251444,1696251743,2),(2365,1696251775,1696251777,NULL),(2366,1696251779,1696251782,NULL),(2367,1696251828,1696251832,2),(2368,1696251867,1696251871,NULL),(2369,1696251881,1696251886,NULL),(2370,1696251890,1696251891,NULL),(2371,1696251895,1696251902,NULL),(2372,1696251897,1696251902,2),(2373,1696251904,1696251908,NULL),(2374,1696251904,1696251971,2),(2375,1696251944,1696251948,NULL),(2376,1696251954,1696251960,NULL),(2377,1696251961,1696252584,NULL),(2378,1696252066,1696252066,2),(2379,1696252070,1696252093,2),(2380,1696252107,1696252119,2),(2381,1696252120,1696252352,2),(2382,1696252588,1696252591,NULL),(2383,1696252596,1696252599,NULL),(2384,1696252601,1696252606,NULL),(2385,1696252620,1696252646,NULL),(2386,1696252650,1696252654,NULL),(2387,1696252658,1696252662,NULL),(2388,1696252667,1696252671,NULL),(2389,1696252674,1696252680,NULL),(2390,1696252685,1696252688,NULL),(2391,1696252827,1696252850,NULL),(2392,1696252854,1696252857,NULL),(2393,1696252934,1696252938,NULL),(2394,1696252941,1696253047,NULL),(2395,1696253052,1696253226,NULL),(2396,1696253244,1696253396,NULL),(2397,1696253401,1696253480,NULL),(2398,1696253486,1696253488,NULL),(2399,1696253656,1696253663,NULL),(2400,1696253679,1696261884,NULL),(2401,1696254799,1696254959,347),(2402,1696255034,0,347),(2403,1696256292,1696256293,350),(2404,1696256340,1696256342,350),(2405,1696256381,1696256420,350),(2406,1696257903,1696258120,2),(2407,1696258126,1696258151,2),(2408,1696258156,1696258175,2),(2409,1696258190,1696258204,2),(2410,1696258277,1696258307,2),(2411,1696261410,1696261428,NULL),(2412,1696261441,1696261441,NULL),(2413,1696261455,1696261539,NULL),(2414,1696261550,1696261551,NULL),(2415,1696261561,1696261572,NULL),(2416,1696261579,1696261579,NULL),(2417,1696261595,1696261606,NULL),(2418,1696261612,1696261612,NULL),(2419,1696261631,1696261634,NULL),(2420,1696261638,1696261639,NULL),(2421,1696261642,1696261648,NULL),(2422,1696261653,1696261654,NULL),(2423,1696261656,1696261663,NULL),(2424,1696261669,1696261669,NULL),(2425,1696261676,1696261708,NULL),(2426,1696261714,1696261714,NULL),(2427,1696261717,1696261982,NULL),(2428,1696261731,1696261732,2),(2429,1696261760,1696261761,2),(2430,1696261764,1696261783,2),(2431,1696261784,1696261787,2),(2432,1696261809,1696261810,2),(2433,1696261814,1696264283,2),(2434,1696261988,1696262282,NULL),(2435,1696262259,1696262278,NULL),(2436,1696262281,1696262738,NULL),(2437,1696262283,1696262289,NULL),(2438,1696262292,1696262293,NULL),(2439,1696262295,1696262300,NULL),(2440,1696262308,1696262311,NULL),(2441,1696262320,1696263958,NULL),(2442,1696262747,1696262905,NULL),(2443,1696263096,1696263098,NULL),(2444,1696263099,1696263105,NULL),(2445,1696263133,1696263152,NULL),(2446,1696263153,1696263157,NULL),(2447,1696263235,1696263271,NULL),(2448,1696263283,1696263283,NULL),(2449,1696263287,1696269885,NULL),(2450,1696263700,1696263711,352),(2451,1696263975,1696263979,NULL),(2452,1696263980,1696263988,NULL),(2453,1696264003,1696264007,NULL),(2454,1696264008,1696264015,NULL),(2455,1696264284,1696264294,2),(2456,1696264295,1696264305,2),(2457,1696264310,1696264311,2),(2458,1696264320,1696264326,2),(2459,1696264327,1696264330,2),(2460,1696264334,1696264337,2),(2461,1696264338,1696264342,2),(2462,1696264352,1696264352,2),(2463,1696264535,1696264536,2),(2464,1696264695,1696264865,2),(2465,1696267299,1696270787,NULL),(2466,1696269886,1696269910,NULL),(2467,1696269916,1696269931,NULL),(2468,1696269985,1696269994,NULL),(2469,1696269998,1696270010,NULL),(2470,1696270011,1696270013,NULL),(2471,1696270679,1696270683,2),(2472,1696270701,1696270708,2),(2473,1696270713,1696270720,2),(2474,1696270721,1696270727,2),(2475,1696270789,1696275122,NULL),(2476,1696271304,1696271570,357),(2477,1696272518,1696272800,NULL),(2478,1696272806,1696272808,NULL),(2479,1696272809,1696273364,NULL),(2480,1696273534,1696273705,NULL),(2481,1696273712,1696273713,NULL),(2482,1696273714,1696273788,NULL),(2483,1696274005,1696274020,NULL),(2484,1696274023,1696274024,NULL),(2485,1696274025,1696274112,NULL),(2486,1696274139,1696274140,NULL),(2487,1696274140,1696274590,NULL),(2488,1696274607,1696274612,NULL),(2489,1696274613,1696274614,NULL),(2490,1696274662,1696274833,NULL),(2491,1696275125,1696275127,NULL),(2492,1696275143,1696275145,NULL),(2493,1696275158,1696275159,NULL),(2494,1696275170,1696275192,NULL),(2495,1696275194,1696275196,NULL),(2496,1696275198,1696275199,NULL),(2497,1696275200,1696275201,NULL),(2498,1696275203,1696275303,NULL),(2499,1696275245,1696276635,NULL),(2500,1696275306,1696275428,NULL),(2501,1696275854,1696275855,NULL),(2502,1696276635,1696276862,NULL),(2503,1696276865,1696276866,NULL),(2504,1696276868,1696277041,NULL),(2505,1696277046,1696277047,NULL),(2506,1696277075,1696277085,NULL),(2507,1696277291,1696277334,NULL),(2508,1696277338,1696277343,NULL),(2509,1696277346,1696277346,NULL),(2510,1696277347,1696277348,NULL),(2511,1696277349,1696277349,NULL),(2512,1696277350,1696277566,NULL),(2513,1696277370,1696277721,NULL),(2514,1696277386,1696277416,286),(2515,1696277419,1696277466,286),(2516,1696277502,1696277514,286),(2517,1696277520,0,286),(2518,1696277566,1696277576,NULL),(2519,1696277581,1696277627,NULL),(2520,1696277630,1696277649,NULL),(2521,1696277660,1696277720,NULL),(2522,1696277723,1696277727,NULL),(2523,1696277735,1696277739,NULL),(2524,1696277742,1696277798,NULL),(2525,1696277802,1696277814,NULL),(2526,1696277832,1696278157,NULL),(2527,1696277954,1696277960,NULL),(2528,1696277961,1696278165,NULL),(2529,1696278174,1696278178,NULL),(2530,1696278185,1696278234,NULL),(2531,1696278240,1696278245,NULL),(2532,1696278255,1696278258,NULL),(2533,1696278364,1696278481,NULL),(2534,1696278418,1696278423,NULL),(2535,1696278424,1696278425,NULL),(2536,1696278482,1696278483,NULL),(2537,1696278487,1696278488,NULL),(2538,1696278491,1696278493,NULL),(2539,1696278498,1696278525,NULL),(2540,1696278501,1696278510,NULL),(2541,1696278513,1696278543,NULL),(2542,1696278540,1696278829,NULL),(2543,1696278545,1696278546,NULL),(2544,1696278547,1696278578,NULL),(2545,1696278598,1696278652,NULL),(2546,1696278829,1696279247,NULL),(2547,1696279686,1696280342,NULL),(2548,1696279698,1696279701,NULL),(2549,1696279703,1696280355,NULL),(2550,1696280349,1696280351,NULL),(2551,1696280357,1696390463,NULL),(2552,1696281145,1696281159,3),(2553,1696281200,1696283168,NULL),(2554,1696283219,1696283221,NULL),(2555,1696286914,1696286970,298),(2556,1696286980,1696286996,298),(2557,1696287007,1696287060,298),(2558,1696287072,1696287073,298),(2559,1696287074,1696287076,298),(2560,1696287078,1696287078,298),(2561,1696287158,1696287158,298),(2562,1696287160,1696287161,298),(2563,1696287176,1696287177,298),(2564,1696293455,1696293531,298),(2565,1696293532,1696293573,298),(2566,1696293656,1696293666,298),(2567,1696293817,1696293907,298),(2568,1696293908,1696304785,298),(2569,1696304790,1696304883,298),(2570,1696304884,1696304887,298),(2571,1696304888,1696304906,298),(2572,1696304910,1696304960,298),(2573,1696304961,1696304987,298),(2574,1696305033,1696305034,298),(2575,1696305044,1696305053,298),(2576,1696305087,1696305088,298),(2577,1696305124,1696308089,298),(2578,1696308098,1696308841,298),(2579,1696308724,1696308726,NULL),(2580,1696308727,1696308833,NULL),(2581,1696308837,1696308839,NULL),(2582,1696308844,1696308855,298),(2583,1696308846,1696308846,NULL),(2584,1696308857,1696308895,298),(2585,1696308876,1696308877,NULL),(2586,1696308878,1696308880,NULL),(2587,1696308889,1696308904,NULL),(2588,1696308906,1696308959,298),(2589,1696308922,1696308946,NULL),(2590,1696308971,1696308976,NULL),(2591,1696308976,1696308978,298),(2592,1696308978,1696309001,NULL),(2593,1696308994,1696309001,298),(2594,1696309005,1696309237,NULL),(2595,1696309043,1696309044,298),(2596,1696309046,1696309049,298),(2597,1696309096,1696309192,298),(2598,1696309239,1696309282,NULL),(2599,1696311833,1696311844,2),(2600,1696311899,1696314030,2),(2601,1696314134,1696314345,2),(2602,1696314378,1696314387,2),(2603,1696314394,1696314407,2),(2604,1696314412,1696314461,2),(2605,1696314491,1696314494,2),(2606,1696314566,1696323273,2),(2607,1696323293,1696323295,2),(2608,1696323332,1696323336,2),(2609,1696323336,1696323338,2),(2610,1696323348,1696323352,2),(2611,1696323386,1696323414,2),(2612,1696323790,1696323827,2),(2613,1696323915,1696323919,2),(2614,1696323922,1696323925,2),(2615,1696323929,1696323938,2),(2616,1696323941,1696323943,2),(2617,1696323945,1696323947,2),(2618,1696323950,1696323953,2),(2619,1696323957,1696323959,2),(2620,1696323968,1696323972,2),(2621,1696323986,1696323988,2),(2622,1696323998,1696324011,2),(2623,1696324014,1696324019,2),(2624,1696324021,1696324025,2),(2625,1696324030,1696324032,2),(2626,1696324037,1696324044,2),(2627,1696324046,1696324048,2),(2628,1696324048,1696324050,NULL),(2629,1696324064,1696324069,2),(2630,1696324100,1696324100,NULL),(2631,1696324102,1696324130,2),(2632,1696324138,1696324150,2),(2633,1696324143,1696324144,NULL),(2634,1696324150,1696324427,NULL),(2635,1696324154,1696324159,2),(2636,1696324175,1696324267,2),(2637,1696324268,1696324281,2),(2638,1696324288,1696324315,2),(2639,1696324332,1696324390,2),(2640,1696324428,1696324429,NULL),(2641,1696324431,1696324496,2),(2642,1696324497,1696324686,2),(2643,1696324598,1696324599,NULL),(2644,1696324632,1696324673,NULL),(2645,1696324687,1696324696,2),(2646,1696324697,1696324714,2),(2647,1696324720,1696324721,2),(2648,1696324732,1696324881,2),(2649,1696325215,1696325221,2),(2650,1696325248,1696325258,2),(2651,1696325261,1696325266,2),(2652,1696325338,1696327288,NULL),(2653,1696325505,1696325507,2),(2654,1696325527,1696326000,2),(2655,1696326752,0,2),(2656,1696326752,1696326755,2),(2657,1696326755,1696326758,2),(2658,1696326758,1696327089,2),(2659,1696327091,1696327161,2),(2660,1696327184,1696327218,2),(2661,1696327225,1696327265,2),(2662,1696327290,1696327317,NULL),(2663,1696327323,1696327341,2),(2664,1696327341,1696327411,2),(2665,1696327347,1696327466,NULL),(2666,1696327469,1696327742,2),(2667,1696327504,1696327509,NULL),(2668,1696327525,1696327552,NULL),(2669,1696327554,1696328470,NULL),(2670,1696327745,1696327767,2),(2671,1696327824,1696327862,2),(2672,1696327869,1696327874,2),(2673,1696327881,1696327886,2),(2674,1696327890,1696327894,2),(2675,1696327939,1696327939,2),(2676,1696327947,1696327949,2),(2677,1696327969,1696328096,2),(2678,1696328115,1696328298,2),(2679,1696328327,0,2),(2680,1696328327,1696328330,2),(2681,1696328367,0,2),(2682,1696328367,1696328367,2),(2683,1696328483,1696328485,NULL),(2684,1696328545,0,2),(2685,1696328545,1696329213,2),(2686,1696328849,1696328851,NULL),(2687,1696329213,1696329216,2),(2688,1696329216,1696329236,2),(2689,1696329236,1696329241,2),(2690,1696329388,1696329416,2),(2691,1696330004,1696330086,2),(2692,1696330131,1696330144,2),(2693,1696330163,1696330166,2),(2694,1696330177,1696330185,2),(2695,1696330231,1696330309,2),(2696,1696330339,1696330385,2),(2697,1696330450,1696330496,2),(2698,1696330566,1696330612,2),(2699,1696330621,1696330720,2),(2700,1696330830,1696330908,2),(2701,1696330951,1696330954,2),(2702,1696331545,1696331549,2),(2703,1696331558,1696331604,2),(2704,1696331605,1696331651,2),(2705,1696331931,1696331976,2),(2706,1696331986,1696332032,2),(2707,1696332033,1696332078,2),(2708,1696332082,1696332128,2),(2709,1696332214,1696332256,2),(2710,1696332260,1696332265,2),(2711,1696332312,0,2),(2712,1696332312,1696332696,2),(2713,1696333143,1696333189,2),(2714,1696333502,0,2),(2715,1696333502,1696333507,2),(2716,1696333554,0,2),(2717,1696333554,1696333622,2),(2718,1696333625,0,2),(2719,1696333625,1696333692,2),(2720,1696333723,1696333725,2),(2721,1696333726,1696333731,2),(2722,1696333746,0,2),(2723,1696333746,1696333768,2),(2724,1696333812,0,2),(2725,1696333812,1696333814,2),(2726,1696333871,0,2),(2727,1696333871,1696334005,2),(2728,1696334033,0,2),(2729,1696334033,1696334035,2),(2730,1696334043,1696335444,2),(2731,1696334329,0,192),(2732,1696335446,1696336277,2),(2733,1696336411,1696336884,2),(2734,1696337582,1696337813,2),(2735,1696337814,1696337816,2),(2736,1696338115,0,2),(2737,1696338115,1696338117,2),(2738,1696338220,1696341113,2),(2739,1696341159,1696341227,2),(2740,1696341327,1696341335,2),(2741,1696341337,1696341338,2),(2742,1696341846,1696341861,2),(2743,1696341965,1696341981,2),(2744,1696342004,1696342106,2),(2745,1696342133,1696342177,2),(2746,1696342265,1696342444,2),(2747,1696376090,1696376142,219),(2748,1696376142,1696376164,219),(2749,1696376164,1696376220,219),(2750,1696376221,1696376269,219),(2751,1696376270,1696376310,219),(2752,1696376311,1696376352,219),(2753,1696376352,1696376368,219),(2754,1696376369,1696436069,219),(2755,1696391936,1696394046,NULL),(2756,1696394527,1696394626,2),(2757,1696394682,0,2),(2758,1696394682,1696394702,2),(2759,1696394706,0,2),(2760,1696394706,1696394715,2),(2761,1696394760,0,2),(2762,1696394760,1696394764,2),(2763,1696394911,0,2),(2764,1696394911,1696394911,2),(2765,1696394916,0,2),(2766,1696394916,1696394921,2),(2767,1696394953,0,2),(2768,1696394953,1696403911,2),(2769,1696395952,1696397761,NULL),(2770,1696398558,1696403673,NULL),(2771,1696403941,1696403954,2),(2772,1696403965,1696403979,2),(2773,1696403985,1696403997,2),(2774,1696404004,1696404006,2),(2775,1696404010,1696404013,2),(2776,1696404042,1696404066,2),(2777,1696404072,1696404094,2),(2778,1696404114,1696404118,2),(2779,1696404123,1696404123,2),(2780,1696404127,1696404138,2),(2781,1696404153,1696404190,2),(2782,1696404766,1696404816,2),(2783,1696404829,1696404831,2),(2784,1696404835,1696404836,2),(2785,1696404840,1696404843,2),(2786,1696404844,1696404845,2),(2787,1696404879,1696404880,2),(2788,1696404889,1696404890,2),(2789,1696404893,1696404897,2),(2790,1696404897,1696404900,2),(2791,1696404902,1696404904,2),(2792,1696404908,1696404924,2),(2793,1696404968,1696404972,2),(2794,1696405017,1696405041,2),(2795,1696405104,1696405114,2),(2796,1696405117,1696405118,2),(2797,1696405125,1696405163,2),(2798,1696405182,1696405497,2),(2799,1696405525,1696405564,2),(2800,1696405565,1696405569,2),(2801,1696405570,1696405574,2),(2802,1696405717,1696405732,2),(2803,1696405733,1696405741,2),(2804,1696405744,1696405746,2),(2805,1696405750,1696405752,2),(2806,1696405753,1696405755,2),(2807,1696405759,1696405759,2),(2808,1696405761,1696405784,2),(2809,1696405796,1696405891,2),(2810,1696405873,1696410037,NULL),(2811,1696405896,1696405896,2),(2812,1696405900,1696405901,2),(2813,1696405902,1696405915,2),(2814,1696409509,1696409517,2),(2815,1696409518,1696409541,2),(2816,1696409574,1696409587,2),(2817,1696409589,1696409592,2),(2818,1696409592,1696409596,2),(2819,1696409597,1696409598,2),(2820,1696409601,1696409617,2),(2821,1696409624,1696409633,2),(2822,1696409636,1696409640,2),(2823,1696409641,1696409642,2),(2824,1696409854,1696409857,2),(2825,1696409859,1696409871,2),(2826,1696409878,1696409881,2),(2827,1696409903,1696409906,2),(2828,1696409988,1696409992,2),(2829,1696409997,1696410003,2),(2830,1696410242,1696410273,2),(2831,1696410276,1696410601,2),(2832,1696410605,1696410650,2),(2833,1696410683,1696418389,NULL),(2834,1696410712,1696410779,2),(2835,1696410829,1696410848,2),(2836,1696410887,1696410934,2),(2837,1696410939,1696411058,2),(2838,1696411187,1696411410,2),(2839,1696411489,1696411573,2),(2840,1696411577,1696411588,2),(2841,1696411588,1696411590,2),(2842,1696411668,1696411678,2),(2843,1696411681,1696411682,2),(2844,1696411687,1696411696,2),(2845,1696411697,1696411700,2),(2846,1696411701,1696411707,2),(2847,1696411708,1696411712,2),(2848,1696411724,1696411725,2),(2849,1696411728,1696411751,2),(2850,1696411767,1696411778,2),(2851,1696412385,1696412939,211),(2852,1696413178,1696414401,211),(2853,1696413302,1696414153,2),(2854,1696414177,1696414192,2),(2855,1696414236,1696414316,2),(2856,1696414371,1696414607,2),(2857,1696414507,1696414560,211),(2858,1696414638,1696414721,211),(2859,1696414975,1696414976,2),(2860,1696415567,1696416976,211),(2861,1696415927,1696416036,2),(2862,1696416047,1696416379,2),(2863,1696416382,1696416544,2),(2864,1696416604,1696416953,2),(2865,1696416823,1696416969,5),(2866,1696417020,1696417229,211),(2867,1696417276,1696417372,211),(2868,1696417290,1696417312,2),(2869,1696417313,1696417317,2),(2870,1696417418,1696418539,211),(2871,1696418151,1696418214,2),(2872,1696418765,1696418767,2),(2873,1696418794,1696419039,2),(2874,1696419067,1696419122,2),(2875,1696419124,1696419186,2),(2876,1696421779,1696421908,2),(2877,1696422508,1696422881,2),(2878,1696422981,1696423249,2),(2879,1696424219,1696424224,364),(2880,1696424506,1696424677,2),(2881,1696425261,1696425515,2),(2882,1696425979,1696426096,2),(2883,1696426324,1696469823,211),(2884,1696426768,1696426842,2),(2885,1696426982,1696427189,2),(2886,1696428196,1696428223,2),(2887,1696428272,1696428376,2),(2888,1696428477,1696430110,2),(2889,1696430342,1696430349,2),(2890,1696430421,1696430628,2),(2891,1696430715,1696431251,2),(2892,1696431254,1696481240,2),(2893,1696436187,1696436288,219),(2894,1696436289,1696436326,219),(2895,1696436336,1696436468,219),(2896,1696436469,1696436614,219),(2897,1696436615,1696462062,219),(2898,1696462171,1696462171,219),(2899,1696462193,1696462194,219),(2900,1696462201,1696462203,219),(2901,1696462255,1696468296,219),(2902,1696468344,1696468345,219),(2903,1696468349,1696468350,219),(2904,1696468351,1696468366,219),(2905,1696468367,1696468450,219),(2906,1696468456,1696468521,219),(2907,1696468533,1696468777,219),(2908,1696468778,1696468794,219),(2909,1696469907,1696469911,211),(2910,1696470026,1696470029,211),(2911,1696470046,1696470054,211),(2912,1696470059,1696470073,211),(2913,1696470105,1696470117,211),(2914,1696470408,1696470422,219),(2915,1696470466,1696470466,219),(2916,1696470908,1696470913,211),(2917,1696470956,1696471041,211),(2918,1696471057,1696471202,211),(2919,1696471205,1696471218,211),(2920,1696471218,1696471244,211),(2921,1696471266,1696471266,211),(2922,1696471361,1696471401,211),(2923,1696471401,1696471755,211),(2924,1696471759,1696471779,211),(2925,1696471785,1696471789,211),(2926,1696471790,1696471794,211),(2927,1696471805,1696471811,211),(2928,1696471813,1696471838,211),(2929,1696471842,1696472090,211),(2930,1696472206,1696475913,211),(2931,1696472336,1696472573,NULL),(2932,1696472618,1696472762,NULL),(2933,1696472952,1696473101,NULL),(2934,1696473359,1696473425,NULL),(2935,1696473700,1696473816,NULL),(2936,1696475497,1696475688,NULL),(2937,1696476060,1697809929,211),(2938,1696476204,1696477466,NULL),(2939,1696477724,1696478072,NULL),(2940,1696480416,1696483559,NULL),(2941,1696481505,1696481892,2),(2942,1696482351,1696482352,2),(2943,1696482357,1696482394,2),(2944,1696482396,1696482410,2),(2945,1696482474,1696484039,2),(2946,1696482572,1696482578,4),(2947,1696482593,1696482637,4),(2948,1696482652,1696482668,4),(2949,1696482683,1696482795,4),(2950,1696482883,1696483162,4),(2951,1696483163,1696483164,4),(2952,1696483519,1696483831,4),(2953,1696483846,1696483871,4),(2954,1696483886,1696483910,4),(2955,1696483925,1696484000,4),(2956,1696484041,1696484153,2),(2957,1696484216,1696484264,2),(2958,1696484351,1696484355,2),(2959,1696484365,1696484367,2),(2960,1696484369,1696484384,4),(2961,1696484371,1696484375,2),(2962,1696484393,1696484396,2),(2963,1696484399,1696484402,2),(2964,1696484437,1696484439,2),(2965,1696484442,1696484460,2),(2966,1696484466,1696484470,2),(2967,1696484533,1696484548,4),(2968,1696484624,1696485006,4),(2969,1696484624,1696484749,2),(2970,1696484818,1696484878,2),(2971,1696485026,1696485092,4),(2972,1696485094,1696485113,4),(2973,1696485107,1696485165,2),(2974,1696485114,1696485137,4),(2975,1696485177,1696485191,4),(2976,1696485189,1696485263,2),(2977,1696485193,1696485208,4),(2978,1696485209,1696485224,4),(2979,1696485251,1696485266,4),(2980,1696485299,1696485302,2),(2981,1696485305,1696485320,4),(2982,1696485305,1696485307,2),(2983,1696485331,1696485334,2),(2984,1696485332,1696485333,4),(2985,1696485334,1696485347,4),(2986,1696485346,1696485353,2),(2987,1696485362,1696486741,4),(2988,1696485370,1696485458,2),(2989,1696485486,1696485492,2),(2990,1696485495,1696485500,2),(2991,1696485503,1696485506,2),(2992,1696485655,1696485678,2),(2993,1696485685,1696485759,2),(2994,1696485785,1696485792,2),(2995,1696485793,1696485799,2),(2996,1696485806,1696485823,2),(2997,1696485834,1696485842,2),(2998,1696485850,1696485860,2),(2999,1696485864,1696485889,2),(3000,1696485894,1696485901,2),(3001,1696485904,1696485934,2),(3002,1696485934,1696486028,2),(3003,1696486035,1696486068,2),(3004,1696486128,1696486174,2),(3005,1696486448,1696486462,2),(3006,1696486465,1696486675,2),(3007,1696486925,1696486942,2),(3008,1696486985,1696487189,4),(3009,1696487094,1696487240,NULL),(3010,1696487264,1696488972,NULL),(3011,1696487521,1696487646,4),(3012,1696487656,1696487967,4),(3013,1696488111,1696488779,4),(3014,1696488813,1696488815,4),(3015,1696488819,1696489120,4),(3016,1696489012,1696489016,NULL),(3017,1696489019,1696489279,NULL),(3018,1696489039,1696489416,NULL),(3019,1696489279,1696489389,4),(3020,1696489289,1696489299,NULL),(3021,1696489302,1696489354,NULL),(3022,1696489384,1696489392,NULL),(3023,1696489478,1696489597,NULL),(3024,1696489519,1696489608,4),(3025,1696489599,1696489616,NULL),(3026,1696489630,1696490071,NULL),(3027,1696489658,1696489994,NULL),(3028,1696489761,1696510443,4),(3029,1696489904,1696490047,2),(3030,1696490054,1696490069,NULL),(3031,1696490073,1696490092,NULL),(3032,1696490132,1696490167,NULL),(3033,1696490176,1696490203,NULL),(3034,1696490579,1696491063,NULL),(3035,1696490776,1696490990,NULL),(3036,1696491116,1696492038,NULL),(3037,1696491119,1696491179,NULL),(3038,1696491538,1696491578,NULL),(3039,1696491680,1696491836,NULL),(3040,1696491944,1696492009,NULL),(3041,1696492055,1696492151,NULL),(3042,1696492102,1696492151,NULL),(3043,1696492253,1696492327,NULL),(3044,1696492420,0,NULL),(3045,1696492420,1696492420,NULL),(3046,1696492420,1696492420,NULL),(3047,1696492420,1696492420,NULL),(3048,1696492424,1696492424,NULL),(3049,1696492424,1696492424,NULL),(3050,1696492475,1696492555,NULL),(3051,1696493401,1696493609,NULL),(3052,1696494494,1696494495,NULL),(3053,1696494513,1696494515,NULL),(3054,1696494518,1696494545,NULL),(3055,1696494565,1696494566,NULL),(3056,1696494591,1696494776,NULL),(3057,1696494996,1696495223,NULL),(3058,1696495393,1696495516,NULL),(3059,1696495546,1696495663,NULL),(3060,1696495679,1696495709,NULL),(3061,1696495941,1696496246,NULL),(3062,1696496784,1696496785,NULL),(3063,1696496786,1696496786,NULL),(3064,1696496789,1696496789,NULL),(3065,1696496880,1696496880,NULL),(3066,1696496882,1696496882,NULL),(3067,1696496884,0,NULL),(3068,1696496884,1696496885,NULL),(3069,1696497664,1696497667,NULL),(3070,1696497731,1696497737,NULL),(3071,1696497738,1696497744,NULL),(3072,1696497745,1696497746,NULL),(3073,1696497755,1696497759,NULL),(3074,1696497765,1696497767,NULL),(3075,1696497775,1696497778,NULL),(3076,1696500365,1696500630,NULL),(3077,1696500645,1696500654,NULL),(3078,1696501155,0,NULL),(3079,1696501155,1696501445,NULL),(3080,1696501450,0,NULL),(3081,1696501450,1696501627,NULL),(3082,1696501659,1696501665,2),(3083,1696501668,1696501687,2),(3084,1696501836,1696502030,2),(3085,1696502038,1696502095,2),(3086,1696502057,0,NULL),(3087,1696502057,1696503141,NULL),(3088,1696502154,1696502174,2),(3089,1696502304,1696502306,2),(3090,1696502363,1696502442,2),(3091,1696502458,1696502550,2),(3092,1696502556,1696502560,2),(3093,1696502590,1696502595,2),(3094,1696502598,1696502611,2),(3095,1696502681,1696502725,2),(3096,1696503194,1696503194,2),(3097,1696503248,1696504028,2),(3098,1696503311,1696503566,NULL),(3099,1696504029,1696504037,2),(3100,1696504179,1696504180,NULL),(3101,1696504182,1696504224,NULL),(3102,1696504361,1696504414,NULL),(3103,1696504417,1696504429,NULL),(3104,1696504526,1696504534,NULL),(3105,1696509350,1696510290,NULL),(3106,1696510378,1696510383,NULL),(3107,1696510433,1696510449,NULL),(3108,1696510463,1696510513,NULL),(3109,1696510555,1696510562,NULL),(3110,1696510576,1696510632,NULL),(3111,1696510603,1696510626,2),(3112,1696510638,1696510641,2),(3113,1696510642,1696510928,NULL),(3114,1696510644,1696510648,2),(3115,1696510650,1696510678,2),(3116,1696510754,1696510766,2),(3117,1696510770,1696510772,2),(3118,1696510819,1696510821,2),(3119,1696510824,1696510826,2),(3120,1696510919,0,2),(3121,1696510919,1696511017,2),(3122,1696511014,1696511035,NULL),(3123,1696511042,1696511047,NULL),(3124,1696511051,1696511054,NULL),(3125,1696511066,0,2),(3126,1696511066,1696511068,2),(3127,1696511150,1696511399,NULL),(3128,1696511158,0,374),(3129,1696511158,1696511202,374),(3130,1696511218,1696511797,4),(3131,1696511373,1696511418,NULL),(3132,1696511403,1696512009,NULL),(3133,1696511420,1696511420,NULL),(3134,1696511422,1696511423,NULL),(3135,1696511425,1696511454,NULL),(3136,1696511669,1696511670,NULL),(3137,1696511699,1696511707,NULL),(3138,1696511710,1696511714,NULL),(3139,1696511808,1696511814,NULL),(3140,1696511812,1696616616,4),(3141,1696512012,1696512022,NULL),(3142,1696512023,1696512024,NULL),(3143,1696512065,1696512092,NULL),(3144,1696512123,1696512207,NULL),(3145,1696512236,1696512248,NULL),(3146,1696512266,1696512372,NULL),(3147,1696512483,1696512485,NULL),(3148,1696512514,1696512637,NULL),(3149,1696512881,1696570141,NULL),(3150,1696512933,1696512934,NULL),(3151,1696512937,1696512955,NULL),(3152,1696512955,1696512960,NULL),(3153,1696512961,1696512963,NULL),(3154,1696512972,1696512975,NULL),(3155,1696512976,1696513435,NULL),(3156,1696513438,1696513806,NULL),(3157,1696513536,1696563522,5),(3158,1696513809,1696513820,NULL),(3159,1696513826,1696513829,NULL),(3160,1696513904,1696514075,NULL),(3161,1696513976,1696513995,2),(3162,1696514001,1696514002,2),(3163,1696514004,1696514009,2),(3164,1696514020,1696514022,2),(3165,1696514638,1696514674,NULL),(3166,1696514819,1696514820,NULL),(3167,1696514838,1696515002,2),(3168,1696514912,1696522937,NULL),(3169,1696515007,1696515010,2),(3170,1696515027,1696515063,2),(3171,1696515078,1696515245,2),(3172,1696516047,0,2),(3173,1696516047,1696528380,2),(3174,1696522940,1696523257,NULL),(3175,1696523260,1696523290,NULL),(3176,1696523290,1696523296,NULL),(3177,1696523297,1696523299,NULL),(3178,1696523316,1696524024,NULL),(3179,1696526416,1696526423,NULL),(3180,1696526425,1696526478,NULL),(3181,1696526989,0,377),(3182,1696527940,1696531124,219),(3183,1696528249,1696528252,378),(3184,1696528370,1696528387,378),(3185,1696528395,1696528398,378),(3186,1696528405,1696528406,378),(3187,1696528407,1696528408,378),(3188,1696528479,1696528492,2),(3189,1696528498,1696528654,2),(3190,1696528655,1696528667,2),(3191,1696528680,1696569823,2),(3192,1696531434,1696531462,219),(3193,1696531472,1696531511,219),(3194,1696531520,1696531870,219),(3195,1696532060,1696532060,219),(3196,1696545153,1696545203,219),(3197,1696545204,1696545459,219),(3198,1696545459,1696545463,219),(3199,1696545506,1696545506,219),(3200,1696545585,1696545593,219),(3201,1696545593,1696545602,219),(3202,1696545602,1696545638,219),(3203,1696545728,1696545930,219),(3204,1696545931,1696545937,219),(3205,1696545937,1696546057,219),(3206,1696546057,1696546062,219),(3207,1696546192,1696546193,219),(3208,1696546267,1696546268,219),(3209,1696546276,1696546361,219),(3210,1696546362,1696546369,219),(3211,1696546534,0,219),(3212,1696563881,1696563883,5),(3213,1696567513,1696567519,382),(3214,1696567531,1696568001,382),(3215,1696568077,1696568079,382),(3216,1696568080,1696568083,382),(3217,1696568384,1696568459,382),(3218,1696568560,1696568571,382),(3219,1696568708,0,382),(3220,1696569011,1696569411,383),(3221,1696569441,1696570169,383),(3222,1696570239,1696570242,383),(3223,1696571002,1696571067,2),(3224,1696571068,1696571194,2),(3225,1696571204,1696571230,2),(3226,1696571236,1696571242,2),(3227,1696571242,1696571256,2),(3228,1696571257,1696571262,2),(3229,1696571262,1696571265,2),(3230,1696571265,1696573575,NULL),(3231,1696571274,1696571279,2),(3232,1696571279,1696571295,2),(3233,1696571422,1696571422,2),(3234,1696571427,1696571497,2),(3235,1696571501,1696571502,2),(3236,1696571504,1696571612,2),(3237,1696571613,1696571682,2),(3238,1696571693,1696571696,2),(3239,1696571698,1696571768,2),(3240,1696571861,1696571867,2),(3241,1696572052,1696572053,2),(3242,1696572057,1696572095,2),(3243,1696572490,1696572496,NULL),(3244,1696572534,1696572595,NULL),(3245,1696572597,1696572599,NULL),(3246,1696572602,1696572729,NULL),(3247,1696572665,1696572910,2),(3248,1696572809,1696572814,NULL),(3249,1696572924,1696572931,2),(3250,1696572932,1696579648,2),(3251,1696574231,1696574234,NULL),(3252,1696574245,1696574251,NULL),(3253,1696574270,1696574286,NULL),(3254,1696574275,1696574277,NULL),(3255,1696574298,1696574982,NULL),(3256,1696574302,1696574303,NULL),(3257,1696574308,1696574324,NULL),(3258,1696574323,1696574324,NULL),(3259,1696574326,1696574354,NULL),(3260,1696574331,1696574333,NULL),(3261,1696574382,1696574391,NULL),(3262,1696574393,1696574398,NULL),(3263,1696574420,1696574449,NULL),(3264,1696574457,1696574533,NULL),(3265,1696574465,1696574558,NULL),(3266,1696574537,1696574551,NULL),(3267,1696574555,1696574563,NULL),(3268,1696574568,1696574587,NULL),(3269,1696574575,1696574582,NULL),(3270,1696574589,1696574606,NULL),(3271,1696574602,1696574606,NULL),(3272,1696574619,1696574628,NULL),(3273,1696574627,1696574641,NULL),(3274,1696574637,1696574649,NULL),(3275,1696574645,1696574656,NULL),(3276,1696574657,1696574662,NULL),(3277,1696574659,1696574664,NULL),(3278,1696574672,1696574679,NULL),(3279,1696574679,1696574691,NULL),(3280,1696574679,1696574681,NULL),(3281,1696574696,1696574702,NULL),(3282,1696574708,1696574714,NULL),(3283,1696574713,1696574715,NULL),(3284,1696574719,1696574721,NULL),(3285,1696574737,1696574740,NULL),(3286,1696574750,1696574765,NULL),(3287,1696574754,1696574813,NULL),(3288,1696574767,1696574768,NULL),(3289,1696574771,1696574773,NULL),(3290,1696574806,1696598730,NULL),(3291,1696574889,1696574891,NULL),(3292,1696574898,1696574927,NULL),(3293,1696574991,1696574998,NULL),(3294,1696575025,1696575045,NULL),(3295,1696575059,1696575892,NULL),(3296,1696575356,1696575363,NULL),(3297,1696576046,1696576050,NULL),(3298,1696576051,1696584606,NULL),(3299,1696576134,1696577030,NULL),(3300,1696577083,1696577339,NULL),(3301,1696577343,1696577345,NULL),(3302,1696577347,1696577526,NULL),(3303,1696577529,1696577949,NULL),(3304,1696577855,1696577881,40),(3305,1696577887,1696577894,40),(3306,1696577955,1696578164,NULL),(3307,1696578032,1696578508,40),(3308,1696578167,1696578170,NULL),(3309,1696578451,1696578455,NULL),(3310,1696578458,1696582153,NULL),(3311,1696579755,1696579777,2),(3312,1696579907,1696579947,378),(3313,1696579959,1696579961,378),(3314,1696580102,1696580220,5),(3315,1696580222,1696580223,5),(3316,1696580225,1696580271,5),(3317,1696580300,1696580322,5),(3318,1696580334,1696580340,5),(3319,1696580340,1696580342,5),(3320,1696580355,1696580358,5),(3321,1696580358,1696580360,5),(3322,1696580372,1696580380,5),(3323,1696580385,1696580392,5),(3324,1696580399,1696580429,5),(3325,1696580436,1696580441,5),(3326,1696580563,1696580619,5),(3327,1696580635,1696580661,5),(3328,1696580678,1696580731,5),(3329,1696580760,1696580762,5),(3330,1696580959,1696580962,5),(3331,1696580963,1696580964,5),(3332,1696580974,1696580989,5),(3333,1696580994,1696581003,5),(3334,1696581004,1696581005,5),(3335,1696581012,1696581021,5),(3336,1696582026,1696582026,5),(3337,1696582031,1696582046,5),(3338,1696582049,1696582052,5),(3339,1696582055,1696582057,5),(3340,1696582156,1696582160,NULL),(3341,1696582225,1696582237,NULL),(3342,1696582537,1696582552,NULL),(3343,1696582556,1696582594,NULL),(3344,1696582598,1696582603,NULL),(3345,1696582693,1696582696,NULL),(3346,1696582700,1696582729,NULL),(3347,1696582765,1696582769,NULL),(3348,1696582773,1696582871,NULL),(3349,1696583018,1696583021,5),(3350,1696583037,1696583038,NULL),(3351,1696583037,1696583062,5),(3352,1696583074,1696583078,5),(3353,1696583080,1696583081,5),(3354,1696583084,1696583115,5),(3355,1696583094,1696583111,NULL),(3356,1696583116,1696583116,5),(3357,1696583118,1696583119,5),(3358,1696583123,1696583124,5),(3359,1696583133,1696583136,5),(3360,1696583152,1696583154,5),(3361,1696583457,1696583458,NULL),(3362,1696583465,1696583513,NULL),(3363,1696583521,1696583523,NULL),(3364,1696583595,1696583600,NULL),(3365,1696583654,1696584096,NULL),(3366,1696583896,1696583899,2),(3367,1696583968,1696583971,2),(3368,1696583974,1696583977,2),(3369,1696583978,1696583980,2),(3370,1696583992,1696583998,2),(3371,1696584108,1696584119,NULL),(3372,1696584202,1696584206,2),(3373,1696584207,1696584343,2),(3374,1696584336,1696584340,NULL),(3375,1696584349,1696584434,NULL),(3376,1696584354,1696584362,2),(3377,1696584364,1696584367,2),(3378,1696584445,1696584550,NULL),(3379,1696584484,1696584845,NULL),(3380,1696584554,1696584875,2),(3381,1696584609,1696584672,NULL),(3382,1696584658,1696584748,NULL),(3383,1696584764,1696584830,NULL),(3384,1696584838,1696584854,NULL),(3385,1696584842,1696584968,NULL),(3386,1696584879,1696584883,2),(3387,1696584912,1696585016,NULL),(3388,1696584921,1696585377,NULL),(3389,1696584944,1696584946,2),(3390,1696584980,1696584992,NULL),(3391,1696585017,1696585071,NULL),(3392,1696585020,1696585093,NULL),(3393,1696585079,1696585083,NULL),(3394,1696585097,1696585099,NULL),(3395,1696585111,1696585290,NULL),(3396,1696585140,1696585259,NULL),(3397,1696585160,1696585164,2),(3398,1696585165,1696585218,2),(3399,1696585219,1696585320,2),(3400,1696585311,0,NULL),(3401,1696585311,1696585313,NULL),(3402,1696585316,0,NULL),(3403,1696585316,1696585322,NULL),(3404,1696585325,0,NULL),(3405,1696585325,1696585327,NULL),(3406,1696585363,0,NULL),(3407,1696585363,1696585423,NULL),(3408,1696585380,1696585381,NULL),(3409,1696585381,1696585410,NULL),(3410,1696585383,1696585392,NULL),(3411,1696585395,1696585395,NULL),(3412,1696585396,1696585404,NULL),(3413,1696585406,1696585416,NULL),(3414,1696585417,1696585421,2),(3415,1696585419,1696585422,NULL),(3416,1696585421,1696585543,NULL),(3417,1696585423,1696587203,NULL),(3418,1696585423,1696585430,2),(3419,1696585430,1696585434,2),(3420,1696585447,1696585452,2),(3421,1696585461,1696585505,2),(3422,1696585494,1696585511,NULL),(3423,1696585512,0,NULL),(3424,1696585512,1696585525,NULL),(3425,1696585548,1696585549,NULL),(3426,1696585557,1696585620,NULL),(3427,1696585589,1696585687,2),(3428,1696585649,0,NULL),(3429,1696585649,1696585686,NULL),(3430,1696585654,1696585674,NULL),(3431,1696585686,1696585714,NULL),(3432,1696585694,1696585798,2),(3433,1696585730,1696585734,NULL),(3434,1696585738,1696585750,NULL),(3435,1696585807,1696585811,2),(3436,1696585854,0,NULL),(3437,1696585854,1696586101,NULL),(3438,1696586113,0,NULL),(3439,1696586113,1696586261,NULL),(3440,1696586272,1696586303,NULL),(3441,1696586313,1696586354,NULL),(3442,1696586329,1696586424,NULL),(3443,1696586356,1696586381,NULL),(3444,1696586382,1696586687,NULL),(3445,1696586427,1696586750,NULL),(3446,1696586689,1696586748,NULL),(3447,1696586751,1696586815,NULL),(3448,1696586799,1696586848,NULL),(3449,1696586820,0,NULL),(3450,1696586820,1696586864,NULL),(3451,1696586862,1696587303,NULL),(3452,1696586916,0,NULL),(3453,1696586916,1696586950,NULL),(3454,1696587077,0,NULL),(3455,1696587077,1696587234,NULL),(3456,1696587237,1696587240,NULL),(3457,1696587243,0,NULL),(3458,1696587243,1696587318,NULL),(3459,1696587349,0,NULL),(3460,1696587348,1696587349,NULL),(3461,1696587398,1696587400,NULL),(3462,1696587423,1696587479,NULL),(3463,1696587428,1696587430,2),(3464,1696587442,1696587545,2),(3465,1696587509,1696587588,NULL),(3466,1696587578,1696587585,2),(3467,1696587610,1696587612,2),(3468,1696587624,1696587774,NULL),(3469,1696587637,1696587645,NULL),(3470,1696587645,1696587678,2),(3471,1696587669,0,NULL),(3472,1696587669,1696587726,NULL),(3473,1696587679,1696588765,2),(3474,1696587775,1696587904,NULL),(3475,1696587900,0,NULL),(3476,1696587900,1696587902,NULL),(3477,1696587907,0,NULL),(3478,1696587907,1696587907,NULL),(3479,1696587915,0,NULL),(3480,1696587915,1696587958,NULL),(3481,1696587959,0,NULL),(3482,1696587959,1696587966,NULL),(3483,1696587967,1696587972,NULL),(3484,1696587970,0,NULL),(3485,1696587970,1696587988,NULL),(3486,1696587989,0,NULL),(3487,1696587989,1696587991,NULL),(3488,1696587992,0,NULL),(3489,1696587992,1696587995,NULL),(3490,1696588061,1696588063,NULL),(3491,1696588073,1696588074,NULL),(3492,1696588075,1696588076,NULL),(3493,1696588077,1696588078,NULL),(3494,1696588084,0,NULL),(3495,1696588084,1696588257,NULL),(3496,1696588438,0,NULL),(3497,1696588438,1696588440,NULL),(3498,1696588440,1696588442,NULL),(3499,1696588484,0,NULL),(3500,1696588484,1696588680,NULL),(3501,1696588539,1696588804,NULL),(3502,1696588844,1696589413,2),(3503,1696588964,1696588966,NULL),(3504,1696588994,1696589059,NULL),(3505,1696589069,1696589083,NULL),(3506,1696589143,1696589177,NULL),(3507,1696589316,1696589405,NULL),(3508,1696589414,1696592445,2),(3509,1696589773,1696591240,NULL),(3510,1696591114,1696591300,404),(3511,1696591247,1696591253,NULL),(3512,1696591259,1696591269,NULL),(3513,1696591271,1696592868,NULL),(3514,1696591305,1696591310,378),(3515,1696591308,1696591312,404),(3516,1696591336,1696591338,404),(3517,1696591401,1696591404,404),(3518,1696591424,1696591426,404),(3519,1696591445,1696591711,404),(3520,1696591723,1696591724,404),(3521,1696591757,1696591762,404),(3522,1696591834,1696591896,404),(3523,1696591898,1696591913,404),(3524,1696591914,1696592112,404),(3525,1696592225,0,404),(3526,1696592225,1696592228,404),(3527,1696592230,0,404),(3528,1696592230,1696592752,404),(3529,1696592446,1696592475,2),(3530,1696592480,1696592481,2),(3531,1696592487,1696592531,2),(3532,1696592532,1696592547,2),(3533,1696592541,1696592652,408),(3534,1696592659,1696592661,408),(3535,1696592663,0,408),(3536,1696592758,1696592829,2),(3537,1696592766,1696592774,404),(3538,1696592775,0,404),(3539,1696592775,1696592824,404),(3540,1696592836,1696592838,2),(3541,1696592847,1696593611,2),(3542,1696592891,1696592893,404),(3543,1696592950,1696592999,NULL),(3544,1696592998,1696593157,404),(3545,1696593001,1696593044,NULL),(3546,1696593074,1696593113,NULL),(3547,1696593142,1696593143,NULL),(3548,1696593184,1696593271,404),(3549,1696593251,1696593296,NULL),(3550,1696593299,1696593317,NULL),(3551,1696593334,1696593365,NULL),(3552,1696593352,1696593398,404),(3553,1696593508,1696593554,404),(3554,1696593711,1696593712,404),(3555,1696593714,1696593722,404),(3556,1696593754,1696594091,NULL),(3557,1696593855,1696593858,404),(3558,1696594007,1696594012,404),(3559,1696594128,1696594370,404),(3560,1696594704,1696594706,NULL),(3561,1696594849,1696594950,NULL),(3562,1696595195,1696595298,NULL),(3563,1696595484,1696596362,404),(3564,1696595680,1696595916,NULL),(3565,1696596118,1696596844,NULL),(3566,1696596971,1696597211,NULL),(3567,1696597057,1696598022,404),(3568,1696598613,1696598642,NULL),(3569,1696598731,1696598788,404),(3570,1696598734,1696608517,NULL),(3571,1696598819,1696599004,NULL),(3572,1696598832,1696598999,404),(3573,1696599008,1696599435,NULL),(3574,1696599210,1696600146,404),(3575,1696600147,1696600149,404),(3576,1696600154,1696600426,404),(3577,1696600446,1696600692,404),(3578,1696600536,1696607722,NULL),(3579,1696601718,1696601813,404),(3580,1696601826,1696601828,404),(3581,1696601829,1696601830,404),(3582,1696601884,1696601909,404),(3583,1696602122,1696602167,404),(3584,1696602226,1696602348,404),(3585,1696602400,1696602429,404),(3586,1696602457,1696602465,404),(3587,1696602471,1696602546,404),(3588,1696602682,1696603137,404),(3589,1696603137,1696603153,404),(3590,1696603261,1696603308,404),(3591,1696603309,1696603314,404),(3592,1696603686,1696603755,404),(3593,1696603787,1696603817,404),(3594,1696603817,1696603818,404),(3595,1696603873,1696603873,404),(3596,1696603884,1696604170,404),(3597,1696604994,1696605240,404),(3598,1696605300,1696607116,404),(3599,1696607120,1696607791,404),(3600,1696607812,1696608970,NULL),(3601,1696607945,0,404),(3602,1696607945,1696607969,404),(3603,1696607982,1696607984,404),(3604,1696608099,1696608146,404),(3605,1696608317,1696608368,404),(3606,1696609015,1696609032,NULL),(3607,1696609025,1696609288,404),(3608,1696609045,1696609179,NULL),(3609,1696609202,1696609203,NULL),(3610,1696609209,1696609248,NULL),(3611,1696609288,1696609288,NULL),(3612,1696609293,1696609295,404),(3613,1696609300,1696609340,NULL),(3614,1696609372,1696609380,NULL),(3615,1696609421,1696609469,NULL),(3616,1696609472,1696609568,NULL),(3617,1696609568,1696609577,NULL),(3618,1696609577,1696610640,NULL),(3619,1696610716,1696610753,NULL),(3620,1696610753,1696653307,NULL),(3621,1696614825,1696614828,380),(3622,1696614868,1696614868,380),(3623,1696616129,1696616147,404),(3624,1696616244,1696616249,404),(3625,1696616656,1696825464,2),(3626,1696616714,1696685253,NULL),(3627,1696616824,1696960119,404),(3628,1696616850,0,5),(3629,1696617008,0,40),(3630,1696617049,1696617536,4),(3631,1696617087,0,3),(3632,1696617391,1696617403,414),(3633,1696617414,1696617414,414),(3634,1696617415,1696617437,414),(3635,1696617438,1696617441,414),(3636,1696618323,1696618684,4),(3637,1696618685,1696618693,4),(3638,1696618707,1696618708,4),(3639,1696618709,1696618738,4),(3640,1696618739,1696618740,4),(3641,1696619032,1696619144,4),(3642,1696620119,1696620552,4),(3643,1696620621,1696621134,4),(3644,1696621162,1696621165,4),(3645,1696621189,1696621194,4),(3646,1696621195,1696621199,4),(3647,1696621202,1696621210,4),(3648,1696621220,1696621221,4),(3649,1696621248,1696621293,4),(3650,1696621294,1696621314,4),(3651,1696621353,1696621354,4),(3652,1696621362,1696621394,4),(3653,1696621395,1696621408,4),(3654,1696621437,1696621438,4),(3655,1696621447,1696621550,4),(3656,1696621551,1696621558,4),(3657,1696621627,1696621628,4),(3658,1696621634,1696621775,4),(3659,1696621776,1696621778,4),(3660,1696621822,1696621823,4),(3661,1696621826,1696621830,4),(3662,1696653375,1696665072,NULL),(3663,1696656315,1696656828,4),(3664,1696656828,1696656838,4),(3665,1696657086,1696657216,4),(3666,1696657217,1696657225,4),(3667,1696657244,1696657249,4),(3668,1696657274,1696657278,4),(3669,1696657609,1696658185,4),(3670,1696658353,1696658539,4),(3671,1696658912,1696660082,4),(3672,1696660745,1696660987,4),(3673,1696662204,1696662256,4),(3674,1696662376,1696662416,4),(3675,1696662669,1696662987,4),(3676,1696663246,1696663685,4),(3677,1696663740,1696664010,4),(3678,1696664157,1696664157,4),(3679,1696664162,1696664175,4),(3680,1696664224,1696664346,4),(3681,1696664448,1696665125,4),(3682,1696665329,1696665371,4),(3683,1696665335,1696665337,378),(3684,1696665378,1696665395,378),(3685,1696665384,1696665385,4),(3686,1696665390,1696665443,4),(3687,1696665402,1696665488,378),(3688,1696665458,1696665459,4),(3689,1696665474,1696665515,4),(3690,1696665638,1696665822,378),(3691,1696665646,1696665646,4),(3692,1696665806,0,4),(3693,1696665806,1696665824,4),(3694,1696665829,1696665844,4),(3695,1696665847,1696666742,NULL),(3696,1696665852,1696665975,378),(3697,1696666051,1696666062,378),(3698,1696666177,1696666192,4),(3699,1696666283,1696666298,4),(3700,1696666429,1696666468,378),(3701,1696666434,1696666610,4),(3702,1696666504,1696666504,378),(3703,1696666614,1696666629,4),(3704,1696666631,1696666646,4),(3705,1696666647,1696666663,4),(3706,1696666678,1696666693,4),(3707,1696666702,1696666717,4),(3708,1696666756,1696666772,4),(3709,1696666800,1696666817,4),(3710,1696666819,1696666834,4),(3711,1696666836,1696666851,4),(3712,1696666899,1696666913,4),(3713,1696667043,1696667049,4),(3714,1696667064,1696667096,4),(3715,1696667111,1696667113,4),(3716,1696667129,1696667130,4),(3717,1696667145,1696667205,4),(3718,1696667220,1696667231,4),(3719,1696667246,1696667247,4),(3720,1696667263,1696667280,4),(3721,1696667295,1696667296,4),(3722,1696667311,1696667350,4),(3723,1696667522,1696667534,4),(3724,1696667549,1696667596,4),(3725,1696667612,1696667617,4),(3726,1696667633,1696667642,4),(3727,1696667657,1696667661,4),(3728,1696667677,1696667679,4),(3729,1696667694,1696667750,4),(3730,1696667764,1696667785,4),(3731,1696667800,1696667912,4),(3732,1696667916,1696667931,4),(3733,1696667932,1696667948,4),(3734,1696667950,1696668070,4),(3735,1696668074,1696668090,4),(3736,1696668100,1696668115,4),(3737,1696668133,1696668148,4),(3738,1696668213,1696668228,4),(3739,1696668267,1696668268,4),(3740,1696668270,1696668281,4),(3741,1696668282,1696668329,4),(3742,1696668335,1696668366,4),(3743,1696668454,1696668485,4),(3744,1696668620,1696668651,4),(3745,1696668652,1696668682,4),(3746,1696668713,1696668713,4),(3747,1696668744,1696668782,4),(3748,1696668813,1696668826,4),(3749,1696668858,1696668868,4),(3750,1696668898,1696668902,4),(3751,1696668914,1696668929,4),(3752,1696668942,1696668972,4),(3753,1696669116,1696669146,4),(3754,1696669149,1696669154,4),(3755,1696669155,1696669195,4),(3756,1696669196,1696669227,4),(3757,1696669288,1696669319,4),(3758,1696669320,1696669351,4),(3759,1696669355,1696669385,4),(3760,1696669389,1696669420,4),(3761,1696669424,1696669454,4),(3762,1696669475,1696669506,4),(3763,1696669509,1696669540,4),(3764,1696669574,1696669575,4),(3765,1696669605,1696669633,4),(3766,1696669664,1696669688,4),(3767,1696669692,1696669719,4),(3768,1696669722,1696669740,4),(3769,1696669771,1696669789,4),(3770,1696669820,1696669825,4),(3771,1696669855,1696669858,4),(3772,1696669888,1696669890,4),(3773,1696669921,1696669950,4),(3774,1696669980,1696669996,4),(3775,1696670027,1696670028,4),(3776,1696670058,1696670081,4),(3777,1696670111,1696670116,4),(3778,1696670138,1696670139,4),(3779,1696670142,1696670166,4),(3780,1696670168,1696670451,4),(3781,1696670506,1696671965,4),(3782,1696671966,1696671970,4),(3783,1696672137,1696672248,4),(3784,1696672565,0,378),(3785,1696672565,0,378),(3786,1696672565,1696672599,378),(3787,1696672860,1696672864,4),(3788,1696672895,1696672911,4),(3789,1696673013,1696673148,4),(3790,1696684885,1696684889,427),(3791,1696687037,1696687047,NULL),(3792,1696729739,1696733784,NULL),(3793,1696734447,1696735149,NULL),(3794,1696736677,1696736903,NULL),(3795,1696738052,1696738063,NULL),(3796,1696738075,1696738281,NULL),(3797,1696739496,1696739666,NULL),(3798,1696739772,1696739942,NULL),(3799,1696740246,1696740279,NULL),(3800,1696740451,1696740706,NULL),(3801,1696740903,1696740918,NULL),(3802,1696775417,1696775420,NULL),(3803,1696776739,1696776740,NULL),(3804,1696776968,1696798077,NULL),(3805,1696799300,1696799466,NULL),(3806,1696799635,1696799800,NULL),(3807,1696799837,1696799941,NULL),(3808,1696800326,1696800341,NULL),(3809,1696800346,1696800421,NULL),(3810,1696800421,1696800715,NULL),(3811,1696800736,0,NULL),(3812,1696800736,0,NULL),(3813,1696800736,0,NULL),(3814,1696800736,1696800738,NULL),(3815,1696800747,1696800885,NULL),(3816,1696800895,1696800989,NULL),(3817,1696801065,1696801104,NULL),(3818,1696801106,1696801161,NULL),(3819,1696801163,1696801369,NULL),(3820,1696801592,0,NULL),(3821,1696801592,1696801684,NULL),(3822,1696801725,1696801725,NULL),(3823,1696801765,1696801766,NULL),(3824,1696801767,1696801832,NULL),(3825,1696802045,1696802058,NULL),(3826,1696802113,1696802117,NULL),(3827,1696802119,1696802134,NULL),(3828,1696802157,1696802170,NULL),(3829,1696802199,1696802202,NULL),(3830,1696802233,0,NULL),(3831,1696802233,1696802299,NULL),(3832,1696802286,1696802288,378),(3833,1696802329,0,NULL),(3834,1696802329,1696802490,NULL),(3835,1696802458,1696802460,378),(3836,1696802529,0,NULL),(3837,1696802529,1696802980,NULL),(3838,1696802981,0,NULL),(3839,1696802981,1696802999,NULL),(3840,1696803068,0,NULL),(3841,1696803068,1696805023,NULL),(3842,1696803276,1696805037,378),(3843,1696805078,0,NULL),(3844,1696805078,1696805129,NULL),(3845,1696805079,1696805083,378),(3846,1696805146,1696805248,378),(3847,1696805170,0,NULL),(3848,1696805170,1696805428,NULL),(3849,1696805252,1696805255,378),(3850,1696805456,0,NULL),(3851,1696805456,1696805458,NULL),(3852,1696805460,0,NULL),(3853,1696805460,1696805461,NULL),(3854,1696805461,1696805500,NULL),(3855,1696805556,0,NULL),(3856,1696805556,1696805657,NULL),(3857,1696805712,1696805712,NULL),(3858,1696805714,0,NULL),(3859,1696805714,1696827149,NULL),(3860,1696822475,1696825061,NULL),(3861,1696825071,1696825753,NULL),(3862,1696825466,1696825783,2),(3863,1696825809,1696825813,2),(3864,1696825860,1696825944,NULL),(3865,1696826045,1696826302,NULL),(3866,1696826099,1696826130,2),(3867,1696826131,1696826136,2),(3868,1696826263,1696827066,2),(3869,1696826472,1696826915,NULL),(3870,1696827016,1696827226,NULL),(3871,1696827155,1696827182,NULL),(3872,1696827160,1696827163,2),(3873,1696827192,1696832861,NULL),(3874,1696827277,1696827651,2),(3875,1696827652,1696828256,2),(3876,1696827990,1696828023,NULL),(3877,1696828556,1696828558,2),(3878,1696828755,1696829331,2),(3879,1696829069,1696829655,NULL),(3880,1696829718,1696829741,NULL),(3881,1696829744,1696829755,NULL),(3882,1696829761,1696829766,NULL),(3883,1696829773,1696829866,NULL),(3884,1696829875,1696829892,NULL),(3885,1696829893,1696829901,NULL),(3886,1696829903,1696829906,NULL),(3887,1696829907,1696829908,NULL),(3888,1696829959,1696830015,NULL),(3889,1696830028,1696830198,NULL),(3890,1696830200,1696830208,NULL),(3891,1696830243,0,NULL),(3892,1696830243,1696830662,NULL),(3893,1696830679,1696830686,NULL),(3894,1696830689,1696830690,NULL),(3895,1696830693,1696830695,NULL),(3896,1696830714,1696830723,NULL),(3897,1696830734,1696830751,NULL),(3898,1696830751,1696830918,NULL),(3899,1696830941,1696831183,NULL),(3900,1696830996,1696831026,432),(3901,1696831029,1696831033,432),(3902,1696831036,1696831037,432),(3903,1696831040,1696831088,432),(3904,1696831183,1696831186,NULL),(3905,1696831192,1696831192,NULL),(3906,1696831193,1696831205,NULL),(3907,1696831205,1696831210,NULL),(3908,1696831210,1696831238,432),(3909,1696831221,1696831230,NULL),(3910,1696831236,1696831238,NULL),(3911,1696831240,1696831406,432),(3912,1696831247,1696831279,NULL),(3913,1696831287,1696831287,NULL),(3914,1696831288,1696831290,NULL),(3915,1696831408,1696831436,NULL),(3916,1696831765,1696831960,432),(3917,1696831981,1696832011,NULL),(3918,1696832012,1696832759,432),(3919,1696832514,1696832779,NULL),(3920,1696832895,1696833992,NULL),(3921,1696832896,1696833307,432),(3922,1696832901,1696832906,NULL),(3923,1696832995,1696833010,NULL),(3924,1696833010,1696833036,NULL),(3925,1696833071,1696833094,NULL),(3926,1696833112,1696833179,NULL),(3927,1696833214,1696833233,NULL),(3928,1696833259,1696833281,NULL),(3929,1696833291,1696833321,NULL),(3930,1696833683,1696834876,432),(3931,1696833833,1696833837,NULL),(3932,1696833854,1696833874,NULL),(3933,1696833891,1696834089,NULL),(3934,1696834002,1696834041,NULL),(3935,1696834066,1696834193,NULL),(3936,1696834118,1696834164,NULL),(3937,1696834173,1696834182,NULL),(3938,1696834194,1696834196,NULL),(3939,1696834203,1696837968,NULL),(3940,1696834214,1696834215,NULL),(3941,1696834220,1696834229,NULL),(3942,1696834239,1696834252,NULL),(3943,1696834253,1696834254,NULL),(3944,1696834268,1696834285,NULL),(3945,1696834289,1696834297,NULL),(3946,1696834324,1696834325,NULL),(3947,1696834328,1696834344,NULL),(3948,1696834630,1696834647,NULL),(3949,1696834650,1696834836,NULL),(3950,1696834844,1696834890,NULL),(3951,1696834886,1696834917,432),(3952,1696834909,1696835790,NULL),(3953,1696834987,1696834993,432),(3954,1696835019,1696835029,432),(3955,1696835041,1696835255,4),(3956,1696835256,1696835266,4),(3957,1696835268,1696835269,432),(3958,1696835307,1696835313,4),(3959,1696835352,1696835355,4),(3960,1696835397,1696835402,4),(3961,1696835405,1696835406,4),(3962,1696835420,1696835421,4),(3963,1696835422,1696835576,4),(3964,1696835552,1696835745,432),(3965,1696835586,1696845267,4),(3966,1696835791,1696835810,NULL),(3967,1696835904,1696835985,NULL),(3968,1696836385,1696836419,NULL),(3969,1696836446,1696836723,NULL),(3970,1696836654,0,432),(3971,1696836793,1696836863,NULL),(3972,1696836869,1696836886,NULL),(3973,1696836968,1696836972,NULL),(3974,1696836994,1696836998,NULL),(3975,1696836999,1696837134,NULL),(3976,1696837206,1696837251,NULL),(3977,1696837271,1696837292,NULL),(3978,1696837368,1696837521,NULL),(3979,1696837527,1696837755,NULL),(3980,1696837756,1696837757,NULL),(3981,1696837764,1696837853,NULL),(3982,1696837859,1696837860,NULL),(3983,1696837881,1696837894,NULL),(3984,1696837899,1696837962,NULL),(3985,1696837973,1696837989,NULL),(3986,1696837988,1696838068,NULL),(3987,1696838028,1696838095,NULL),(3988,1696838059,1696838070,378),(3989,1696838069,1696838141,NULL),(3990,1696838074,1696838085,378),(3991,1696838090,1696838094,378),(3992,1696838100,1696838101,378),(3993,1696838102,1696838117,378),(3994,1696838124,1696838125,378),(3995,1696838126,1696838141,378),(3996,1696838142,1696838156,378),(3997,1696838143,1696838153,NULL),(3998,1696838158,1696838162,378),(3999,1696838159,1696838171,NULL),(4000,1696838169,1696838173,378),(4001,1696838174,1696838180,NULL),(4002,1696838175,1696838180,378),(4003,1696838201,1696838206,378),(4004,1696838202,1696838298,NULL),(4005,1696838203,1696838279,NULL),(4006,1696838220,1696838223,378),(4007,1696838231,1696838240,378),(4008,1696838243,1696838251,378),(4009,1696838267,1696838269,378),(4010,1696838277,1696838282,378),(4011,1696838293,1696838301,378),(4012,1696838300,1696838315,NULL),(4013,1696838301,1696838302,378),(4014,1696838308,1696838320,378),(4015,1696838316,1696838378,NULL),(4016,1696838321,1696838329,378),(4017,1696838330,1696838340,378),(4018,1696838340,1696838445,NULL),(4019,1696838389,1696838392,NULL),(4020,1696838419,1696838440,378),(4021,1696838441,1696838445,378),(4022,1696838447,1696838457,378),(4023,1696838458,1696838465,NULL),(4024,1696838459,1696838462,378),(4025,1696838464,1696838494,378),(4026,1696838470,1696838498,NULL),(4027,1696838496,1696838511,378),(4028,1696838500,1696838831,NULL),(4029,1696838513,1696838585,378),(4030,1696838600,1696838601,378),(4031,1696838620,1696838681,378),(4032,1696838708,1696838750,378),(4033,1696838752,1696838838,378),(4034,1696838836,1696838840,NULL),(4035,1696838941,1696840191,NULL),(4036,1696838967,1696838981,378),(4037,1696838993,1696839604,NULL),(4038,1696839361,1696839374,378),(4039,1696839408,1696839639,378),(4040,1696839788,1696839872,378),(4041,1696839876,1696839912,378),(4042,1696839980,1696840121,NULL),(4043,1696840107,1696840162,378),(4044,1696840165,1696840177,378),(4045,1696840177,1696840183,378),(4046,1696840184,1696840189,378),(4047,1696840190,1696840505,NULL),(4048,1696840229,1696840802,NULL),(4049,1696840255,1696840265,378),(4050,1696840267,1696840268,378),(4051,1696840268,1696840269,378),(4052,1696840270,1696840271,378),(4053,1696840271,1696840272,378),(4054,1696840272,1696840274,378),(4055,1696840274,1696840275,378),(4056,1696840277,1696840277,378),(4057,1696840278,1696840278,378),(4058,1696840279,1696840280,378),(4059,1696840281,1696840281,378),(4060,1696840282,1696840283,378),(4061,1696840284,1696840284,378),(4062,1696840286,1696840286,378),(4063,1696840287,1696840288,378),(4064,1696840289,1696840290,378),(4065,1696840291,1696840291,378),(4066,1696840292,1696840293,378),(4067,1696840294,1696840294,378),(4068,1696840296,1696840296,378),(4069,1696840297,1696840298,378),(4070,1696840299,1696840300,378),(4071,1696840301,1696840303,378),(4072,1696840305,1696840305,378),(4073,1696840307,1696840307,378),(4074,1696840309,1696840309,378),(4075,1696840310,1696840311,378),(4076,1696840312,1696840312,378),(4077,1696840313,1696840315,378),(4078,1696840316,1696840336,378),(4079,1696840338,1696840339,378),(4080,1696840342,1696840342,378),(4081,1696840343,1696840344,378),(4082,1696840344,1696840345,378),(4083,1696840346,1696840347,378),(4084,1696840347,1696840349,378),(4085,1696840349,1696840350,378),(4086,1696840350,1696840351,378),(4087,1696840352,1696840353,378),(4088,1696840354,0,378),(4089,1696840354,1696840355,378),(4090,1696840357,1696840357,378),(4091,1696840359,1696840359,378),(4092,1696840360,1696840361,378),(4093,1696840362,1696840362,378),(4094,1696840364,1696840364,378),(4095,1696840366,1696840367,378),(4096,1696840368,1696840368,378),(4097,1696840370,1696840371,378),(4098,1696840372,1696840373,378),(4099,1696840375,1696840377,378),(4100,1696840380,1696840380,378),(4101,1696840381,1696840383,378),(4102,1696840384,1696840575,378),(4103,1696840586,1696840599,NULL),(4104,1696840617,1696840669,NULL),(4105,1696840628,1696840642,378),(4106,1696840645,1696840660,378),(4107,1696840665,1696840962,378),(4108,1696840743,1696840952,NULL),(4109,1696840803,1696842098,NULL),(4110,1696840988,1696841003,378),(4111,1696840989,1696841442,NULL),(4112,1696841278,1696841280,378),(4113,1696841282,1696841287,378),(4114,1696841320,1696841620,378),(4115,1696841626,1696841628,378),(4116,1696841630,1696841653,NULL),(4117,1696841634,0,378),(4118,1696841634,1696841758,378),(4119,1696841663,1696841668,NULL),(4120,1696841671,1696843371,NULL),(4121,1696841894,0,378),(4122,1696841894,1696841895,378),(4123,1696841925,0,378),(4124,1696841925,1696841947,378),(4125,1696841976,1696841976,378),(4126,1696842170,1696842281,NULL),(4127,1696842280,1696842290,378),(4128,1696842321,1696842324,378),(4129,1696842349,1696842357,NULL),(4130,1696842360,1696842395,NULL),(4131,1696842682,1696842752,378),(4132,1696842766,1696842769,378),(4133,1696842811,1696842831,378),(4134,1696842897,1696842914,378),(4135,1696842911,0,NULL),(4136,1696842911,1696843453,NULL),(4137,1696842914,1696842932,378),(4138,1696843416,1696847352,NULL),(4139,1696843481,1696843485,NULL),(4140,1696843507,1696843520,NULL),(4141,1696843526,1696843536,NULL),(4142,1696843583,1696843818,NULL),(4143,1696843822,1696844401,NULL),(4144,1696844641,1696844649,NULL),(4145,1696844800,1696845054,NULL),(4146,1696845356,1696845361,4),(4147,1696845367,1696845506,4),(4148,1696845512,1696845513,4),(4149,1696845518,1696845519,4),(4150,1696845520,1696845524,4),(4151,1696845570,1696845678,NULL),(4152,1696845645,1696845840,4),(4153,1696845848,1696845852,4),(4154,1696845858,1696846599,4),(4155,1696846085,1696846437,NULL),(4156,1696846244,1696846639,378),(4157,1696846647,1696847370,378),(4158,1696846770,1696846781,NULL),(4159,1696846966,1696846971,NULL),(4160,1696847031,1696847033,4),(4161,1696847037,1696847059,NULL),(4162,1696847065,1696847141,NULL),(4163,1696847188,0,NULL),(4164,1696847188,1696847231,NULL),(4165,1696847235,1696847272,NULL),(4166,1696847276,1696847308,NULL),(4167,1696847310,1696847348,NULL),(4168,1696847350,1696847350,NULL),(4169,1696847350,0,NULL),(4170,1696847350,1696847394,NULL),(4171,1696847446,1696847843,378),(4172,1696847485,1696847556,NULL),(4173,1696847632,1696847637,NULL),(4174,1696847635,1696859542,4),(4175,1696847672,1696847747,NULL),(4176,1696847762,1696847817,NULL),(4177,1696847834,1696847871,NULL),(4178,1696847879,1696847913,NULL),(4179,1696847890,0,NULL),(4180,1696847890,1696847892,NULL),(4181,1696847940,1696847942,NULL),(4182,1696848030,1696848249,NULL),(4183,1696848255,1696848257,NULL),(4184,1696848276,1696848277,NULL),(4185,1696848399,1696848439,NULL),(4186,1696848442,1696849246,378),(4187,1696848901,1696848905,NULL),(4188,1696848950,1696849089,NULL),(4189,1696849094,1696849095,NULL),(4190,1696849131,1696849132,NULL),(4191,1696849134,1696849165,NULL),(4192,1696849167,1696849193,NULL),(4193,1696849195,1696849226,NULL),(4194,1696849249,1696850828,378),(4195,1696849917,1696849919,NULL),(4196,1696850322,1696852562,NULL),(4197,1696850728,1696850801,NULL),(4198,1696850809,1696850820,NULL),(4199,1696850836,1696850866,NULL),(4200,1696850842,1696850985,378),(4201,1696851041,1696851055,378),(4202,1696851059,1696851083,378),(4203,1696851061,1696851092,NULL),(4204,1696851192,1696851747,378),(4205,1696851219,1696851372,NULL),(4206,1696851388,1696851395,NULL),(4207,1696851397,1696861051,NULL),(4208,1696852605,1696860895,NULL),(4209,1696852644,1696853433,378),(4210,1696853691,1696853848,378),(4211,1696856118,1696859599,378),(4212,1696859543,1696860779,4),(4213,1696859606,1696859610,378),(4214,1696859621,1696859627,378),(4215,1696860782,1696860897,4),(4216,1696860807,1696860809,378),(4217,1696860908,1696860913,NULL),(4218,1696860915,1696860925,NULL),(4219,1696860926,1696860932,NULL),(4220,1696860998,1696861004,378),(4221,1696861056,1696861061,NULL),(4222,1696861061,1696861086,378),(4223,1696861063,1696861073,NULL),(4224,1696861085,1696861091,NULL),(4225,1696861105,1696861106,378),(4226,1696861126,1696861129,NULL),(4227,1696861132,1696861136,NULL),(4228,1696861139,1696862464,NULL),(4229,1696861251,1696861315,NULL),(4230,1696861327,1696861328,NULL),(4231,1696861333,1696861345,NULL),(4232,1696861351,1696861352,NULL),(4233,1696861360,1696861362,NULL),(4234,1696861377,1696861460,NULL),(4235,1696861461,1696861466,NULL),(4236,1696861470,1696861472,NULL),(4237,1696861476,1696861715,NULL),(4238,1696861710,1696861712,378),(4239,1696861725,1696861726,NULL),(4240,1696861734,1696861743,NULL),(4241,1696861743,1696861968,NULL),(4242,1696861808,1696862001,378),(4243,1696862029,1696862031,NULL),(4244,1696862137,1696862139,378),(4245,1696862172,1696862202,NULL),(4246,1696862194,1696862249,378),(4247,1696862224,1696862279,NULL),(4248,1696862281,1696862381,NULL),(4249,1696862411,1696862420,NULL),(4250,1696862424,1696862440,NULL),(4251,1696862467,1696862814,378),(4252,1696862472,1696862538,NULL),(4253,1696862542,1696862549,NULL),(4254,1696862667,1696904981,NULL),(4255,1696862672,1696862674,NULL),(4256,1696862676,1696862679,NULL),(4257,1696862739,1696862760,NULL),(4258,1696862786,1696862830,NULL),(4259,1696862885,1696862922,378),(4260,1696862927,1696862928,378),(4261,1696862929,1696862991,378),(4262,1696862979,1696863012,NULL),(4263,1696862993,1696862996,378),(4264,1696863006,1696863295,416),(4265,1696863016,1696863031,378),(4266,1696863100,1696863220,NULL),(4267,1696863221,1696863319,NULL),(4268,1696863303,1696863304,416),(4269,1696863306,1696863314,416),(4270,1696863315,1696863321,416),(4271,1696863322,1696863322,416),(4272,1696863326,1696863331,416),(4273,1696863333,1696863338,416),(4274,1696863340,0,416),(4275,1696863340,1696863391,416),(4276,1696863362,1696863401,NULL),(4277,1696863434,1696863471,416),(4278,1696863475,1696863498,416),(4279,1696863498,0,416),(4280,1696864050,1696864094,378),(4281,1696864108,1696864209,378),(4282,1696864236,1696864312,378),(4283,1696864332,1696864518,378),(4284,1696864519,1696864717,378),(4285,1696868770,1696868782,378),(4286,1696868790,1696868793,378),(4287,1696868797,1696868799,378),(4288,1696868811,1696868823,378),(4289,1696868845,1696868874,378),(4290,1696869031,1696869034,378),(4291,1696869071,1696869118,378),(4292,1696878022,1696878045,NULL),(4293,1696878742,1696878743,NULL),(4294,1696879016,1696879047,NULL),(4295,1696879086,1696935543,NULL),(4296,1696879900,1696879957,458),(4297,1696880001,1696880059,458),(4298,1696880146,1696880176,458),(4299,1696880179,1696880181,458),(4300,1696880406,1696880455,458),(4301,1696880781,1696880847,458),(4302,1696880901,1696880938,458),(4303,1696880968,1696881042,458),(4304,1696881087,1696881091,458),(4305,1696881212,0,458),(4306,1696881212,1696881294,458),(4307,1696881353,0,458),(4308,1696881353,1696881508,458),(4309,1696881568,0,458),(4310,1696881568,1696881572,458),(4311,1696881603,0,458),(4312,1696881603,1696881899,458),(4313,1696881922,1696881924,458),(4314,1696905001,1696905009,NULL),(4315,1696905010,1696905012,NULL),(4316,1696905019,1696908362,NULL),(4317,1696906953,1696906981,4),(4318,1696906982,1696906995,4),(4319,1696907003,1696907020,4),(4320,1696908715,1696908745,NULL),(4321,1696908767,1696909000,NULL),(4322,1696909098,1696909390,NULL),(4323,1696910129,1696921266,NULL),(4324,1696911313,0,461),(4325,1696911809,1696911811,378),(4326,1696911847,1696911858,378),(4327,1696911858,1696911921,378),(4328,1696911927,1696912602,378),(4329,1696912642,1696912653,460),(4330,1696912654,1696913039,460),(4331,1696912802,1696922055,378),(4332,1696913042,1696913046,460),(4333,1696913061,1696913088,460),(4334,1696913091,1696913095,460),(4335,1696913219,1696913296,460),(4336,1696913470,1696913473,460),(4337,1696913523,1696913552,460),(4338,1696913592,1696913605,460),(4339,1696913952,1696914837,460),(4340,1696914865,1696916660,460),(4341,1696916722,1696916727,460),(4342,1696916743,1696916781,460),(4343,1696916810,1696916814,460),(4344,1696917222,1696917518,464),(4345,1696917497,1696917600,465),(4346,1696917518,1696917520,464),(4347,1696917615,0,465),(4348,1696917615,1696917617,465),(4349,1696917620,0,465),(4350,1696917620,1696917622,465),(4351,1696917622,1696917623,465),(4352,1696917629,1696918846,465),(4353,1696918249,1696918249,464),(4354,1696918260,1696918266,464),(4355,1696918267,1696918270,464),(4356,1696918357,1696918363,464),(4357,1696918365,1696919050,464),(4358,1696918952,0,465),(4359,1696918952,0,465),(4360,1696918952,1696918953,465),(4361,1696919330,0,465),(4362,1696919330,0,465),(4363,1696919330,1696919341,465),(4364,1696919760,0,465),(4365,1696919760,0,465),(4366,1696919760,1696919777,465),(4367,1696919780,0,465),(4368,1696919780,0,465),(4369,1696919780,1696919788,465),(4370,1696919788,0,465),(4371,1696919788,1696919792,465),(4372,1696919792,0,465),(4373,1696919792,1696919954,465),(4374,1696919976,0,465),(4375,1696919976,0,465),(4376,1696919976,1696920000,465),(4377,1696920004,1696920004,465),(4378,1696920004,1696920061,465),(4379,1696920239,1696920240,464),(4380,1696920241,1696920261,464),(4381,1696920295,1696920295,464),(4382,1696920298,1696920924,464),(4383,1696921274,1696921343,464),(4384,1696921404,1696922948,464),(4385,1696921408,0,465),(4386,1696921408,0,465),(4387,1696921408,1696921409,465),(4388,1696922023,1696922087,465),(4389,1696922089,1696922103,465),(4390,1696922107,1696922133,465),(4391,1696922138,1696922155,465),(4392,1696922167,1696922188,465),(4393,1696922218,1696922398,465),(4394,1696922453,1696922680,465),(4395,1696922888,1696923065,378),(4396,1696922896,0,465),(4397,1696922896,0,465),(4398,1696922896,1696922900,465),(4399,1696922901,1696922901,465),(4400,1696922901,1696922902,465),(4401,1696922906,1696922908,465),(4402,1696922909,1696922911,465),(4403,1696922912,1696922913,465),(4404,1696922918,1696922919,465),(4405,1696922923,0,465),(4406,1696922923,0,465),(4407,1696922923,1696922929,465),(4408,1696922929,1696922929,465),(4409,1696922929,1696922931,465),(4410,1696922931,1696922949,465),(4411,1696922953,1696922955,464),(4412,1696922956,1696922964,464),(4413,1696922958,1696922958,465),(4414,1696922958,1696922988,465),(4415,1696922965,1696923028,464),(4416,1696923003,1696923032,465),(4417,1696923048,1696923063,464),(4418,1696923048,1696923097,465),(4419,1696923094,1696923215,464),(4420,1696923112,1696923114,465),(4421,1696923129,1696923135,465),(4422,1696923150,1696923241,465),(4423,1696923227,1696923236,464),(4424,1696923258,1696923276,464),(4425,1696923269,1696923270,465),(4426,1696923277,1696923292,464),(4427,1696923277,0,465),(4428,1696923277,0,465),(4429,1696923277,1696923285,465),(4430,1696923304,1696923318,464),(4431,1696923334,1696924379,378),(4432,1696923335,1696923415,464),(4433,1696923376,1696923378,465),(4434,1696923378,1696923394,465),(4435,1696923430,1696923530,464),(4436,1696923560,1696923605,464),(4437,1696923671,1696923712,464),(4438,1696923713,1696923717,464),(4439,1696923727,1696926355,465),(4440,1696923769,1696923799,464),(4441,1696924007,1696924330,464),(4442,1696924139,1696924297,458),(4443,1696924305,1696924307,458),(4444,1696924349,1696925212,464),(4445,1696924448,1696924460,378),(4446,1696924551,1696924616,378),(4447,1696924753,1696924764,378),(4448,1696925109,1696925157,378),(4449,1696925158,1696925161,378),(4450,1696925192,1696925194,378),(4451,1696925212,1696925212,464),(4452,1696925257,1696928299,464),(4453,1696925275,1696925294,378),(4454,1696925426,1696925439,378),(4455,1696926358,1696929133,465),(4456,1696928380,1696928420,464),(4457,1696928485,1696928512,464),(4458,1696928635,1696928658,464),(4459,1696928798,1696928811,464),(4460,1696929023,1696929027,464),(4461,1696929030,1696929031,464),(4462,1696929035,1696929174,464),(4463,1696929135,1696929137,465),(4464,1696929138,1696929139,465),(4465,1696929147,1696929159,465),(4466,1696929194,1696929197,464),(4467,1696929198,1696929200,464),(4468,1696929209,1696929217,464),(4469,1696929304,1696929350,464),(4470,1696929322,1696929327,465),(4471,1696929335,1696929336,465),(4472,1696929343,1696929345,465),(4473,1696929356,1696929419,465),(4474,1696929362,1696929368,464),(4475,1696929457,1696929462,464),(4476,1696929472,1696929985,464),(4477,1696929563,1696929725,378),(4478,1696930055,1696930070,464),(4479,1696930081,1696930678,464),(4480,1696931262,1696931495,378),(4481,1696931279,1696931291,464),(4482,1696931298,1696931483,464),(4483,1696931495,1696931503,464),(4484,1696931829,1696931850,464),(4485,1696931863,1696931901,464),(4486,1696931906,1696931936,464),(4487,1696931953,1696931967,464),(4488,1696932009,1696932013,464),(4489,1696932024,1696932029,464),(4490,1696932038,1696932102,464),(4491,1696932117,1696932119,464),(4492,1696932120,1696932164,464),(4493,1696932143,1696932412,378),(4494,1696932187,1696932196,464),(4495,1696932200,1696932226,464),(4496,1696932239,1696932398,464),(4497,1696932427,1696932431,464),(4498,1696932813,1696933213,378),(4499,1696932932,1696935140,464),(4500,1696933636,1696934249,378),(4501,1696934292,1696936110,378),(4502,1696934789,1696934847,465),(4503,1696935382,1696935392,2),(4504,1696935394,0,2),(4505,1696935431,1696960301,4),(4506,1696935432,1696935474,464),(4507,1696935692,1696935697,464),(4508,1696935754,1696935914,464),(4509,1696935943,1696935986,464),(4510,1696935988,1696936287,464),(4511,1696936318,1696936570,464),(4512,1696936436,1696936954,378),(4513,1696936573,1696936584,464),(4514,1696936707,1696936721,464),(4515,1696936766,1696936816,468),(4516,1696936773,1696937802,464),(4517,1696937277,1696937303,460),(4518,1696937336,1696937429,460),(4519,1696937363,1696937397,468),(4520,1696937443,1696937447,460),(4521,1696937453,1696937454,460),(4522,1696937497,1696937498,460),(4523,1696937594,1696937648,468),(4524,1696937667,1696937668,468),(4525,1696937675,1696937676,468),(4526,1696937782,1696937784,468),(4527,1696937924,1696937926,468),(4528,1696937931,1696937945,468),(4529,1696937947,1696938047,468),(4530,1696938281,1696938292,468),(4531,1696938293,1696938336,468),(4532,1696938337,1696938342,468),(4533,1696938349,1696938610,460),(4534,1696938412,1696938977,378),(4535,1696938608,1696939263,464),(4536,1696938657,1696938882,468),(4537,1696938894,1696938894,468),(4538,1696938913,1696938915,469),(4539,1696938983,1696938986,469),(4540,1696938988,1696939029,469),(4541,1696939051,1696939123,469),(4542,1696939153,1696939170,469),(4543,1696939205,1696939229,469),(4544,1696939256,0,468),(4545,1696939256,1696939274,468),(4546,1696939260,1696939602,469),(4547,1696939282,1696939312,378),(4548,1696939321,1696939324,378),(4549,1696939473,1696939577,460),(4550,1696939575,1696940559,464),(4551,1696939627,1696939644,469),(4552,1696939719,1696939745,469),(4553,1696939736,1696939738,460),(4554,1696939745,1696939805,469),(4555,1696939815,1696939821,469),(4556,1696939824,1696939892,469),(4557,1696939864,1696940384,460),(4558,1696939928,1696939943,469),(4559,1696939974,1696940130,469),(4560,1696940114,1696940114,468),(4561,1696940117,0,468),(4562,1696940117,1696940142,468),(4563,1696940175,1696940259,469),(4564,1696940180,1696940188,465),(4565,1696940215,1696940418,NULL),(4566,1696940296,1696940406,469),(4567,1696940362,1696940363,465),(4568,1696940393,1696940401,460),(4569,1696940406,1696940427,460),(4570,1696940482,1696940546,469),(4571,1696940535,1696940538,460),(4572,1696940542,1696940579,460),(4573,1696940560,1696940947,464),(4574,1696940569,1696940570,NULL),(4575,1696940608,1696940615,469),(4576,1696940610,1696940614,NULL),(4577,1696940617,1696940633,469),(4578,1696940663,1696940663,460),(4579,1696940791,1696940796,469),(4580,1696940804,1696940831,NULL),(4581,1696940812,1696940814,465),(4582,1696940832,1696940892,NULL),(4583,1696940848,1696940854,469),(4584,1696940858,1696940864,469),(4585,1696940867,1696940869,469),(4586,1696940872,1696940881,469),(4587,1696940910,1696940912,460),(4588,1696940924,1696940930,460),(4589,1696940931,1696940943,460),(4590,1696940934,1696940938,469),(4591,1696940947,1696941053,460),(4592,1696941013,1696941016,465),(4593,1696941018,1696941023,465),(4594,1696941021,1696941021,469),(4595,1696941025,1696942157,464),(4596,1696941129,1696941223,469),(4597,1696941186,1696941188,460),(4598,1696941219,1696941233,460),(4599,1696941232,1696941276,NULL),(4600,1696941246,1696941256,460),(4601,1696941277,1696941373,NULL),(4602,1696941282,1696941291,465),(4603,1696941307,1696941313,469),(4604,1696941315,1696942638,465),(4605,1696941326,1696941331,469),(4606,1696941358,1696941358,469),(4607,1696941360,0,469),(4608,1696941360,1696941396,469),(4609,1696941375,1696941403,NULL),(4610,1696941398,1696941401,469),(4611,1696941402,0,469),(4612,1696941402,0,469),(4613,1696941402,1696941409,469),(4614,1696941405,1696941599,NULL),(4615,1696941464,1696941472,460),(4616,1696941479,1696942023,460),(4617,1696941554,1696941556,469),(4618,1696941562,0,469),(4619,1696941562,1696941565,469),(4620,1696941794,1696941798,NULL),(4621,1696941799,1696941801,NULL),(4622,1696941823,1696941863,NULL),(4623,1696941834,0,469),(4624,1696941834,1696941892,469),(4625,1696941865,1696941891,NULL),(4626,1696941892,1696941920,NULL),(4627,1696941892,1696941922,469),(4628,1696941922,1696941977,469),(4629,1696941985,0,469),(4630,1696941985,1696941991,469),(4631,1696942043,1696942066,468),(4632,1696942051,1696942055,460),(4633,1696942060,0,469),(4634,1696942060,1696942078,469),(4635,1696942071,1696942074,468),(4636,1696942085,1696942086,468),(4637,1696942096,1696942097,468),(4638,1696942109,0,469),(4639,1696942109,1696942170,469),(4640,1696942133,1696942183,468),(4641,1696942163,1696942191,460),(4642,1696942189,1696942194,468),(4643,1696942193,1696942197,460),(4644,1696942225,0,469),(4645,1696942225,1696942531,469),(4646,1696942284,1696943078,460),(4647,1696942470,1696943343,468),(4648,1696942504,1696942516,NULL),(4649,1696942517,1696942524,NULL),(4650,1696942528,1696942530,NULL),(4651,1696942535,0,469),(4652,1696942535,1696942565,469),(4653,1696942539,1696942547,NULL),(4654,1696942549,1696942566,NULL),(4655,1696942567,1696943910,NULL),(4656,1696942815,1696942885,464),(4657,1696942945,1696943016,464),(4658,1696943031,1696943044,464),(4659,1696943047,1696943063,464),(4660,1696943082,1696943103,464),(4661,1696943103,1696943103,464),(4662,1696943103,1696943106,464),(4663,1696943106,1696943534,464),(4664,1696943246,1696943451,465),(4665,1696943260,0,469),(4666,1696943260,1696943262,469),(4667,1696943262,1696945941,469),(4668,1696943534,1696943535,464),(4669,1696943536,1696943537,464),(4670,1696943537,1696943711,464),(4671,1696943738,1696943739,464),(4672,1696943740,1696943779,464),(4673,1696944125,1696944161,468),(4674,1696944223,1696944248,465),(4675,1696944250,1696944609,465),(4676,1696944291,1696944869,NULL),(4677,1696944489,1696944502,464),(4678,1696944503,1696944504,464),(4679,1696944506,1696944512,464),(4680,1696944514,1696944555,464),(4681,1696944557,1696944618,464),(4682,1696944629,1696944660,464),(4683,1696944643,1696944653,468),(4684,1696944656,1696944980,468),(4685,1696944723,1696944769,464),(4686,1696944774,1696945137,464),(4687,1696944827,1696945254,465),(4688,1696944999,1696945017,468),(4689,1696945108,1696945187,470),(4690,1696945143,1696945151,464),(4691,1696945154,1696945166,464),(4692,1696945167,1696945173,464),(4693,1696945175,0,464),(4694,1696945175,1696945230,464),(4695,1696945233,1696945241,464),(4696,1696945234,1696947178,470),(4697,1696945243,1696945243,464),(4698,1696945243,0,464),(4699,1696945243,1696945325,464),(4700,1696945311,1696945752,NULL),(4701,1696945325,1696945363,464),(4702,1696945596,1696945596,464),(4703,1696945597,0,464),(4704,1696945597,1696945599,464),(4705,1696945776,1696945824,465),(4706,1696945788,1696945788,464),(4707,1696945805,1696945805,464),(4708,1696945808,1696945808,464),(4709,1696945812,0,464),(4710,1696945812,1696945814,464),(4711,1696945814,1696945881,464),(4712,1696945881,1696945995,464),(4713,1696945953,1696945964,469),(4714,1696945974,1696946011,465),(4715,1696945991,1696946026,469),(4716,1696946193,1696946193,464),(4717,1696946193,1696951605,464),(4718,1696946228,1696946252,469),(4719,1696947179,1696965067,470),(4720,1696947657,1696947739,469),(4721,1696947831,1696948018,469),(4722,1696948036,1696948540,469),(4723,1696948542,1697003434,469),(4724,1696951310,1696951632,465),(4725,1696951538,1696951674,NULL),(4726,1696951605,1696951684,464),(4727,1696951693,1696951696,464),(4728,1696951716,1696951717,464),(4729,1696951723,1696951761,464),(4730,1696951762,1696951775,464),(4731,1696951795,1696951810,464),(4732,1696951812,1696951814,464),(4733,1696952320,1696953279,465),(4734,1696953422,1696953772,NULL),(4735,1696953858,1696954302,NULL),(4736,1696954480,1696954629,NULL),(4737,1696954771,1696954922,465),(4738,1696954833,1696955011,NULL),(4739,1696954971,1696959429,465),(4740,1696955267,1696955470,NULL),(4741,1696955806,1696955994,NULL),(4742,1696956568,1696956569,NULL),(4743,1696956624,1696956626,NULL),(4744,1696956769,1696956823,NULL),(4745,1696956826,1696956832,NULL),(4746,1696956836,1696956838,NULL),(4747,1696956840,1696956853,NULL),(4748,1696956870,1696956898,NULL),(4749,1696956909,1696956911,NULL),(4750,1696957037,1696957048,NULL),(4751,1696957051,1696957195,NULL),(4752,1696957199,1696957201,NULL),(4753,1696957303,1696957326,NULL),(4754,1696957332,1696957335,NULL),(4755,1696957337,1696957437,NULL),(4756,1696957448,1696957453,NULL),(4757,1696957457,1696957459,NULL),(4758,1696957496,1696957499,NULL),(4759,1696957504,1696957512,NULL),(4760,1696957516,1696957520,NULL),(4761,1696958561,1696959098,464),(4762,1696958704,1696958710,NULL),(4763,1696958713,1696958800,NULL),(4764,1696958829,1696958833,NULL),(4765,1696958835,1696958972,NULL),(4766,1696958983,1696958986,NULL),(4767,1696958988,1696958989,NULL),(4768,1696959001,1696959003,NULL),(4769,1696959110,1696959532,464),(4770,1696959570,1696959664,464),(4771,1696959842,1696961450,465),(4772,1696960059,1696960063,464),(4773,1696960079,1697004420,464),(4774,1696960128,1696960144,404),(4775,1696960159,1696960180,404),(4776,1696960304,1697118001,4),(4777,1696960934,1696961080,468),(4778,1696961319,1696961791,468),(4779,1696961539,1696961561,465),(4780,1696961664,1696961776,465),(4781,1696961804,1696961970,465),(4782,1696961982,1696962113,465),(4783,1696962078,1696962083,468),(4784,1696962085,1696962499,468),(4785,1696962511,1696962628,465),(4786,1696962651,1696963975,465),(4787,1696962708,1696962826,468),(4788,1696963090,0,378),(4789,1696963136,0,112),(4790,1696963170,1696963601,NULL),(4791,1696963999,1696964057,465),(4792,1696964156,1696964835,465),(4793,1696964997,1696995862,465),(4794,1696965183,1696965339,470),(4795,1696965347,1696965349,470),(4796,1696965357,1696965372,470),(4797,1696965375,1696965378,470),(4798,1696965392,1696965394,470),(4799,1696965398,1696965414,470),(4800,1696965424,1696965726,470),(4801,1696965741,1696995774,470),(4802,1696997019,1696997076,468),(4803,1696998077,1696998155,470),(4804,1696998186,1696998226,470),(4805,1696998349,1697002492,NULL),(4806,1696999195,1696999452,470),(4807,1696999556,1696999558,470),(4808,1697000134,1697000365,470),(4809,1697000368,1697002091,470),(4810,1697003228,1697003417,465),(4811,1697003346,1697003516,470),(4812,1697003379,1697007218,NULL),(4813,1697003437,1697003488,469),(4814,1697003489,1697003568,469),(4815,1697003563,1697003575,460),(4816,1697003576,1697003606,469),(4817,1697003609,1697003683,469),(4818,1697003659,1697003964,460),(4819,1697003728,1697003744,469),(4820,1697003775,1697003811,469),(4821,1697003903,1697003903,469),(4822,1697003998,1697004001,469),(4823,1697004008,1697004183,460),(4824,1697004032,1697004036,469),(4825,1697004134,1697004138,469),(4826,1697004179,1697004295,469),(4827,1697004362,1697004363,469),(4828,1697004387,1697004414,469),(4829,1697004423,1697005042,464),(4830,1697004633,1697004636,469),(4831,1697004649,1697004650,469),(4832,1697004681,1697004708,469),(4833,1697004738,1697004741,469),(4834,1697004793,1697004795,469),(4835,1697004837,1697004840,469),(4836,1697004875,1697004879,469),(4837,1697004910,1697004955,469),(4838,1697004973,1697004983,469),(4839,1697004992,1697005043,469),(4840,1697005043,1697005178,464),(4841,1697005045,1697005109,469),(4842,1697005111,1697005166,469),(4843,1697005136,1697005150,460),(4844,1697005154,1697005909,460),(4845,1697005170,1697005201,469),(4846,1697005207,1697005324,469),(4847,1697005228,1697005228,464),(4848,1697005264,1697005373,464),(4849,1697005331,1697005414,469),(4850,1697005421,1697005424,469),(4851,1697005736,1697005753,464),(4852,1697005760,1697005842,464),(4853,1697005771,1697005774,469),(4854,1697005777,1697005784,469),(4855,1697005791,1697005815,469),(4856,1697005835,1697005858,469),(4857,1697005845,1697005851,464),(4858,1697005860,1697005876,464),(4859,1697005871,1697005900,469),(4860,1697005880,1697005881,464),(4861,1697005881,1697005886,464),(4862,1697005895,1697005919,464),(4863,1697005903,1697005912,469),(4864,1697005913,1697005916,460),(4865,1697005913,1697005918,469),(4866,1697005926,1697005939,464),(4867,1697005933,1697005944,469),(4868,1697005935,1697006070,460),(4869,1697005952,1697005953,464),(4870,1697005968,1697005980,464),(4871,1697005969,1697005984,469),(4872,1697006011,1697006014,464),(4873,1697006011,1697006133,469),(4874,1697006021,1697006154,464),(4875,1697006082,1697006086,460),(4876,1697006089,1697006090,460),(4877,1697006092,1697006099,460),(4878,1697006106,1697006109,460),(4879,1697006111,1697006113,460),(4880,1697006116,1697006117,460),(4881,1697006118,1697006133,460),(4882,1697006151,1697006162,469),(4883,1697006196,1697006197,469),(4884,1697006216,1697006379,464),(4885,1697006249,1697006260,469),(4886,1697006267,1697006281,469),(4887,1697006282,1697006291,469),(4888,1697006298,1697006307,469),(4889,1697006314,1697006314,469),(4890,1697006318,1697006321,469),(4891,1697006336,1697006360,469),(4892,1697006381,1697006623,460),(4893,1697006414,1697787981,469),(4894,1697006451,1697006753,464),(4895,1697006558,1697006594,465),(4896,1697006596,1697006601,465),(4897,1697006608,1697006615,465),(4898,1697006620,1697006621,465),(4899,1697006623,1697006649,465),(4900,1697006667,1697006668,465),(4901,1697006766,1697006872,464),(4902,1697006876,1697006877,464),(4903,1697006922,1697006923,464),(4904,1697007164,1697007346,470),(4905,1697007499,1697007575,NULL),(4906,1697008036,1697022634,464),(4907,1697008375,1697008424,473),(4908,1697008455,1697008470,473),(4909,1697008632,1697009039,473),(4910,1697008964,1697009002,474),(4911,1697009115,1697009146,473),(4912,1697009384,1697009396,473),(4913,1697009426,1697009551,473),(4914,1697009583,1697010839,473),(4915,1697009860,1697009872,475),(4916,1697009914,1697009926,475),(4917,1697009930,1697009931,475),(4918,1697009932,1697009975,475),(4919,1697010095,1697010098,475),(4920,1697010103,1697010113,475),(4921,1697010114,1697010292,475),(4922,1697010303,1697524584,475),(4923,1697010309,1697016462,NULL),(4924,1697010333,1697010344,474),(4925,1697010346,1697011066,474),(4926,1697010420,1697015390,465),(4927,1697010556,1697010563,476),(4928,1697010573,1697010586,476),(4929,1697010905,1697012432,473),(4930,1697011072,1697011075,474),(4931,1697011252,1697011258,474),(4932,1697012488,1697012500,473),(4933,1697012567,1697012569,473),(4934,1697012710,1697012873,473),(4935,1697013892,1697013894,473),(4936,1697014314,1697014792,474),(4937,1697015373,1697015637,474),(4938,1697015740,1697016319,465),(4939,1697016005,1697016492,474),(4940,1697016662,1697017076,474),(4941,1697017078,1697017136,474),(4942,1697017146,1697017163,474),(4943,1697017236,1697017243,474),(4944,1697017425,1697018310,NULL),(4945,1697017810,1697017811,474),(4946,1697017842,1697017864,474),(4947,1697017869,1697017874,474),(4948,1697017889,1697017967,474),(4949,1697017968,1697017977,474),(4950,1697018290,1697019325,474),(4951,1697019094,1697019657,NULL),(4952,1697019327,1697019366,474),(4953,1697019794,1697020677,NULL),(4954,1697020026,0,474),(4955,1697020026,1697020066,474),(4956,1697020067,1697020092,474),(4957,1697020132,1697020133,474),(4958,1697020134,1697020140,474),(4959,1697020140,1697020141,474),(4960,1697020153,1697020154,474),(4961,1697020155,1697020166,474),(4962,1697020168,1697020171,474),(4963,1697020333,1697020335,474),(4964,1697020370,1697020391,474),(4965,1697020391,1697020497,474),(4966,1697020510,1697020511,474),(4967,1697020531,1697021119,474),(4968,1697021033,1697022125,NULL),(4969,1697021309,1697021336,474),(4970,1697021337,1697021343,474),(4971,1697021344,1697021346,474),(4972,1697021606,1697021608,474),(4973,1697021616,1697021617,474),(4974,1697021630,1697021631,474),(4975,1697021633,1697022192,474),(4976,1697022227,1697022709,465),(4977,1697022241,1697022242,474),(4978,1697022259,1697022268,474),(4979,1697022288,1697022289,474),(4980,1697022292,1697022297,474),(4981,1697022298,1697022299,474),(4982,1697022300,1697022336,474),(4983,1697022355,1697022377,474),(4984,1697022379,1697022381,474),(4985,1697022388,1697022391,474),(4986,1697022393,1697022409,474),(4987,1697022418,1697022438,474),(4988,1697022439,1697022442,474),(4989,1697022446,1697022449,474),(4990,1697022479,1697022479,474),(4991,1697022481,1697022482,474),(4992,1697022484,1697022500,474),(4993,1697022530,1697022733,474),(4994,1697022779,1697022840,474),(4995,1697022879,1697022885,474),(4996,1697022916,1697022920,464),(4997,1697022966,1697022971,464),(4998,1697023037,1697023082,474),(4999,1697023062,1697023352,464),(5000,1697023089,1697023107,474),(5001,1697023108,1697023110,474),(5002,1697023111,1697023112,474),(5003,1697023257,1697023435,465),(5004,1697023296,1697023341,474),(5005,1697023477,1697023734,NULL),(5006,1697023497,1697023768,474),(5007,1697023763,1697023942,465),(5008,1697023861,1697025002,NULL),(5009,1697023939,1697023954,474),(5010,1697024063,1697024329,464),(5011,1697024545,1697024856,474),(5012,1697024704,1697025383,464),(5013,1697024737,1697024774,465),(5014,1697024796,1697024801,465),(5015,1697024843,1697026727,465),(5016,1697024929,1697090507,474),(5017,1697025325,1697026263,NULL),(5018,1697025385,1697025557,464),(5019,1697025488,1697025498,460),(5020,1697025501,1697025504,460),(5021,1697025557,1697025759,464),(5022,1697025789,1697026829,464),(5023,1697026269,1697026276,NULL),(5024,1697026287,1697026299,NULL),(5025,1697026301,1697026307,NULL),(5026,1697026310,1697026313,NULL),(5027,1697026377,1697026511,NULL),(5028,1697026512,1697026513,NULL),(5029,1697026525,1697026528,NULL),(5030,1697026594,1697026596,NULL),(5031,1697026605,1697026606,NULL),(5032,1697026612,1697026617,NULL),(5033,1697026621,1697026628,NULL),(5034,1697026653,1697026668,NULL),(5035,1697026677,1697026692,NULL),(5036,1697026699,1697026708,NULL),(5037,1697026749,1697026766,NULL),(5038,1697026767,1697026773,NULL),(5039,1697026775,1697026778,NULL),(5040,1697026784,1697026795,NULL),(5041,1697026804,1697026815,NULL),(5042,1697026817,1697026819,NULL),(5043,1697026833,1697026834,464),(5044,1697027140,1697028259,464),(5045,1697027145,1697027149,465),(5046,1697027146,1697027162,NULL),(5047,1697027151,1697027154,465),(5048,1697027171,1697027174,NULL),(5049,1697027182,1697027216,NULL),(5050,1697027183,1697032211,465),(5051,1697027217,1697027229,NULL),(5052,1697027254,1697027375,NULL),(5053,1697027454,1697030963,460),(5054,1697027896,1697027977,NULL),(5055,1697027990,1697027992,NULL),(5056,1697028002,1697028008,NULL),(5057,1697028019,1697028048,NULL),(5058,1697028050,1697028585,NULL),(5059,1697028283,1697028320,464),(5060,1697028330,1697028340,464),(5061,1697028343,1697028347,464),(5062,1697028348,1697028449,464),(5063,1697028455,1697028493,464),(5064,1697028525,1697028528,464),(5065,1697028581,1697028585,464),(5066,1697028589,1697028782,NULL),(5067,1697028595,1697028614,464),(5068,1697028654,1697028662,464),(5069,1697028669,1697028670,464),(5070,1697028680,1697028771,464),(5071,1697028774,1697028799,464),(5072,1697028784,1697028895,NULL),(5073,1697028815,1697028889,464),(5074,1697028900,1697028941,NULL),(5075,1697028981,1697028985,NULL),(5076,1697029067,1697029067,464),(5077,1697029080,1697029090,464),(5078,1697029157,1697029159,NULL),(5079,1697029464,1697029600,NULL),(5080,1697029621,1697030159,464),(5081,1697029717,1697029719,NULL),(5082,1697029723,1697029724,NULL),(5083,1697029937,1697029948,NULL),(5084,1697030019,1697030024,NULL),(5085,1697030160,1697030165,464),(5086,1697030167,1697030559,464),(5087,1697030178,1697030183,NULL),(5088,1697030192,1697030196,NULL),(5089,1697030396,1697030411,NULL),(5090,1697030522,1697030523,NULL),(5091,1697030529,1697030650,NULL),(5092,1697030560,1697030564,464),(5093,1697030568,1697030574,464),(5094,1697030623,1697030635,464),(5095,1697030651,1697030654,NULL),(5096,1697031023,1697041781,460),(5097,1697031762,1697032090,NULL),(5098,1697032092,1697032454,NULL),(5099,1697032454,1697032465,NULL),(5100,1697032501,1697032600,NULL),(5101,1697032635,1697032637,NULL),(5102,1697032644,1697032687,NULL),(5103,1697032684,1697038460,465),(5104,1697032724,1697032975,NULL),(5105,1697033001,1697033009,NULL),(5106,1697033170,1697033172,NULL),(5107,1697033383,1697033394,NULL),(5108,1697033397,1697033428,NULL),(5109,1697033435,1697033460,NULL),(5110,1697033464,1697033518,NULL),(5111,1697037064,1697037066,473),(5112,1697037107,1697038954,473),(5113,1697038876,1697040464,465),(5114,1697040390,1697040392,473),(5115,1697040796,1697040845,NULL),(5116,1697040851,1697040878,NULL),(5117,1697040910,1697040917,NULL),(5118,1697040921,1697040935,NULL),(5119,1697040945,1697041389,NULL),(5120,1697041452,1697041457,NULL),(5121,1697041474,1697041492,NULL),(5122,1697041508,1697041553,NULL),(5123,1697041555,1697041692,NULL),(5124,1697041639,1697042036,465),(5125,1697041708,1697041880,NULL),(5126,1697041784,1697041852,460),(5127,1697041853,1697042187,460),(5128,1697041988,1697042012,NULL),(5129,1697042015,1697042028,NULL),(5130,1697042056,1697042114,465),(5131,1697042059,1697042102,NULL),(5132,1697042104,1697042209,NULL),(5133,1697042131,1697042136,465),(5134,1697042146,1697042219,465),(5135,1697042258,1697042304,465),(5136,1697042273,1697042281,460),(5137,1697042295,1697042575,NULL),(5138,1697042335,1697042353,460),(5139,1697042376,1697042420,460),(5140,1697042434,1697042456,460),(5141,1697042467,1697042477,460),(5142,1697042481,1697042500,460),(5143,1697042515,1697042661,460),(5144,1697042660,1697042692,NULL),(5145,1697042665,1697042673,460),(5146,1697042680,1697042707,460),(5147,1697042699,1697042730,NULL),(5148,1697042746,1697042974,465),(5149,1697042747,1697042756,460),(5150,1697042748,1697042929,NULL),(5151,1697042758,1697042774,460),(5152,1697042782,1697042787,460),(5153,1697042798,1697042816,460),(5154,1697042830,1697042831,460),(5155,1697042842,1697042848,460),(5156,1697042849,1697042854,460),(5157,1697042858,1697042898,460),(5158,1697042901,1697042904,460),(5159,1697042924,1697042929,460),(5160,1697042942,1697042946,460),(5161,1697042988,1697042991,460),(5162,1697043010,1697043031,460),(5163,1697043048,1697043057,460),(5164,1697043070,1697043074,460),(5165,1697043081,1697043084,460),(5166,1697043126,1697043385,NULL),(5167,1697043149,1697043184,460),(5168,1697043390,1697043400,465),(5169,1697043400,1697043406,460),(5170,1697043402,1697043660,NULL),(5171,1697043468,1697043470,460),(5172,1697043474,1697043475,460),(5173,1697043477,1697043478,460),(5174,1697043482,1697043489,460),(5175,1697043510,1697043628,460),(5176,1697043633,1697043638,460),(5177,1697043642,1697043733,460),(5178,1697043767,1697043767,460),(5179,1697043791,1697043793,NULL),(5180,1697043803,1697043805,460),(5181,1697043848,1697043849,460),(5182,1697043879,1697043918,460),(5183,1697043920,1697043957,NULL),(5184,1697043945,1697043972,460),(5185,1697043967,1697043998,NULL),(5186,1697044004,1697044066,NULL),(5187,1697044026,1697044026,460),(5188,1697044090,1697044091,460),(5189,1697044164,1697044164,460),(5190,1697044188,1697044266,460),(5191,1697044190,1697044258,465),(5192,1697044346,1697044444,NULL),(5193,1697044384,1697044411,460),(5194,1697044450,1697044469,NULL),(5195,1697044454,1697044464,460),(5196,1697044595,1697044601,460),(5197,1697044697,1697044845,460),(5198,1697044698,1697044793,NULL),(5199,1697044788,1697044883,465),(5200,1697044838,1697044848,NULL),(5201,1697044897,0,460),(5202,1697044897,1697045016,460),(5203,1697044911,1697044945,NULL),(5204,1697044964,1697045058,NULL),(5205,1697044983,1697045128,465),(5206,1697045093,0,460),(5207,1697045093,1697045105,460),(5208,1697045106,1697045116,460),(5209,1697045132,1697045158,460),(5210,1697045136,1697045165,NULL),(5211,1697045166,0,460),(5212,1697045166,1697045249,460),(5213,1697045245,1697045270,NULL),(5214,1697045249,0,460),(5215,1697045249,1697045277,460),(5216,1697045280,0,460),(5217,1697045280,1697045286,460),(5218,1697045299,1697045328,465),(5219,1697045311,1697045313,460),(5220,1697045320,1697045406,460),(5221,1697045381,1697045456,NULL),(5222,1697045487,1697045497,465),(5223,1697045495,1697045495,460),(5224,1697045496,0,460),(5225,1697045496,1697045547,460),(5226,1697045505,1697045546,NULL),(5227,1697045547,1697045694,460),(5228,1697045547,1697045630,465),(5229,1697045578,1697045611,NULL),(5230,1697045642,1697045730,465),(5231,1697045721,1697045724,NULL),(5232,1697045778,1697045884,NULL),(5233,1697045785,1697045882,465),(5234,1697045871,0,460),(5235,1697045871,1697045876,460),(5236,1697045877,1697045883,460),(5237,1697045887,0,460),(5238,1697045887,1697046093,460),(5239,1697045889,1697045939,NULL),(5240,1697046106,0,460),(5241,1697046106,1697046214,460),(5242,1697046139,1697046147,NULL),(5243,1697046147,1697046216,NULL),(5244,1697046161,1697046164,465),(5245,1697046219,1697046245,NULL),(5246,1697046222,0,460),(5247,1697046222,1697046238,460),(5248,1697046248,1697046250,NULL),(5249,1697046249,0,460),(5250,1697046249,1697046290,460),(5251,1697046257,1697046749,NULL),(5252,1697046298,1697046301,460),(5253,1697046303,1697046304,460),(5254,1697046307,1697046307,460),(5255,1697046321,1697046532,460),(5256,1697046533,1697046536,460),(5257,1697046618,1697046659,460),(5258,1697046736,1697046736,465),(5259,1697046740,1697046749,465),(5260,1697046752,1697046756,460),(5261,1697046765,1697046773,NULL),(5262,1697046768,1697046779,460),(5263,1697046777,1697046814,NULL),(5264,1697046783,1697046793,460),(5265,1697046824,1697046833,NULL),(5266,1697046845,1697046963,NULL),(5267,1697046950,1697047072,465),(5268,1697046992,1697047043,NULL),(5269,1697047080,1697047090,NULL),(5270,1697047093,1697047146,NULL),(5271,1697047154,1697047157,NULL),(5272,1697047280,1697047401,465),(5273,1697047367,1697047393,NULL),(5274,1697047401,1697047424,465),(5275,1697047451,1697047466,NULL),(5276,1697047468,1697047988,NULL),(5277,1697047983,1697047990,465),(5278,1697047994,1697048020,NULL),(5279,1697048047,1697048098,NULL),(5280,1697048099,1697048175,NULL),(5281,1697048177,1697048182,NULL),(5282,1697048177,1697048503,465),(5283,1697048185,1697048207,NULL),(5284,1697048216,1697048229,NULL),(5285,1697048278,1697048319,NULL),(5286,1697048320,1697048346,NULL),(5287,1697048363,1697048375,NULL),(5288,1697048386,1697048429,NULL),(5289,1697048434,1697048469,NULL),(5290,1697048470,1697048484,NULL),(5291,1697048503,1697048505,NULL),(5292,1697048657,1697048669,NULL),(5293,1697049006,1697049011,NULL),(5294,1697049099,1697049132,NULL),(5295,1697049100,1697049436,465),(5296,1697049139,1697049153,NULL),(5297,1697049179,1697049235,NULL),(5298,1697049257,1697049485,NULL),(5299,1697049525,1697049651,465),(5300,1697049525,1697049526,NULL),(5301,1697049587,1697049588,NULL),(5302,1697049594,1697049610,NULL),(5303,1697049653,1697049686,NULL),(5304,1697049686,1697049698,465),(5305,1697049741,1697049776,NULL),(5306,1697049781,1697049862,NULL),(5307,1697049802,1697049953,465),(5308,1697049864,1697049872,NULL),(5309,1697049875,1697049878,NULL),(5310,1697049884,1697049912,NULL),(5311,1697049934,1697049936,NULL),(5312,1697049980,1697050035,NULL),(5313,1697050038,1697050085,NULL),(5314,1697050469,1697077451,465),(5315,1697050494,1697050579,NULL),(5316,1697050616,1697050624,NULL),(5317,1697050632,1697050660,NULL),(5318,1697050679,1697050692,NULL),(5319,1697050721,1697050870,NULL),(5320,1697050871,1697050871,NULL),(5321,1697050890,1697050891,NULL),(5322,1697050911,1697050918,NULL),(5323,1697050939,1697051228,NULL),(5324,1697056166,1697056199,380),(5325,1697056207,1697056239,380),(5326,1697056664,1697056692,380),(5327,1697056695,1697056701,380),(5328,1697056713,1697056718,380),(5329,1697056770,1697056828,380),(5330,1697056845,1697056924,380),(5331,1697056948,1697057160,380),(5332,1697057221,1697057231,380),(5333,1697079352,1697079402,465),(5334,1697079744,1697081194,465),(5335,1697081578,1697081661,465),(5336,1697081707,1697081742,465),(5337,1697081834,1697083944,465),(5338,1697083739,1697083782,NULL),(5339,1697083882,1697084053,NULL),(5340,1697083957,1697084000,465),(5341,1697084021,1697084263,465),(5342,1697084145,1697084208,NULL),(5343,1697084411,1697084414,NULL),(5344,1697084471,1697084640,NULL),(5345,1697084525,1697084599,465),(5346,1697084605,1697084618,465),(5347,1697084640,1697084651,NULL),(5348,1697084820,1697085571,465),(5349,1697084939,1697085568,NULL),(5350,1697085587,1697085649,465),(5351,1697085675,1697085694,NULL),(5352,1697085698,1697085735,NULL),(5353,1697085735,1697085741,NULL),(5354,1697085770,1697085777,465),(5355,1697085797,1697086223,465),(5356,1697086496,1697086537,470),(5357,1697086532,1697086850,NULL),(5358,1697086538,1697086540,470),(5359,1697086756,1697087066,470),(5360,1697086773,1697087935,465),(5361,1697086857,1697086875,NULL),(5362,1697086880,1697087067,NULL),(5363,1697087204,1697087302,473),(5364,1697087303,1697087333,473),(5365,1697087469,1697087501,473),(5366,1697087512,1697087514,NULL),(5367,1697087574,1697087618,NULL),(5368,1697087625,1697090818,NULL),(5369,1697087700,1697088156,460),(5370,1697088022,1697088672,465),(5371,1697089124,1697090782,465),(5372,1697090275,1697090307,479),(5373,1697090343,0,479),(5374,1697090343,1697090424,479),(5375,1697090424,1697090445,479),(5376,1697090445,1697090454,479),(5377,1697090508,1697090531,474),(5378,1697090530,1697090530,479),(5379,1697090554,1697090568,474),(5380,1697090581,0,479),(5381,1697090581,1697090613,479),(5382,1697090621,1697091279,474),(5383,1697090881,1697091707,465),(5384,1697090944,1697090948,460),(5385,1697090970,0,479),(5386,1697090970,1697091003,479),(5387,1697091237,0,479),(5388,1697091237,1697091302,479),(5389,1697091302,0,479),(5390,1697091302,1697091313,479),(5391,1697091326,1697091328,479),(5392,1697091357,1697091410,479),(5393,1697091404,1697091593,474),(5394,1697091410,1697091431,479),(5395,1697091459,1697091461,460),(5396,1697091461,0,479),(5397,1697091461,1697091467,479),(5398,1697091477,1697091479,NULL),(5399,1697091592,1697091596,NULL),(5400,1697091607,1697091629,474),(5401,1697091647,1697091874,474),(5402,1697091649,1697091714,483),(5403,1697091706,1697091706,479),(5404,1697091718,1697091731,483),(5405,1697091725,1697091761,NULL),(5406,1697091807,1697092152,483),(5407,1697091807,1697091808,NULL),(5408,1697091811,1697092157,NULL),(5409,1697091889,0,479),(5410,1697091889,1697091915,479),(5411,1697091898,1697092293,474),(5412,1697091907,1697092691,465),(5413,1697091915,1697092161,479),(5414,1697092222,1697092223,NULL),(5415,1697092225,0,479),(5416,1697092225,1697092304,479),(5417,1697092226,1697092231,NULL),(5418,1697092310,1697092383,483),(5419,1697092335,1697092335,479),(5420,1697092337,0,479),(5421,1697092337,1697092406,479),(5422,1697092358,1697092725,474),(5423,1697092379,1697092380,460),(5424,1697092381,1697092744,460),(5425,1697092403,1697092404,483),(5426,1697092406,1697092410,479),(5427,1697092409,1697092410,483),(5428,1697092412,1697092412,479),(5429,1697092425,1697092492,483),(5430,1697092475,0,479),(5431,1697092476,0,479),(5432,1697092476,1697092529,479),(5433,1697092491,1697092503,NULL),(5434,1697092503,1697092522,NULL),(5435,1697092506,1697092513,483),(5436,1697092544,0,479),(5437,1697092544,1697092544,479),(5438,1697092546,1697092572,483),(5439,1697092552,1697092638,NULL),(5440,1697092576,1697092634,483),(5441,1697092612,1697092627,479),(5442,1697092629,1697092638,479),(5443,1697092635,1697092656,483),(5444,1697092648,0,479),(5445,1697092648,0,479),(5446,1697092648,0,479),(5447,1697092648,0,479),(5448,1697092648,1697092650,479),(5449,1697092650,1697092650,479),(5450,1697092658,1697092676,483),(5451,1697092659,0,479),(5452,1697092659,0,479),(5453,1697092659,1697092662,479),(5454,1697092670,0,479),(5455,1697092670,0,479),(5456,1697092670,1697092671,479),(5457,1697092686,1697092689,479),(5458,1697092687,1697092744,483),(5459,1697092704,1697092730,479),(5460,1697092761,1697092766,479),(5461,1697092763,1697092771,474),(5462,1697092773,1697092785,479),(5463,1697092780,1697094486,460),(5464,1697092840,1697093728,465),(5465,1697092852,1697092853,474),(5466,1697092857,1697093052,474),(5467,1697092885,1697092895,483),(5468,1697092930,1697092958,483),(5469,1697093004,1697093166,483),(5470,1697093095,1697093100,479),(5471,1697093111,1697093129,479),(5472,1697093156,1697093156,479),(5473,1697093159,1697093169,479),(5474,1697093168,1697093672,483),(5475,1697093172,1697093196,479),(5476,1697093198,1697093202,479),(5477,1697093218,1697093221,479),(5478,1697093225,1697093228,479),(5479,1697093231,1697093232,479),(5480,1697093258,1697093260,478),(5481,1697093270,1697135492,478),(5482,1697093272,1697093281,479),(5483,1697093308,1697093311,479),(5484,1697093335,1697093338,479),(5485,1697093340,1697093343,479),(5486,1697093360,1697093397,479),(5487,1697093442,1697093470,479),(5488,1697093471,1697093504,479),(5489,1697093508,1697093524,479),(5490,1697093532,1697093533,479),(5491,1697093537,1697093540,479),(5492,1697093547,1697093555,479),(5493,1697093565,1697093565,479),(5494,1697093566,1697093567,479),(5495,1697093569,1697093570,479),(5496,1697093571,1697093644,479),(5497,1697093622,1697093790,474),(5498,1697093654,1697095279,479),(5499,1697093673,1697093674,483),(5500,1697093678,1697093911,483),(5501,1697093808,1697095250,465),(5502,1697093943,1697093944,483),(5503,1697093945,1697093952,483),(5504,1697094258,1697094296,483),(5505,1697094434,1697094495,474),(5506,1697094454,1697094630,483),(5507,1697094737,1697094874,483),(5508,1697094943,1697095680,474),(5509,1697095346,1697095346,483),(5510,1697095348,1697095351,483),(5511,1697095351,1697095643,479),(5512,1697095351,1697095353,483),(5513,1697095354,1697095357,483),(5514,1697095359,1697095360,483),(5515,1697095361,1697095382,483),(5516,1697095383,1697095475,465),(5517,1697095384,1697095493,483),(5518,1697095530,1697095572,483),(5519,1697095582,1697095795,483),(5520,1697095674,1697097020,479),(5521,1697095810,1697095816,483),(5522,1697096123,1697102142,474),(5523,1697096446,1697096692,NULL),(5524,1697096526,1697098104,465),(5525,1697096731,1697096801,NULL),(5526,1697097150,1697097232,NULL),(5527,1697097248,1697100108,479),(5528,1697097468,1697097843,NULL),(5529,1697098078,1697099428,NULL),(5530,1697099770,1697099807,NULL),(5531,1697099842,1697100003,NULL),(5532,1697100027,1697100054,NULL),(5533,1697100059,1697100099,NULL),(5534,1697100196,1697100198,479),(5535,1697100478,1697100528,NULL),(5536,1697101750,1697101769,NULL),(5537,1697101792,1697101881,NULL),(5538,1697101883,1697101888,NULL),(5539,1697102101,1697102112,NULL),(5540,1697102145,1697102219,474),(5541,1697102227,1697102229,474),(5542,1697102281,1697102282,474),(5543,1697102285,1697102326,474),(5544,1697102332,1697179470,474),(5545,1697102384,1697102418,470),(5546,1697102451,1697129720,470),(5547,1697102521,1697102522,460),(5548,1697102578,1697106229,465),(5549,1697102622,1697102674,468),(5550,1697102769,1697102923,468),(5551,1697102955,1697103271,468),(5552,1697103323,1697103348,468),(5553,1697103396,1697103419,468),(5554,1697103499,1697103784,468),(5555,1697103803,1697103805,468),(5556,1697103833,1697104187,468),(5557,1697104196,1697104197,468),(5558,1697104257,1697104258,468),(5559,1697104260,1697104724,468),(5560,1697104798,1697104809,468),(5561,1697104818,1697104846,468),(5562,1697104870,1697105050,468),(5563,1697105093,1697105280,468),(5564,1697105295,1697105836,468),(5565,1697105893,1697106495,468),(5566,1697106699,1697107450,465),(5567,1697107400,1697107411,468),(5568,1697107711,0,468),(5569,1697107711,1697107725,468),(5570,1697107730,1697107730,468),(5571,1697107733,1697107739,468),(5572,1697107776,1697107778,468),(5573,1697107780,1697107810,468),(5574,1697107821,1697107829,468),(5575,1697107913,1697107919,468),(5576,1697107921,1697107923,468),(5577,1697107941,1697109278,468),(5578,1697108076,1697108087,460),(5579,1697108472,1697108787,465),(5580,1697108849,1697110166,465),(5581,1697108947,1697108947,483),(5582,1697109074,0,NULL),(5583,1697109290,0,NULL),(5584,1697109332,1697113606,468),(5585,1697111552,1697112018,465),(5586,1697112544,1697112605,465),(5587,1697112607,1697112629,465),(5588,1697112633,1697112974,465),(5589,1697112645,1697112747,460),(5590,1697112783,1697112915,460),(5591,1697112919,1697112973,460),(5592,1697112976,1697113220,465),(5593,1697113112,1697113115,460),(5594,1697113124,1697113237,460),(5595,1697113287,1697113289,460),(5596,1697113805,1697113947,465),(5597,1697114294,1697114964,460),(5598,1697115060,1697115061,468),(5599,1697115273,1697115706,468),(5600,1697115792,1697116784,468),(5601,1697116367,1697116374,465),(5602,1697116684,1697116697,460),(5603,1697116700,1697116866,460),(5604,1697116786,1697116983,468),(5605,1697116869,1697171797,460),(5606,1697117405,1697117432,465),(5607,1697117557,0,465),(5608,1697117557,1697129522,465),(5609,1697117749,1697117800,468),(5610,1697117802,1697117924,468),(5611,1697117939,1697117941,468),(5612,1697118093,1697118940,4),(5613,1697118998,1697119155,4),(5614,1697119182,1697172842,4),(5615,1697129315,1697129337,479),(5616,1697129344,1697129412,479),(5617,1697129412,1697129417,479),(5618,1697129444,1697129446,479),(5619,1697129448,1697129449,479),(5620,1697129450,1697129452,479),(5621,1697129453,1697129454,479),(5622,1697129455,1697129456,479),(5623,1697129457,1697129458,479),(5624,1697129459,1697129460,479),(5625,1697129461,1697129464,479),(5626,1697129465,1697129466,479),(5627,1697129468,1697129469,479),(5628,1697129476,1697129477,479),(5629,1697129478,1697129480,479),(5630,1697129524,1697129610,465),(5631,1697129557,1697129558,479),(5632,1697129560,1697129560,479),(5633,1697129598,1697129600,479),(5634,1697129639,1697129639,479),(5635,1697129640,1697129669,479),(5636,1697129670,1697129671,479),(5637,1697129676,1697129708,479),(5638,1697129689,1697129870,465),(5639,1697129752,1697129806,468),(5640,1697129811,1697130047,468),(5641,1697129919,1697132420,465),(5642,1697129927,1697129965,479),(5643,1697129981,1697129982,479),(5644,1697130043,1697130044,464),(5645,1697130047,1697130138,479),(5646,1697130246,1697130247,464),(5647,1697130249,0,464),(5648,1697130324,1697130578,483),(5649,1697130330,1697130332,479),(5650,1697130524,1697130525,479),(5651,1697130533,1697130537,479),(5652,1697130549,1697130583,479),(5653,1697130586,1697553358,483),(5654,1697130713,1697130718,479),(5655,1697130750,1697130750,468),(5656,1697130755,1697130755,468),(5657,1697130762,1697131050,468),(5658,1697130774,1697130928,479),(5659,1697130949,1697130965,NULL),(5660,1697131013,1697131115,479),(5661,1697131129,1697131147,NULL),(5662,1697131225,1697131241,NULL),(5663,1697131268,1697131270,NULL),(5664,1697131287,1697131307,NULL),(5665,1697131321,1697131687,468),(5666,1697131493,1697131516,NULL),(5667,1697131517,1697131518,NULL),(5668,1697131526,1697131570,NULL),(5669,1697131592,1697131593,NULL),(5670,1697131600,1697131634,NULL),(5671,1697131623,1697131664,487),(5672,1697131635,1697131664,NULL),(5673,1697131672,1697131763,NULL),(5674,1697131673,1697131681,487),(5675,1697131688,1697131712,487),(5676,1697131724,1697131727,487),(5677,1697131738,1697131766,487),(5678,1697131763,1697131765,NULL),(5679,1697131765,1697131792,NULL),(5680,1697131772,1697169849,487),(5681,1697131800,1697131811,NULL),(5682,1697131865,1697131868,NULL),(5683,1697131992,1697131995,488),(5684,1697131997,1697131999,468),(5685,1697132054,1697132300,488),(5686,1697132302,1697132307,488),(5687,1697132423,1697164690,465),(5688,1697134499,1697134777,NULL),(5689,1697134777,1697134781,NULL),(5690,1697134782,1697139553,NULL),(5691,1697135524,1697135846,478),(5692,1697139677,1697153153,NULL),(5693,1697153154,1697153155,NULL),(5694,1697153156,1697153157,NULL),(5695,1697153158,1697153160,NULL),(5696,1697153161,1697153162,NULL),(5697,1697153164,1697153165,NULL),(5698,1697153169,0,NULL),(5699,1697153169,1697153170,NULL),(5700,1697153171,1697153172,NULL),(5701,1697153203,1697153204,NULL),(5702,1697153236,1697153238,NULL),(5703,1697153239,1697153241,NULL),(5704,1697153241,1697153245,NULL),(5705,1697153245,1697153245,NULL),(5706,1697153246,1697153248,NULL),(5707,1697153248,1697153249,NULL),(5708,1697153250,1697153252,NULL),(5709,1697153252,1697153254,NULL),(5710,1697153254,1697153255,NULL),(5711,1697153257,1697153258,NULL),(5712,1697153259,1697153260,NULL),(5713,1697153262,1697153263,NULL),(5714,1697153264,1697153272,NULL),(5715,1697153273,1697153274,NULL),(5716,1697153606,1697153623,NULL),(5717,1697153624,1697153625,NULL),(5718,1697153626,1697153627,NULL),(5719,1697153628,1697153629,NULL),(5720,1697153630,1697153631,NULL),(5721,1697153636,1697153637,NULL),(5722,1697153638,1697154223,NULL),(5723,1697154233,1697154236,NULL),(5724,1697154237,1697160342,NULL),(5725,1697160343,1697160344,NULL),(5726,1697160345,1697160355,NULL),(5727,1697164634,1697167310,468),(5728,1697167210,1697167891,465),(5729,1697167696,1697167872,468),(5730,1697167873,1697167877,468),(5731,1697167914,1697167916,468),(5732,1697168196,1697168202,468),(5733,1697168560,1697168564,468),(5734,1697168566,1697168569,468),(5735,1697168964,1697169204,468),(5736,1697169235,1697169324,468),(5737,1697169325,1697169333,468),(5738,1697169397,1697173142,465),(5739,1697169851,1697169870,487),(5740,1697169936,1697175503,468),(5741,1697169987,1697170008,487),(5742,1697170244,1697170288,487),(5743,1697170395,1697170472,487),(5744,1697170623,1697170624,487),(5745,1697170632,1697170650,487),(5746,1697170779,1697171184,487),(5747,1697171071,1697171073,NULL),(5748,1697171073,1697171074,NULL),(5749,1697171076,1697171077,NULL),(5750,1697171238,1697836199,487),(5751,1697171815,1697171823,460),(5752,1697171868,1697171869,460),(5753,1697172844,1697173368,4),(5754,1697173147,1697174102,465),(5755,1697173384,1697173419,4),(5756,1697173422,1697174970,4),(5757,1697174861,1697175000,465),(5758,1697175684,1697176501,468),(5759,1697176518,1697176520,468),(5760,1697176521,1697176524,468),(5761,1697176880,1697178423,465),(5762,1697176921,1697176953,468),(5763,1697177198,1697177199,468),(5764,1697178530,1697178533,479),(5765,1697178565,1697178598,479),(5766,1697178927,1697179061,465),(5767,1697179833,1697179910,NULL),(5768,1697179843,1697180264,465),(5769,1697179931,1697179932,NULL),(5770,1697179941,1697180065,468),(5771,1697179956,1697179962,NULL),(5772,1697180077,1697180078,NULL),(5773,1697180080,1697180081,468),(5774,1697180084,1697180094,468),(5775,1697180145,1697180192,NULL),(5776,1697180150,1697180251,468),(5777,1697180192,1697180198,NULL),(5778,1697180198,1697180251,NULL),(5779,1697180252,1697180406,NULL),(5780,1697180406,1697180412,NULL),(5781,1697180443,1697181607,NULL),(5782,1697180638,1697181255,468),(5783,1697180771,1697180791,465),(5784,1697181279,1697181522,465),(5785,1697181335,1697181641,468),(5786,1697181984,1697181985,468),(5787,1697182091,1697182164,468),(5788,1697182257,1697190419,465),(5789,1697182335,1697182409,468),(5790,1697182434,1698055905,470),(5791,1697182492,1697182560,468),(5792,1697182561,1697182570,468),(5793,1697182576,1697182775,468),(5794,1697182794,1697183256,468),(5795,1697182978,1697182980,488),(5796,1697183177,1697183257,488),(5797,1697183268,1697183282,488),(5798,1697183287,1697189434,468),(5799,1697183298,1697183300,488),(5800,1697183324,1697183356,488),(5801,1697183391,1697183463,NULL),(5802,1697183839,1697183995,NULL),(5803,1697183983,1697183983,488),(5804,1697183992,1697183994,488),(5805,1697184002,1697184016,NULL),(5806,1697184018,1697184041,488),(5807,1697184051,1697184095,488),(5808,1697184063,1697184064,NULL),(5809,1697184109,1697184116,488),(5810,1697184121,1697184121,NULL),(5811,1697184149,1697184186,488),(5812,1697184163,1697184164,NULL),(5813,1697184199,1697184217,488),(5814,1697184218,1697553462,488),(5815,1697184231,1697184232,NULL),(5816,1697184279,1697184620,NULL),(5817,1697184648,1697184649,NULL),(5818,1697184651,1697184651,NULL),(5819,1697185385,1697214583,NULL),(5820,1697190548,1697190551,468),(5821,1697190556,1697190557,468),(5822,1697190641,1697190643,468),(5823,1697191000,1697191569,465),(5824,1697191289,1697191292,468),(5825,1697191293,1697191299,468),(5826,1697191300,1697191301,468),(5827,1697191722,1697193573,468),(5828,1697191935,1697192674,465),(5829,1697192970,1697193105,465),(5830,1697193591,1697193901,465),(5831,1697193876,1697194626,468),(5832,1697193960,1697193989,465),(5833,1697194193,1697194200,465),(5834,1697194202,1697194206,465),(5835,1697194222,1697194257,465),(5836,1697194272,1697194313,465),(5837,1697194328,1697194338,465),(5838,1697194354,1697194360,465),(5839,1697194547,1697194594,465),(5840,1697194629,1697194643,468),(5841,1697194660,1697194664,468),(5842,1697194673,1697194677,468),(5843,1697194678,1697194687,468),(5844,1697194689,1697194691,468),(5845,1697194693,1697194699,468),(5846,1697194716,1697194729,465),(5847,1697194744,1697195270,465),(5848,1697194818,1697194820,468),(5849,1697195283,1697195287,465),(5850,1697195299,1697195356,465),(5851,1697195299,1697195461,468),(5852,1697195371,1697195680,465),(5853,1697195474,1697195476,468),(5854,1697195576,1697195653,468),(5855,1697195665,1697195689,468),(5856,1697195682,1697195722,465),(5857,1697195747,1697195754,465),(5858,1697195800,1697195801,468),(5859,1697195804,1697195809,468),(5860,1697195810,1697195814,468),(5861,1697195874,1697195878,465),(5862,1697195900,1697195958,465),(5863,1697196233,1697197181,465),(5864,1697196798,1697197260,468),(5865,1697197203,1697197216,465),(5866,1697197219,1697197221,465),(5867,1697197228,1697197230,465),(5868,1697197267,1697197270,468),(5869,1697197272,1697197276,468),(5870,1697197278,1697197299,468),(5871,1697197365,1697197386,468),(5872,1697197390,1697197395,468),(5873,1697197675,1697197790,468),(5874,1697198609,1697199488,468),(5875,1697199603,1697199880,468),(5876,1697199632,1697199686,465),(5877,1697199690,1697199734,465),(5878,1697205966,1697701621,468),(5879,1697212350,1697802209,380),(5880,1697214711,1697214757,NULL),(5881,1697214758,1697214759,NULL),(5882,1697214761,1697214761,NULL),(5883,1697214762,1697214763,NULL),(5884,1697214843,1697214899,NULL),(5885,1697214910,1697214925,NULL),(5886,1697214927,1697214942,NULL),(5887,1697214944,1697214978,NULL),(5888,1697215031,1697215036,NULL),(5889,1697215615,1697215616,NULL),(5890,1697215623,1697215624,NULL),(5891,1697224156,1697224157,NULL),(5892,1697224157,1697329114,NULL),(5893,1697381066,0,460),(5894,1697420945,1697436056,465),(5895,1697441140,1697441158,465),(5896,1697456009,1697456627,474),(5897,1697456875,1697459374,474),(5898,1697458572,1697458621,106),(5899,1697458671,1697459821,106),(5900,1697459378,1697461844,474),(5901,1697459947,1697459988,106),(5902,1697460013,1697460084,106),(5903,1697462155,1697462741,474),(5904,1697462661,1697462783,106),(5905,1697462894,1697463070,106),(5906,1697463222,1697463787,106),(5907,1697463552,1697465272,474),(5908,1697464848,1697513839,106),(5909,1697465277,1697465305,474),(5910,1697465311,1697466018,474),(5911,1697466037,1697466112,474),(5912,1697472656,1697472699,474),(5913,1697472778,1697472945,474),(5914,1697472954,1697473020,474),(5915,1697514352,1697514674,106),(5916,1697515082,1697516182,106),(5917,1697515677,1697515678,474),(5918,1697515790,1697517482,474),(5919,1697517156,1697518889,106),(5920,1697517835,1697517986,474),(5921,1697518025,1697518055,474),(5922,1697518512,1697518537,474),(5923,1697518538,1697518557,474),(5924,1697518599,1697518601,474),(5925,1697518706,1697518843,474),(5926,1697518844,1697519694,474),(5927,1697519455,1697521496,106),(5928,1697519949,1697520698,474),(5929,1697520791,1697521590,474),(5930,1697521731,1697521917,106),(5931,1697521860,1697522612,474),(5932,1697521994,1697522367,106),(5933,1697522675,1697522951,474),(5934,1697522682,1697523252,106),(5935,1697523051,1697523401,474),(5936,1697523315,1697523488,106),(5937,1697523510,1697523573,474),(5938,1697523771,1697523880,106),(5939,1697523942,1697523943,474),(5940,1697523949,1697524274,474),(5941,1697524536,1697530050,474),(5942,1697524667,1697524845,106),(5943,1697524883,1697524884,475),(5944,1697524888,1697525636,475),(5945,1697524952,1697525187,106),(5946,1697525319,1697525721,106),(5947,1697525724,1697525878,475),(5948,1697526096,1697526443,106),(5949,1697526782,1697526784,475),(5950,1697527121,1697527145,475),(5951,1697527356,1697527802,106),(5952,1697527649,1697528038,475),(5953,1697527822,1697527826,106),(5954,1697527963,0,106),(5955,1697528039,1697528039,475),(5956,1697528298,1697528580,495),(5957,1697528302,1697528597,NULL),(5958,1697528603,1697528612,495),(5959,1697529094,1697529561,496),(5960,1697529109,0,NULL),(5961,1697529184,1697529242,465),(5962,1697529860,0,494),(5963,1697530603,1697531239,474),(5964,1697531416,1697531419,474),(5965,1697532018,1697532027,474),(5966,1697532277,1697532381,474),(5967,1697533153,1697533155,474),(5968,1697533163,1697535777,465),(5969,1697533293,1697533417,497),(5970,1697534020,1697534022,474),(5971,1697534243,1697534676,498),(5972,1697534677,1697534679,498),(5973,1697535115,1697535116,499),(5974,1697535443,1697536409,499),(5975,1697537651,1697538298,499),(5976,1697538023,1697538045,465),(5977,1697538049,1697538054,465),(5978,1697538094,1697538098,465),(5979,1697538103,1697538103,465),(5980,1697538106,1697538111,465),(5981,1697538115,1697538116,465),(5982,1697538118,1697538122,465),(5983,1697538128,1697538135,465),(5984,1697538141,1697538197,465),(5985,1697538201,1697538202,465),(5986,1697538212,1697540611,465),(5987,1697538720,1697538726,499),(5988,1697538791,1697604111,499),(5989,1697540882,1697540924,465),(5990,1697540944,1697540951,465),(5991,1697540953,1697540960,465),(5992,1697540967,1697540973,465),(5993,1697540975,1697540988,465),(5994,1697540992,1697541026,465),(5995,1697541031,1697541033,465),(5996,1697541035,1697541143,465),(5997,1697541154,1697541157,465),(5998,1697541160,1697541166,465),(5999,1697541169,1697541173,465),(6000,1697541417,1697541421,465),(6001,1697541423,1697541431,465),(6002,1697541438,1697541467,465),(6003,1697541478,1697541482,465),(6004,1697541488,1697543622,465),(6005,1697543714,1697543968,465),(6006,1697544098,1697544150,81),(6007,1697544348,1697544947,81),(6008,1697545059,1697545802,81),(6009,1697548466,1697548468,81),(6010,1697548606,1697548607,81),(6011,1697548614,1697548614,81),(6012,1697548616,1697548620,81),(6013,1697548624,1697548624,81),(6014,1697548626,1697548631,81),(6015,1697548636,1697548638,81),(6016,1697548709,1697548799,81),(6017,1697548801,1697548802,81),(6018,1697548805,1697548808,81),(6019,1697548810,1697548815,81),(6020,1697548819,1697548963,81),(6021,1697549254,1697549263,81),(6022,1697549860,1697549862,81),(6023,1697549977,1697549977,81),(6024,1697549982,1697550021,81),(6025,1697550022,1697550026,81),(6026,1697550043,1697550165,81),(6027,1697550189,1697550207,81),(6028,1697550210,1697550223,81),(6029,1697550223,1697550229,81),(6030,1697550383,1697550423,81),(6031,1697550448,1697550449,81),(6032,1697550450,1697550452,81),(6033,1697550456,1697550458,81),(6034,1697550458,1697550461,81),(6035,1697550488,1697550489,81),(6036,1697550490,1697550490,81),(6037,1697550494,1697550495,81),(6038,1697550541,1697550545,81),(6039,1697550546,1697550550,81),(6040,1697550559,1697550565,81),(6041,1697550565,1697550569,81),(6042,1697550596,1697550605,81),(6043,1697550605,1697550771,81),(6044,1697551128,1697551782,500),(6045,1697552205,1697552207,500),(6046,1697552210,0,500),(6047,1697552469,1697552548,81),(6048,1697553359,1697554148,483),(6049,1697553488,1697553518,488),(6050,1697553537,1697553562,488),(6051,1697553610,1697553611,488),(6052,1697553613,1697553618,488),(6053,1697553621,1697553648,488),(6054,1697553672,1697553698,488),(6055,1697553709,1697553781,488),(6056,1697553845,1697553913,488),(6057,1697553967,1697554012,488),(6058,1697554056,1697786684,488),(6059,1697554242,1697554260,483),(6060,1697554352,1697554362,483),(6061,1697554499,1697554503,483),(6062,1697554514,1697554516,483),(6063,1697554555,1697554585,483),(6064,1697554596,1697554600,483),(6065,1697554683,1697556608,483),(6066,1697557139,1697573875,483),(6067,1697573880,1697573910,483),(6068,1697574062,1697574064,483),(6069,1697594291,1697595047,81),(6070,1697595536,1697595843,81),(6071,1697596013,1697596168,81),(6072,1697596298,1697597330,81),(6073,1697597118,1697597263,465),(6074,1697599608,1697599989,81),(6075,1697601032,1697601093,81),(6076,1697601313,1697603317,81),(6077,1697603424,1697603649,81),(6078,1697604192,1697606316,499),(6079,1697604205,1697604446,81),(6080,1697605175,1697605919,504),(6081,1697606026,1697606030,504),(6082,1697606049,1697606054,504),(6083,1697606060,1697606064,504),(6084,1697606069,1697606078,504),(6085,1697606483,1697606618,499),(6086,1697606734,1697606987,499),(6087,1697607118,1697607177,81),(6088,1697607280,1697607362,81),(6089,1697607475,1697607687,81),(6090,1697607611,1697607890,504),(6091,1697607920,1697607920,81),(6092,1697607920,1697607921,81),(6093,1697607921,1697607921,81),(6094,1697607921,1697607922,81),(6095,1697607922,1697607922,81),(6096,1697607922,1697607922,81),(6097,1697607922,1697607923,81),(6098,1697607923,1697607923,81),(6099,1697607923,1697607923,81),(6100,1697607924,1697607924,81),(6101,1697607924,1697607924,81),(6102,1697607924,1697607924,81),(6103,1697607925,1697607925,81),(6104,1697607925,1697607925,81),(6105,1697607925,1697607925,81),(6106,1697607925,1697607926,81),(6107,1697607926,1697607926,81),(6108,1697607926,1697607926,81),(6109,1697607926,1697607926,81),(6110,1697607927,1697607927,81),(6111,1697607927,1697607927,81),(6112,1697607927,1697607927,81),(6113,1697607927,1697607928,81),(6114,1697607928,1697607928,81),(6115,1697607928,1697607928,81),(6116,1697607929,1697607929,81),(6117,1697607929,1697607929,81),(6118,1697607929,1697607930,81),(6119,1697607930,1697607930,81),(6120,1697607930,1697607930,81),(6121,1697607931,1697607931,81),(6122,1697607931,1697607931,81),(6123,1697607931,1697607931,81),(6124,1697607932,1697607932,81),(6125,1697607932,1697607932,81),(6126,1697607932,1697607932,81),(6127,1697607932,1697607932,81),(6128,1697607933,1697607933,81),(6129,1697607933,1697607933,81),(6130,1697607933,1697607933,81),(6131,1697607934,1697607934,81),(6132,1697607934,1697607934,81),(6133,1697607934,1697607934,81),(6134,1697607935,1697607935,81),(6135,1697607935,1697607935,81),(6136,1697607935,1697607935,81),(6137,1697607936,1697607936,81),(6138,1697607936,1697607936,81),(6139,1697607936,1697607936,81),(6140,1697607937,1697607937,81),(6141,1697607937,1697607937,81),(6142,1697607937,1697607938,81),(6143,1697607938,1697607938,81),(6144,1697607939,1697607939,81),(6145,1697607939,1697607939,81),(6146,1697607939,1697607940,81),(6147,1697607940,1697607940,81),(6148,1697607940,1697607941,81),(6149,1697607941,1697607941,81),(6150,1697607941,1697607941,81),(6151,1697607941,1697607942,81),(6152,1697607942,1697607942,81),(6153,1697607942,1697607943,81),(6154,1697607943,1697607943,81),(6155,1697607943,1697607944,81),(6156,1697607944,1697607944,81),(6157,1697607944,1697607944,81),(6158,1697607944,1697607944,81),(6159,1697607944,1697607945,81),(6160,1697607945,1697607961,81),(6161,1697608140,1697608291,81),(6162,1697608258,1698082218,504),(6163,1697608505,1697611288,81),(6164,1697611433,1697611716,81),(6165,1697612671,1697697936,81),(6166,1697629371,1697629973,465),(6167,1697630045,1697631049,465),(6168,1697631183,1697631430,465),(6169,1697631970,1697632170,499),(6170,1697632583,1697632613,499),(6171,1697632617,1697632621,499),(6172,1697632625,1697632629,499),(6173,1697632632,1697632637,499),(6174,1697632643,1697632692,499),(6175,1697632701,1697632904,499),(6176,1697632909,1697633152,499),(6177,1697633179,1697633871,499),(6178,1697634046,1697634703,499),(6179,1697634705,1697634750,499),(6180,1697684865,1697684951,499),(6181,1697685894,1697686272,499),(6182,1697697405,1697697407,479),(6183,1697697437,1697697442,479),(6184,1697697443,1697697463,479),(6185,1697697502,1697697508,479),(6186,1697697524,1697697530,479),(6187,1697697540,1697697559,479),(6188,1697697560,0,479),(6189,1697697560,1697697562,479),(6190,1697697562,1697697646,479),(6191,1697697794,1698075487,499),(6192,1697697942,1697698571,81),(6193,1697698171,1697698202,479),(6194,1697698204,1697698225,479),(6195,1697698260,1697698303,479),(6196,1697698736,1697698775,479),(6197,1697698832,1697698840,479),(6198,1697699136,1697700843,81),(6199,1697699245,1697699470,479),(6200,1697699827,1697699928,479),(6201,1697699932,1697699943,479),(6202,1697699969,1697700010,479),(6203,1697700364,1697700382,479),(6204,1697700386,1697700387,479),(6205,1697700397,1697700405,479),(6206,1697700408,1697700409,479),(6207,1697700436,1697700467,479),(6208,1697700514,1697700638,479),(6209,1697700640,1697700654,479),(6210,1697700704,1697700711,479),(6211,1697700714,1697700716,479),(6212,1697700717,1697701322,479),(6213,1697700844,1697700970,81),(6214,1697701047,1697701053,81),(6215,1697701133,1697701190,81),(6216,1697701390,1697701449,81),(6217,1697701450,1697708409,81),(6218,1697702592,1697702609,505),(6219,1697702679,1697702682,505),(6220,1697702694,1697702751,505),(6221,1697703339,0,505),(6222,1697703339,1697703370,505),(6223,1697703445,0,505),(6224,1697703445,1697703476,505),(6225,1697703511,0,505),(6226,1697703511,1697703534,505),(6227,1697704500,0,505),(6228,1697704500,1697704541,505),(6229,1697704546,1697704546,505),(6230,1697704550,1697704550,505),(6231,1697704561,0,505),(6232,1697704561,1697704580,505),(6233,1697704580,1697704868,505),(6234,1697704868,1697704879,505),(6235,1697704885,0,505),(6236,1697704885,1697704897,505),(6237,1697704926,0,505),(6238,1697704926,1697704948,505),(6239,1697704959,1697704966,505),(6240,1697704971,1697704974,505),(6241,1697704977,1697704980,505),(6242,1697704983,1697704986,505),(6243,1697704992,1697705001,505),(6244,1697705040,0,505),(6245,1697705040,1697706285,505),(6246,1697707050,1697707053,505),(6247,1697707236,1697707443,505),(6248,1697707489,1697707489,505),(6249,1697707495,0,505),(6250,1697707495,1697707554,505),(6251,1697707667,1697707737,505),(6252,1697707743,1697707746,505),(6253,1697707756,1697707769,505),(6254,1697707790,1697707790,505),(6255,1697707794,1697707802,505),(6256,1697707805,1697707809,505),(6257,1697707813,1697707826,505),(6258,1697707828,1697707832,505),(6259,1697707890,1697707903,505),(6260,1697707987,1697708083,505),(6261,1697708092,0,505),(6262,1697708092,0,505),(6263,1697708092,0,505),(6264,1697708092,1697708094,505),(6265,1697708141,1697708228,505),(6266,1697708238,1697709482,505),(6267,1697708611,1697708694,507),(6268,1697708733,1697709038,507),(6269,1697708826,1697708829,508),(6270,1697708860,1697708889,508),(6271,1697708894,0,508),(6272,1697708894,1697709302,508),(6273,1697709311,0,508),(6274,1697709311,1697710170,508),(6275,1697709499,1697709503,505),(6276,1697709508,1697709510,505),(6277,1697709514,1697709517,505),(6278,1697709522,1697709533,505),(6279,1697709539,1697709548,505),(6280,1697709619,1697709628,505),(6281,1697709654,1697711042,505),(6282,1697710055,1697780952,507),(6283,1697710183,0,508),(6284,1697710183,1697710192,508),(6285,1697710196,1697710199,508),(6286,1697710202,1697710205,508),(6287,1697710207,1697710209,508),(6288,1697710212,1697710215,508),(6289,1697710218,1697710219,508),(6290,1697710222,1697710230,508),(6291,1697710521,0,508),(6292,1697710521,1697710523,508),(6293,1697710530,1697710827,508),(6294,1697711152,1697711154,508),(6295,1697711201,1697711235,505),(6296,1697711258,1697711259,508),(6297,1697711264,1697711264,508),(6298,1697711268,1697711271,508),(6299,1697711273,1697711275,508),(6300,1697711277,1697711279,508),(6301,1697711286,1697711298,508),(6302,1697711307,0,508),(6303,1697711307,0,508),(6304,1697711400,1697711431,505),(6305,1697711470,1697711700,505),(6306,1697711502,1697711503,81),(6307,1697711768,1697711808,505),(6308,1697711880,1697711922,505),(6309,1697711978,1697712997,505),(6310,1697712021,1697712041,81),(6311,1697712043,1697712059,81),(6312,1697712061,1697712199,81),(6313,1697712754,1697713332,81),(6314,1697713150,1697713684,505),(6315,1697713343,1697713460,81),(6316,1697713501,1697713527,81),(6317,1697713539,1697713553,81),(6318,1697713649,1697713865,81),(6319,1697713822,1697714000,505),(6320,1697713970,1697714061,81),(6321,1697714188,1697714222,81),(6322,1697714248,1697714269,81),(6323,1697714272,1697714335,81),(6324,1697714400,1697714491,81),(6325,1697714506,1697714581,81),(6326,1697714586,1697714593,81),(6327,1697714599,1697714616,81),(6328,1697714618,1697714709,81),(6329,1697714712,1697714743,81),(6330,1697714748,1697714763,81),(6331,1697714764,1697714779,81),(6332,1697714784,1697714806,81),(6333,1697714815,1697714826,81),(6334,1697714832,1697714867,81),(6335,1697714903,1697714906,81),(6336,1697714906,1697714909,81),(6337,1697714926,1697714932,81),(6338,1697714935,1697714936,81),(6339,1697714967,1697714971,81),(6340,1697714976,1697715021,81),(6341,1697715872,1697715876,81),(6342,1697716201,1697716828,474),(6343,1697716341,1697716348,81),(6344,1697716365,1697716374,81),(6345,1697716375,1697716376,81),(6346,1697716385,1697716404,81),(6347,1697716406,1697716418,81),(6348,1697716420,1697716699,81),(6349,1697716714,1697716718,81),(6350,1697716885,1697716979,81),(6351,1697716945,1697717676,474),(6352,1697716993,0,81),(6353,1697716993,1697717096,81),(6354,1697717099,0,81),(6355,1697717099,1697717120,81),(6356,1697717123,0,81),(6357,1697717123,1697717206,81),(6358,1697717219,1697717223,81),(6359,1697717224,1697717270,81),(6360,1697717286,1697717407,81),(6361,1697717425,1697717439,81),(6362,1697717442,1697717453,81),(6363,1697717471,1697717483,81),(6364,1697717687,1697718021,474),(6365,1697717733,1697717926,468),(6366,1697717902,1697718425,81),(6367,1697717945,1697717962,468),(6368,1697717967,1697718012,468),(6369,1697718053,1697718065,474),(6370,1697718076,1697718079,474),(6371,1697718089,1697718091,474),(6372,1697718095,1697718105,474),(6373,1697718157,1697718202,468),(6374,1697718374,1697719174,474),(6375,1697718390,0,468),(6376,1697718390,0,468),(6377,1697718390,1697718392,468),(6378,1697718511,1697718514,81),(6379,1697718534,1697718535,81),(6380,1697718653,1697718668,81),(6381,1697719107,1697719532,81),(6382,1697719236,1697785362,474),(6383,1697719474,0,468),(6384,1697719474,0,468),(6385,1697719474,1697719475,468),(6386,1697719739,1697720385,81),(6387,1697720573,1697721317,81),(6388,1697720620,1697720624,468),(6389,1697720636,1697720638,468),(6390,1697720639,1697720641,468),(6391,1697720664,1697720667,468),(6392,1697720670,1697772992,468),(6393,1697745751,1697745758,505),(6394,1697745854,1697745862,505),(6395,1697745865,1697745868,505),(6396,1697745874,1697745877,505),(6397,1697745880,1697745888,505),(6398,1697745904,1697745954,505),(6399,1697773634,1697775632,468),(6400,1697776638,1697780057,81),(6401,1697781294,1697781509,507),(6402,1697781618,1697781901,81),(6403,1697782624,1697782657,505),(6404,1697782760,1697782761,479),(6405,1697782844,1697782893,479),(6406,1697783785,1697783869,479),(6407,1697783923,1697783966,479),(6408,1697783973,1697783974,479),(6409,1697784000,1697784054,479),(6410,1697784134,1697784322,479),(6411,1697784324,1697786473,479),(6412,1697784933,1697785260,81),(6413,1697785474,1698231463,474),(6414,1697785838,1697786187,468),(6415,1697786337,1697786362,507),(6416,1697786379,1697786383,507),(6417,1697786386,1697786390,507),(6418,1697786392,1697786397,507),(6419,1697786404,1697786430,507),(6420,1697786547,1697786554,505),(6421,1697786596,1697786598,505),(6422,1697786602,1697786605,505),(6423,1697786608,1697786612,505),(6424,1697786616,1697786619,505),(6425,1697786625,1697786633,505),(6426,1697786660,0,505),(6427,1697786660,1697786661,505),(6428,1697786689,1697786744,488),(6429,1697786690,1697786690,505),(6430,1697786691,0,505),(6431,1697786691,0,505),(6432,1697786931,0,488),(6433,1697786949,1697786950,479),(6434,1697786976,1697786980,479),(6435,1697786986,1697787005,479),(6436,1697787037,1697787071,479),(6437,1697787121,1697787131,479),(6438,1697787167,1697787647,479),(6439,1697787281,1697787426,507),(6440,1697787572,1698070876,507),(6441,1697787654,1697787685,479),(6442,1697787748,1697787782,479),(6443,1697787983,1697796532,469),(6444,1697789554,1697789556,479),(6445,1697789559,1697789561,479),(6446,1697792239,1697792241,479),(6447,1697794125,1697794155,479),(6448,1697794176,1697794230,479),(6449,1697794234,1697794245,479),(6450,1697794255,1697794261,479),(6451,1697794263,1697794296,479),(6452,1697794308,1697794319,479),(6453,1697794328,1697794351,479),(6454,1697794370,1697794438,479),(6455,1697794440,1697794449,479),(6456,1697794469,1697794522,479),(6457,1697794641,1697794644,479),(6458,1697794707,1697794783,468),(6459,1697797589,1697797591,468),(6460,1697797592,1697797594,468),(6461,1697797614,1697797778,468),(6462,1697797721,1697797731,81),(6463,1697797778,1697797780,468),(6464,1697797781,1697797786,468),(6465,1697797874,1697797875,81),(6466,1697798247,1697798591,81),(6467,1697798623,1697798625,81),(6468,1697798680,1697798698,81),(6469,1697798704,1697798714,81),(6470,1697798740,1697798780,81),(6471,1697798798,1697798825,81),(6472,1697802432,1697802438,380),(6473,1697802450,1697802504,380),(6474,1697802522,0,380),(6475,1697802522,1698236503,380),(6476,1697809860,0,469),(6477,1697810052,0,212),(6478,1697810116,1697811281,215),(6479,1697833956,1697834225,478),(6480,1697836208,1697836237,487),(6481,1697836218,1697836232,NULL),(6482,1697836233,0,NULL),(6483,1697836245,1697836416,487),(6484,1697836417,1697836523,487),(6485,1697836569,1697836588,511),(6486,1697836749,0,511),(6487,1697836749,1697837138,511),(6488,1697837038,1697837056,487),(6489,1697837138,1697837188,511),(6490,1697837193,1697837441,487),(6491,1697837314,1697837316,479),(6492,1697837480,1697837480,487),(6493,1697837522,1697837522,487),(6494,1697837527,1697837528,479),(6495,1697837532,1697837927,479),(6496,1697837636,1697837636,487),(6497,1697837674,1697837675,487),(6498,1697837928,1697838036,479),(6499,1697838011,1697838012,487),(6500,1697838044,1697838046,479),(6501,1697838069,1697838121,479),(6502,1697838150,1697838235,479),(6503,1697838150,1697838557,487),(6504,1697838256,1697838268,479),(6505,1697838270,1697838280,479),(6506,1697838301,1697838325,479),(6507,1697838369,1697838557,479),(6508,1697838633,1697838671,479),(6509,1697838642,1697838642,487),(6510,1697838704,1697838923,479),(6511,1697838812,1697838862,487),(6512,1697838883,1697838990,487),(6513,1697838969,1697838975,479),(6514,1697838990,1697838999,479),(6515,1697838990,1697838993,487),(6516,1697838995,1697839009,487),(6517,1697839017,1697839023,487),(6518,1697839024,1697839122,487),(6519,1697839050,1697839052,479),(6520,1697839129,1697888419,479),(6521,1697839136,1697839191,487),(6522,1697839202,1697839211,487),(6523,1697839211,1698093370,487),(6524,1697871309,1698043539,81),(6525,1697888421,1697888506,479),(6526,1697888894,1697888895,479),(6527,1697892395,1698081619,483),(6528,1697909950,1697909952,479),(6529,1697911108,1697911115,479),(6530,1697911119,1697911122,479),(6531,1697911128,1697911142,479),(6532,1698007426,1698007429,512),(6533,1698007440,1698007451,512),(6534,1698007454,1698007459,512),(6535,1698007496,1698007591,512),(6536,1698007541,1698007555,479),(6537,1698007556,1698007562,479),(6538,1698007563,1698035082,479),(6539,1698007648,0,512),(6540,1698007648,1698007743,512),(6541,1698007747,0,512),(6542,1698007747,1698007762,512),(6543,1698007762,1698007836,512),(6544,1698038650,1698055995,479),(6545,1698046222,1698053712,81),(6546,1698053714,1698053719,81),(6547,1698053721,1698053722,81),(6548,1698053879,1698053997,81),(6549,1698054006,1698054019,81),(6550,1698054026,1698054027,81),(6551,1698054036,1698054040,81),(6552,1698054046,1698054054,81),(6553,1698054093,1698054096,81),(6554,1698054124,1698054126,81),(6555,1698054135,1698054176,81),(6556,1698054185,1698054190,81),(6557,1698054197,1698054227,81),(6558,1698054229,1698054354,81),(6559,1698054356,1698054406,81),(6560,1698054408,1698054428,81),(6561,1698054449,1698054449,81),(6562,1698054455,1698054475,81),(6563,1698054484,1698054496,81),(6564,1698054664,1698054667,81),(6565,1698054672,1698054675,81),(6566,1698054708,1698054711,81),(6567,1698054716,1698054719,81),(6568,1698054722,1698054725,81),(6569,1698054729,1698054817,81),(6570,1698054822,1698054823,81),(6571,1698054824,1698054827,81),(6572,1698054837,1698054838,81),(6573,1698054839,1698054842,81),(6574,1698054849,1698054849,81),(6575,1698054850,1698054960,81),(6576,1698054978,1698054987,81),(6577,1698054993,1698055002,81),(6578,1698055011,1698055017,81),(6579,1698055112,1698055114,81),(6580,1698055132,1698055395,81),(6581,1698055404,1698055405,81),(6582,1698055418,1698055419,81),(6583,1698055434,1698055514,81),(6584,1698055529,1698055584,81),(6585,1698055595,1698055674,81),(6586,1698055678,1698055679,81),(6587,1698055720,1698055726,81),(6588,1698055731,1698055836,81),(6589,1698055838,1698055838,81),(6590,1698055839,1698055840,81),(6591,1698055841,1698055841,81),(6592,1698055999,1698056698,470),(6593,1698056003,1698056012,479),(6594,1698056046,1698056105,479),(6595,1698056520,1698056533,479),(6596,1698056739,1698057004,470),(6597,1698061039,1698061046,515),(6598,1698061046,1698061050,515),(6599,1698061057,1698061066,515),(6600,1698061073,1698061080,515),(6601,1698061087,1698061383,515),(6602,1698061825,1698061840,515),(6603,1698061841,1698061847,515),(6604,1698064174,1698064257,479),(6605,1698064370,1698064372,479),(6606,1698064489,1698064492,479),(6607,1698064504,1698064515,479),(6608,1698065416,1698066161,479),(6609,1698065795,1698065807,515),(6610,1698065807,1698065812,515),(6611,1698065830,1698065848,515),(6612,1698065865,1698065867,515),(6613,1698065872,1698065876,515),(6614,1698065902,1698065906,515),(6615,1698065920,1698065933,515),(6616,1698066053,0,515),(6617,1698066053,1698066065,515),(6618,1698066077,1698066088,515),(6619,1698066104,1698066113,515),(6620,1698066188,1698066198,479),(6621,1698066208,1698066240,479),(6622,1698066236,1698066248,515),(6623,1698066262,1698066339,515),(6624,1698066340,1698066361,515),(6625,1698066357,1698066399,479),(6626,1698066384,1698066417,515),(6627,1698066419,1698066430,515),(6628,1698066431,1698066451,515),(6629,1698066460,1698066590,515),(6630,1698066492,1698066587,479),(6631,1698066594,1698066599,515),(6632,1698066602,1698066604,515),(6633,1698066732,1698066742,515),(6634,1698066744,1698066780,515),(6635,1698066835,1698066856,479),(6636,1698066898,1698066943,515),(6637,1698066963,1698066964,515),(6638,1698067071,1698067076,479),(6639,1698067166,1698067172,479),(6640,1698067737,1698067739,515),(6641,1698067743,1698067752,515),(6642,1698067756,1698067757,515),(6643,1698067759,1698069760,515),(6644,1698068030,1698068046,479),(6645,1698068174,1698068228,215),(6646,1698068262,1698068819,81),(6647,1698068330,1698068337,479),(6648,1698068984,1698069456,81),(6649,1698069474,1698069480,81),(6650,1698069761,1698069767,515),(6651,1698069901,1698069957,515),(6652,1698069959,1698069986,515),(6653,1698069988,1698070041,515),(6654,1698070042,1698070044,515),(6655,1698070048,1698070161,515),(6656,1698070168,1698070172,515),(6657,1698070184,1698070253,515),(6658,1698070254,1698070323,515),(6659,1698070324,1698070356,515),(6660,1698070358,1698070387,515),(6661,1698070441,1698070487,515),(6662,1698070544,1698070559,515),(6663,1698070561,1698070576,515),(6664,1698070580,1698070595,515),(6665,1698070606,1698070621,515),(6666,1698070653,1698070668,515),(6667,1698070669,1698070677,515),(6668,1698070727,1698070727,515),(6669,1698070728,1698070806,515),(6670,1698070762,1698070820,81),(6671,1698070806,1698070819,515),(6672,1698070836,1698070920,515),(6673,1698070886,1698070890,507),(6674,1698070895,1698070898,507),(6675,1698070902,1698070909,507),(6676,1698070914,1698070920,507),(6677,1698070922,1698070984,515),(6678,1698070928,1698070938,507),(6679,1698070998,1698071000,515),(6680,1698071002,1698071415,515),(6681,1698071119,1698071124,507),(6682,1698071136,1698071149,507),(6683,1698071239,1698076147,507),(6684,1698071334,1698071339,479),(6685,1698071485,1698071500,515),(6686,1698071599,1698071627,479),(6687,1698071631,1698071647,479),(6688,1698071653,1698071668,479),(6689,1698071672,1698071674,479),(6690,1698071689,1698071694,515),(6691,1698071916,1698072023,479),(6692,1698072027,1698072201,479),(6693,1698072251,1698072266,479),(6694,1698072331,1698072342,479),(6695,1698072429,1698072469,479),(6696,1698072494,1698072509,479),(6697,1698072783,1698072938,479),(6698,1698073052,0,479),(6699,1698073052,0,479),(6700,1698073052,0,479),(6701,1698073052,0,479),(6702,1698073052,1698073057,479),(6703,1698073063,1698073109,479),(6704,1698073221,1698073490,479),(6705,1698073546,1698073668,479),(6706,1698073688,1698073738,479),(6707,1698073832,1698073843,479),(6708,1698073846,1698073977,479),(6709,1698074065,1698074097,479),(6710,1698074264,1698074486,479),(6711,1698074509,1698074749,479),(6712,1698074753,1698074799,479),(6713,1698074825,1698075047,479),(6714,1698075085,1698075136,479),(6715,1698075487,1698075569,499),(6716,1698075680,1698075732,479),(6717,1698075848,1698076090,499),(6718,1698076200,1698076207,507),(6719,1698076215,1698076223,507),(6720,1698076229,1698076237,507),(6721,1698076247,1698076350,499),(6722,1698076310,1698076340,507),(6723,1698076340,1698076343,507),(6724,1698076343,1698076348,507),(6725,1698076348,1698076351,507),(6726,1698076356,0,507),(6727,1698076356,1698076362,507),(6728,1698076362,1698076371,507),(6729,1698076371,1698076379,507),(6730,1698076379,1698076448,507),(6731,1698076506,1698076552,507),(6732,1698076560,1698076566,507),(6733,1698076574,1698076581,507),(6734,1698076587,1698076596,507),(6735,1698076611,1698076639,507),(6736,1698076650,1698076655,507),(6737,1698076662,1698076670,507),(6738,1698076676,1698076684,507),(6739,1698076753,1698079865,507),(6740,1698076859,1698076924,499),(6741,1698076993,1698077034,499),(6742,1698077039,1698077043,499),(6743,1698077072,1698077237,499),(6744,1698077153,1698077154,518),(6745,1698077234,0,518),(6746,1698077257,1698077300,499),(6747,1698077338,1698077355,499),(6748,1698077391,1698077426,499),(6749,1698077451,1698077909,499),(6750,1698077926,1698078098,499),(6751,1698078100,1698078102,499),(6752,1698078104,1698078106,499),(6753,1698078567,0,479),(6754,1698078567,1698078583,479),(6755,1698078608,1698078635,479),(6756,1698078719,1698078849,499),(6757,1698078852,1698078862,499),(6758,1698078903,1698078957,519),(6759,1698078943,1698079245,499),(6760,1698078962,1698078967,519),(6761,1698078972,1698078975,519),(6762,1698079003,1698079006,519),(6763,1698079018,1698079048,519),(6764,1698079054,0,519),(6765,1698079054,1698079056,519),(6766,1698079064,1698079064,519),(6767,1698079073,0,519),(6768,1698079073,1698079092,519),(6769,1698079101,1698079110,519),(6770,1698079169,0,519),(6771,1698079304,1698079309,499),(6772,1698079312,1698079315,499),(6773,1698079318,1698079320,499),(6774,1698079323,1698079328,499),(6775,1698079409,1698079669,499),(6776,1698079516,1698079520,520),(6777,1698079534,1698079921,520),(6778,1698079685,1698079689,499),(6779,1698079691,1698079694,499),(6780,1698079697,1698079699,499),(6781,1698079702,1698079706,499),(6782,1698079799,1698079861,499),(6783,1698079870,1698079886,507),(6784,1698079899,1698079904,507),(6785,1698079909,1698079912,507),(6786,1698079916,1698079922,507),(6787,1698079927,1698081554,507),(6788,1698079989,1698080011,520),(6789,1698080013,0,520),(6790,1698080013,1698080016,520),(6791,1698080018,0,520),(6792,1698080018,1698080020,520),(6793,1698080023,0,520),(6794,1698080023,1698080025,520),(6795,1698080029,0,520),(6796,1698080029,1698080096,520),(6797,1698080074,1698080074,499),(6798,1698080087,0,499),(6799,1698080087,1698080180,499),(6800,1698080131,0,520),(6801,1698080131,0,520),(6802,1698080131,1698080163,520),(6803,1698080165,0,520),(6804,1698080165,0,520),(6805,1698080165,1698080178,520),(6806,1698080178,1698080209,520),(6807,1698080187,1698080187,499),(6808,1698080244,1698080251,520),(6809,1698080393,0,499),(6810,1698080393,1698080408,499),(6811,1698080452,1698080524,499),(6812,1698080463,1698080471,520),(6813,1698080477,1698080481,520),(6814,1698080484,1698080488,520),(6815,1698080498,1698080501,520),(6816,1698080559,1698080566,499),(6817,1698080571,1698080575,499),(6818,1698080578,1698080584,499),(6819,1698080587,1698080595,499),(6820,1698080690,1698080749,499),(6821,1698080797,0,499),(6822,1698080797,1698080799,499),(6823,1698080836,0,499),(6824,1698080836,1698080844,499),(6825,1698080865,1698080865,499),(6826,1698080869,1698080869,499),(6827,1698080876,0,499),(6828,1698080876,1698080879,499),(6829,1698080879,1698080893,499),(6830,1698080896,0,499),(6831,1698080896,1698080908,499),(6832,1698081012,0,499),(6833,1698081555,1698081567,507),(6834,1698081560,1698081567,520),(6835,1698081595,1698081597,507),(6836,1698081608,1698081616,507),(6837,1698081621,1698081657,483),(6838,1698081622,1698081630,507),(6839,1698081638,1698081642,507),(6840,1698081659,1698081786,507),(6841,1698081679,1698081683,483),(6842,1698081741,1698081742,483),(6843,1698081795,1698081817,483),(6844,1698082078,1698082091,507),(6845,1698082220,1698082224,483),(6846,1698082236,1698082259,504),(6847,1698082255,1698082260,483),(6848,1698082266,1698082271,504),(6849,1698082297,1698082307,504),(6850,1698082317,1698082319,483),(6851,1698082326,1698082338,504),(6852,1698082414,1698082419,483),(6853,1698082421,1698082424,483),(6854,1698082427,1698082429,483),(6855,1698082439,1698082446,483),(6856,1698082491,1698082617,504),(6857,1698082645,0,504),(6858,1698082645,1698082759,504),(6859,1698082769,1698082780,504),(6860,1698082786,1698082798,504),(6861,1698082805,1698082825,504),(6862,1698082829,1698082840,504),(6863,1698083025,1698083314,504),(6864,1698083392,0,504),(6865,1698083392,1698083478,504),(6866,1698083561,0,504),(6867,1698083697,0,507),(6868,1698083848,1698083857,521),(6869,1698083882,1698083891,521),(6870,1698083922,1698083932,521),(6871,1698083937,1698083967,521),(6872,1698083984,1698083987,521),(6873,1698083999,1698084084,521),(6874,1698084352,0,521),(6875,1698084352,1698084354,521),(6876,1698084354,1698084363,521),(6877,1698084419,0,521),(6878,1698084419,1698084513,521),(6879,1698084548,1698084594,521),(6880,1698084612,1698084642,521),(6881,1698084654,1698084672,521),(6882,1698084702,1698084743,521),(6883,1698084746,1698084761,521),(6884,1698084769,1698084782,521),(6885,1698084784,1698084792,521),(6886,1698084823,1698084846,521),(6887,1698084883,1698084903,521),(6888,1698084937,1698084952,521),(6889,1698084954,1698084969,521),(6890,1698084976,1698084980,521),(6891,1698085009,1698085160,521),(6892,1698085065,1698085069,483),(6893,1698085072,1698085085,483),(6894,1698085187,1698085224,483),(6895,1698085276,1698085358,483),(6896,1698085360,0,483),(6897,1698086737,1698086739,522),(6898,1698086781,1698086800,522),(6899,1698086802,1698086806,522),(6900,1698086808,1698086812,522),(6901,1698086815,1698086818,522),(6902,1698086820,1698086826,522),(6903,1698086894,1698086917,522),(6904,1698086925,0,522),(6905,1698086925,1698086930,522),(6906,1698086946,0,522),(6907,1698086946,1698086950,522),(6908,1698086963,0,522),(6909,1698086963,1698086966,522),(6910,1698086977,0,522),(6911,1698086977,1698087007,522),(6912,1698087029,0,522),(6913,1698087029,0,522),(6914,1698087029,0,522),(6915,1698093350,1698093367,517),(6916,1698093376,1698093379,517),(6917,1698093387,1698093387,487),(6918,1698093388,1698093391,517),(6919,1698093403,1698093404,517),(6920,1698093406,1698093408,517),(6921,1698093419,1698093428,517),(6922,1698093432,1698093722,517),(6923,1698093669,0,487),(6924,1698093850,1698094029,517),(6925,1698094029,1698094034,517),(6926,1698094037,1698094037,517),(6927,1698094038,1698094039,517),(6928,1698094139,1698095276,517),(6929,1698094149,1698094151,523),(6930,1698094159,1698094168,523),(6931,1698094181,1698094199,523),(6932,1698094204,1698094212,523),(6933,1698094215,1698094223,523),(6934,1698094226,1698094232,523),(6935,1698094436,1698094930,523),(6936,1698095311,1698103368,517),(6937,1698103379,1698103382,517),(6938,1698103384,1698103385,517),(6939,1698103400,1698103401,517),(6940,1698104566,1698106129,517),(6941,1698106131,1698106131,517),(6942,1698106133,1698106134,517),(6943,1698106135,1698106136,517),(6944,1698106137,1698116725,517),(6945,1698116727,1698116728,517),(6946,1698116729,1698116730,517),(6947,1698116732,1698116732,517),(6948,1698118384,1698118603,478),(6949,1698118611,1698118688,478),(6950,1698118688,1698118689,478),(6951,1698118691,1698118692,478),(6952,1698118695,0,478),(6953,1698168173,1698168208,517),(6954,1698168209,1698168216,517),(6955,1698168218,1698168219,517),(6956,1698168220,1698168240,517),(6957,1698168241,1698168243,517),(6958,1698168243,1698168244,517),(6959,1698168245,1698168247,517),(6960,1698190052,1698190056,517),(6961,1698190400,1698242627,517),(6962,1698198527,1698226706,521),(6963,1698226862,1698227317,521),(6964,1698227604,1698227607,521),(6965,1698228104,1698228117,521),(6966,1698230952,0,521),(6967,1698231517,1698233913,474),(6968,1698237742,1698237746,474),(6969,1698239063,1698239090,474),(6970,1698242643,1698242680,517),(6971,1698242884,1698242884,517),(6972,1698242890,1698242891,517),(6973,1698242915,1698242918,517),(6974,1698242934,1698242968,517),(6975,1698242969,1698242988,517),(6976,1698242989,1698242993,517),(6977,1698243041,1698243042,511),(6978,1698243063,1698243093,511),(6979,1698243236,1698243258,517),(6980,1698243384,1698243385,517),(6981,1698243422,1698243423,517),(6982,1698250132,1698258647,517),(6983,1698259649,1698259653,479),(6984,1698259667,1698259716,479),(6985,1698259716,1698260073,479),(6986,1698260091,0,479),(6987,1698260091,1698260093,479),(6988,1698260392,1698260461,479),(6989,1698260462,1698260503,479),(6990,1698260503,1698260531,479),(6991,1698260534,1698260629,479),(6992,1698260629,1698260632,479),(6993,1698260632,1698260635,479),(6994,1698260636,1698260637,479),(6995,1698260637,1698260638,479),(6996,1698260640,1698260648,479),(6997,1698260649,1698260650,479),(6998,1698260651,1698260652,479),(6999,1698260653,1698298251,479),(7000,1698298251,1698298296,479),(7001,1698298298,1698298300,479),(7002,1698298301,1698298301,479),(7003,1698298305,1698298305,479),(7004,1698350030,1698350035,523),(7005,1698350204,1698350300,479),(7006,1698350365,0,523),(7007,1698350507,1698350508,479),(7008,1698350526,1698350526,479),(7009,1698350531,1698350531,479),(7010,1698350532,1698350535,479),(7011,1698350540,1698350556,479),(7012,1698350602,1698350603,479),(7013,1698350604,1698350605,479),(7014,1698350605,1698350607,479),(7015,1698350655,1698350656,479),(7016,1698350700,1698350710,479),(7017,1698350711,1698350762,479),(7018,1698350764,1698350812,479),(7019,1698350813,1698350823,479),(7020,1698350824,1698350825,479),(7021,1698350834,1698351019,479),(7022,1698351025,1698351026,479),(7023,1698429861,1698430580,479),(7024,1698430690,1698432378,479),(7025,1698539592,1698605801,479),(7026,1698605812,1698605813,479),(7027,1698605916,1698605965,479),(7028,1698605965,1698606214,479),(7029,1698606215,1698606233,479),(7030,1698606251,1698606252,479),(7031,1698606262,1698606262,479),(7032,1698606554,1698606555,479),(7033,1698606560,1698607765,479),(7034,1698612521,1698612522,479),(7035,1698612561,1698612591,479),(7036,1698612639,1698612664,479),(7037,1698612695,1698613944,479),(7038,1698613993,1698614235,479),(7039,1698614471,1698614558,479),(7040,1698615070,1698615148,479),(7041,1698615171,1698617314,479),(7042,1698617335,1698617354,479),(7043,1698617355,1698617367,479),(7044,1698617408,1698636607,479),(7045,1698638734,1698638742,479),(7046,1698638744,1698691214,479),(7047,1698691277,1698691286,479),(7048,1698691288,1698691293,479),(7049,1698691294,1698691322,479),(7050,1698710311,1698710335,479),(7051,1698710366,1698710431,479),(7052,1698713495,1698713499,525),(7053,1698713513,1698713542,525),(7054,1698713543,0,525),(7055,1698774653,0,479),(7056,1698774653,0,479),(7057,1698774653,1698775655,479),(7058,1698775656,1698858205,479),(7059,1698858282,1698858398,479),(7060,1698858401,1698858476,479),(7061,1698858533,1698858591,479),(7062,1698946417,1698946419,527),(7063,1698946432,0,527),(7064,1698946671,1698946676,479),(7065,1698956484,1698956486,528),(7066,1698956508,1698956508,528),(7067,1699045819,0,479),(7068,1699045819,1699045822,479),(7069,1699045827,1699045882,479),(7070,1699046338,1699046338,479),(7071,1699317811,1699317811,479),(7072,1699317814,1699317815,479),(7073,1699332680,0,479),(7074,1699332680,1699332682,479),(7075,1699417167,1699503479,479),(7076,1699419229,1699419254,528),(7077,1699483746,1699483749,529),(7078,1699483759,1699483759,529),(7079,1699503482,0,479),(7080,1699525229,1699525231,530),(7081,1699525260,1699525283,530),(7082,1699525285,1699525290,530),(7083,1699525294,1699525299,530),(7084,1699525302,1699525314,530),(7085,1699525338,1699525405,530),(7086,1699525436,0,530),(7087,1699525436,1699525440,530),(7088,1699525470,0,530),(7089,1699525470,1699525500,530),(7090,1699525502,0,530),(7091,1699525502,1699525525,530),(7092,1699525530,0,530),(7093,1699525530,1699525548,530),(7094,1699525550,0,530),(7095,1699525550,1699525558,530),(7096,1699525634,1699525653,530),(7097,1699525671,0,530),(7098,1699525671,0,530),(7099,1699525671,1699525672,530),(7100,1699525672,1699525682,530),(7101,1699525682,0,530),(7102,1699525682,1699525687,530),(7103,1699525687,1699525692,530),(7104,1699525694,0,530),(7105,1699525694,1699525694,530),(7106,1699525700,1699525700,530),(7107,1699525701,1699525709,530),(7108,1699525715,0,530),(7109,1699525715,1699525715,530),(7110,1699525717,0,530),(7111,1699525717,0,530),(7112,1699525717,1699525847,530),(7113,1699525878,1699525878,530),(7114,1699525878,1699525878,530),(7115,1699526488,0,530),(7116,1699526488,0,530),(7117,1699526488,0,530),(7118,1699526488,1699526966,530),(7119,1699526966,0,530);

--
-- Table structure for table `UserPreferences`
--

CREATE TABLE `UserPreferences` (
  `id` int NOT NULL AUTO_INCREMENT,
  `createdAt` datetime NOT NULL,
  `answer` int DEFAULT NULL,
  `questionId` int DEFAULT NULL,
  `userId` int DEFAULT NULL,
  PRIMARY KEY (`id`),
  KEY `answer` (`answer`),
  KEY `questionId` (`questionId`),
  KEY `userId` (`userId`),
  CONSTRAINT `UserPreferences_ibfk_1` FOREIGN KEY (`answer`) REFERENCES `Choices` (`id`) ON DELETE SET NULL ON UPDATE CASCADE,
  CONSTRAINT `UserPreferences_ibfk_2` FOREIGN KEY (`questionId`) REFERENCES `Questions` (`id`) ON DELETE SET NULL ON UPDATE CASCADE,
  CONSTRAINT `UserPreferences_ibfk_3` FOREIGN KEY (`userId`) REFERENCES `Users` (`id`) ON DELETE SET NULL ON UPDATE CASCADE
) ENGINE=InnoDB AUTO_INCREMENT=200 DEFAULT CHARSET=utf8mb4 COLLATE=utf8mb4_0900_ai_ci;

--
-- Dumping data for table `UserPreferences`
--

INSERT INTO `UserPreferences` VALUES (3,'2023-01-04 13:52:24',3,1,NULL),(4,'2023-01-04 14:36:12',3,1,6),(22,'2023-01-05 20:20:33',28,3,192),(23,'2023-01-05 20:20:41',4,1,192),(38,'2023-01-05 20:30:28',55,10,192),(39,'2023-01-05 20:30:34',67,16,192),(47,'2023-01-06 13:54:00',3,1,50),(48,'2023-01-06 13:55:06',26,3,50),(49,'2023-01-06 13:55:11',38,4,50),(50,'2023-01-06 13:55:13',52,9,50),(51,'2023-01-06 13:55:18',53,10,50),(52,'2023-01-06 13:55:21',65,16,50),(54,'2023-01-07 11:21:12',52,9,192),(55,'2023-01-07 11:21:16',39,4,192),(56,'2023-01-07 13:05:56',34,3,201),(57,'2023-01-07 13:06:08',38,4,201),(58,'2023-01-07 13:06:14',50,9,201),(59,'2023-01-07 13:06:18',53,10,201),(60,'2023-01-07 13:06:25',65,16,201),(61,'2023-01-07 13:06:36',3,1,201),(62,'2023-01-07 14:18:13',3,1,173),(63,'2023-01-07 14:18:29',34,3,173),(64,'2023-01-07 14:18:36',38,4,173),(66,'2023-01-07 14:18:45',65,16,173),(67,'2023-01-07 14:22:11',3,1,202),(68,'2023-01-07 14:23:05',34,3,202),(69,'2023-01-07 14:23:08',38,4,202),(70,'2023-01-07 14:23:11',50,9,202),(71,'2023-01-07 14:23:15',53,10,202),(72,'2023-01-07 14:23:18',65,16,202),(73,'2023-01-10 06:40:31',51,9,173),(74,'2023-01-10 06:40:37',54,10,173),(75,'2023-01-10 09:00:06',3,1,211),(78,'2023-01-10 09:00:30',64,16,211),(79,'2023-01-10 09:00:39',53,10,211),(81,'2023-01-10 09:09:33',34,3,212),(82,'2023-01-10 09:09:37',64,16,212),(84,'2023-01-20 12:08:03',39,4,212),(85,'2023-01-20 12:08:07',50,9,212),(89,'2023-02-07 00:49:03',50,9,211),(90,'2023-02-20 07:24:23',37,4,211),(91,'2023-03-12 17:51:23',53,10,212),(93,'2023-04-08 12:20:32',3,1,250),(97,'2023-04-27 13:36:53',3,1,206),(98,'2023-05-01 12:07:05',26,3,206),(99,'2023-05-01 12:43:02',37,4,206),(100,'2023-05-01 12:45:10',50,9,206),(101,'2023-05-01 12:46:14',53,10,206),(102,'2023-05-01 12:46:57',62,16,206),(103,'2023-09-14 02:22:15',2,1,212),(108,'2023-09-26 07:23:08',28,3,211),(110,'2023-09-29 05:20:12',4,1,317),(111,'2023-10-02 20:20:16',29,3,NULL),(112,'2023-10-02 20:24:32',3,1,NULL),(113,'2023-10-06 04:54:58',2,1,382),(116,'2023-10-06 05:02:43',36,3,382),(118,'2023-10-06 08:17:36',3,1,5),(119,'2023-10-06 08:17:47',33,3,5),(121,'2023-10-06 10:20:02',2,1,NULL),(122,'2023-10-06 10:40:09',31,3,2),(123,'2023-10-06 10:40:13',3,1,2),(125,'2023-10-07 08:08:28',2,1,4),(133,'2023-10-09 14:16:31',3,1,378),(134,'2023-10-09 14:18:20',33,3,378),(136,'2023-10-09 14:54:03',2,1,NULL),(137,'2023-10-09 14:54:17',36,3,NULL),(138,'2023-10-10 05:02:43',3,1,460),(139,'2023-10-10 05:03:10',32,3,460),(141,'2023-10-10 06:04:22',2,1,464),(150,'2023-10-11 13:19:32',50,9,NULL),(151,'2023-10-11 13:19:37',53,10,NULL),(152,'2023-10-11 13:19:40',62,16,NULL),(153,'2023-10-11 13:19:44',37,4,NULL),(159,'2023-10-11 16:37:16',39,4,460),(161,'2023-10-11 16:37:29',55,10,460),(162,'2023-10-11 16:37:35',65,16,460),(166,'2023-10-11 17:19:18',52,9,460),(167,'2023-10-12 07:16:51',39,4,483),(168,'2023-10-12 07:16:56',50,9,483),(169,'2023-10-12 07:16:59',53,10,483),(170,'2023-10-12 07:17:01',62,16,483),(171,'2023-10-12 07:17:19',30,3,483),(172,'2023-10-12 07:17:27',3,1,483),(173,'2023-10-12 13:12:34',4,1,468),(174,'2023-10-12 17:15:37',38,4,479),(175,'2023-10-12 17:15:40',51,9,479),(176,'2023-10-12 17:15:45',54,10,479),(177,'2023-10-12 17:15:50',66,16,479),(178,'2023-10-12 17:16:01',26,3,479),(179,'2023-10-12 17:16:08',3,1,479),(180,'2023-10-19 12:00:41',29,3,81),(181,'2023-10-19 12:00:45',38,4,81),(182,'2023-10-19 12:00:48',52,9,81),(183,'2023-10-19 12:00:52',55,10,81),(184,'2023-10-19 12:00:57',65,16,81),(185,'2023-10-19 12:03:57',2,1,81),(186,'2023-10-20 20:34:20',34,3,478),(187,'2023-10-20 20:34:26',38,4,478),(188,'2023-10-20 20:34:30',51,9,478),(189,'2023-10-20 20:34:38',54,10,478),(190,'2023-10-20 20:34:46',64,16,478),(191,'2023-10-25 12:23:04',38,4,380),(194,'2023-10-25 12:23:18',51,9,380),(196,'2023-10-25 12:23:41',64,16,380),(198,'2023-10-25 12:24:37',34,3,380),(199,'2023-10-25 12:24:46',3,1,380);

--
-- Table structure for table `UserPrompts`
--

CREATE TABLE `UserPrompts` (
  `id` int NOT NULL AUTO_INCREMENT,
  `answer` varchar(255) NOT NULL,
  `promptsQuestionId` int DEFAULT NULL,
  `userId` int DEFAULT NULL,
  PRIMARY KEY (`id`),
  KEY `promptsQuestionId` (`promptsQuestionId`),
  KEY `userId` (`userId`),
  CONSTRAINT `UserPrompts_ibfk_1` FOREIGN KEY (`promptsQuestionId`) REFERENCES `PromptsQuestions` (`id`) ON DELETE SET NULL ON UPDATE CASCADE,
  CONSTRAINT `UserPrompts_ibfk_2` FOREIGN KEY (`userId`) REFERENCES `Users` (`id`) ON DELETE SET NULL ON UPDATE CASCADE
) ENGINE=InnoDB AUTO_INCREMENT=511 DEFAULT CHARSET=utf8mb4 COLLATE=utf8mb4_0900_ai_ci;

--
-- Dumping data for table `UserPrompts`
--

INSERT INTO `UserPrompts` VALUES (13,'no where',1,53),(17,'no where',1,116),(18,'nothing',2,116),(19,'anime',3,116),(27,'everywhere',1,131),(28,'food',2,131),(29,'anime',3,131),(58,'ffff',7,118),(59,'fffff',4,118),(60,'ssss',6,118),(61,'sssss',4,118),(62,'ddddd',3,118),(63,'fffff',8,118),(64,'ffff',2,118),(84,'',5,117),(85,'dcdd',6,117),(86,'No',5,117),(87,'dd',4,117),(88,'',7,117),(89,'yhhhb',2,117),(90,'CHlooo',1,117),(91,'jjjj',4,117),(97,'here',1,6),(98,'dc sxewdb cdc',12,6),(99,'hii',4,6),(121,'Yes',1,173),(122,'You',3,173),(123,'You',2,173),(129,'in your heart',1,NULL),(130,'hhhh',5,NULL),(131,'hh',7,NULL),(132,'You',3,NULL),(154,'everything',2,186),(155,'dfgh',7,186),(156,'on',4,186),(157,'nowhere',1,186),(158,'everywhere',2,186),(159,'Noi',5,186),(160,'noone',2,186),(164,'asdfghj',10,187),(165,'no',6,187),(166,'gtg',8,187),(168,'fghj',4,188),(169,'asd',5,188),(180,'me',11,189),(181,'nothing',19,189),(182,'no',6,189),(183,'me',2,189),(184,'new ',1,189),(186,'123',2,190),(187,'none',5,190),(190,'none',11,191),(214,'everywhere',1,50),(215,'anime',2,50),(216,'hinatA',3,50),(217,'gggggf',9,50),(218,'Anime',3,50),(219,'Avatar',12,50),(220,'',1,50),(224,'everywhere ',1,198),(225,'Food',2,198),(226,'Air',3,198),(230,'hdhdh',5,192),(231,'giii',8,192),(232,'You',3,192),(237,'cricket ?',2,201),(238,'my goal',3,201),(239,'3 idiot ',12,201),(246,'soup',19,202),(247,'English ',9,202),(248,'you my love',3,202),(252,'you',15,211),(253,'geting ',27,211),(254,'3 idiot',12,211),(264,'everywhere ',1,215),(265,'Food',2,215),(266,'Datehms',3,215),(270,'hi',4,245),(271,'frfr',5,246),(275,'I can live without you ? ',3,230),(276,'My Love language is signal',9,230),(277,'found you in my ❤ ',1,230),(278,'On Instagram as CreatorK',1,206),(279,'Helicopter Ride',2,206),(280,'Helicopter Ride',3,206),(284,'in',1,260),(285,'Me',7,260),(286,'anything ',34,260),(293,'cheese',3,212),(294,'breakfast club',12,212),(295,'wine and French fries',30,212),(296,'in sky',1,279),(297,'...',10,NULL),(301,'At the NewYork city ',1,294),(302,'exploring the new places ',3,294),(303,'food& traveling',8,294),(320,'love',3,3),(321,'the darkness which a person hold ',6,3),(322,'food',9,3),(324,'heaven',1,297),(325,'you',2,297),(329,'you ',3,298),(330,'you like pizza ',32,298),(331,'you',7,298),(366,'',7,317),(367,'',7,317),(368,'',6,317),(370,'',2,352),(372,'',5,357),(381,'',2,377),(385,'Anywhere',1,378),(386,'Anything',2,378),(387,'Anything',8,378),(388,'anywhere ',1,NULL),(395,'me',5,5),(396,'pizzas',2,5),(397,'roasting',9,5),(401,'hi',2,NULL),(402,'hi',3,NULL),(403,'hi',5,NULL),(404,'people\'s heart',2,2),(405,'hiiii',1,2),(406,'food ',8,2),(410,'the concept ',2,404),(411,'chcbbcbc',6,404),(412,'dhcbbcbc',6,404),(428,'On FaceBook as Amelia Williams',1,4),(429,'The Lord of the Rings: The Fellowship of the Ring',12,4),(430,'Being kind, respectful, and considerate towards them and others',8,4),(437,'jbkjbkdjbskjdf sdfsdkjfbsdf sdfkjsd fsdkjfbsd fsdkjfsd fsdkjfsd fmsdf sdkfj sdkf sdh fisd fsjd fhsdfjhds fmnsd fdsfh sdfsdjf sjdh fsdh fjsd fsj dfhsd fjsd fjsd fhsd fjsd fsdj f dsfjsd fj fsd sdf j dsfjsd fjsdf sd jfsd fsdj fjds',2,NULL),(441,'Anywhere',1,458),(442,'Anything',2,458),(443,'Me',3,458),(448,'Sir, I was working on this, and just fixed it. Testing all use cases right now. and now will move to chat.',1,465),(449,'Sir, I was working on this, and just fixed it. Testing all use cases right now. and now will move to chat.',2,465),(451,'hello ',2,464),(455,'Answer1, this is wrong.',26,469),(456,'Answer2, this is wrong. ',8,469),(457,'answer3, it is right.',5,469),(461,'Anywhere',1,473),(462,'nothing',8,473),(463,'Nithing',34,473),(469,'In my office all time',1,479),(470,'My Laptop',3,479),(471,'That universe is multidimensional.',5,479),(475,' znxbxn d c c ',4,483),(476,'   xbbxn',5,483),(477,'on a tennis court or on a plane ',1,478),(479,'coffee',2,NULL),(480,'you ',7,NULL),(484,'Nothing',34,488),(485,'You in the universe somewhere',7,488),(486,'Is focusing ✨️ ',6,488),(490,'Anywhere',1,505),(491,'Anything',2,505),(492,'You and You',7,505),(498,'Mfnncncncnvvv no ngncngg djfjjfjfjfj djjdjfjfjf jdjdjfjfjjfjfjgjfjkrf jdjfkkfkfjgkgkdjfj jdkkdkfkfk',2,81),(499,'  Xbxbcjcjcjcnfn d djdjdjjfjfjfjfjfjjfjfjfjf ndjdjdkdkkfkff ndbdjj dbbdhdjdjfjfjfj djjdjfjfjf dji',4,81),(500,'Cbbcbcbcncnfnfnfnfnf fnjfjfjfkfjfjjfjfjfjfjfbf fngjfjfjnfnfnfnfbfbv f f fbfbnfnfnfjfjfjjfjfjfjfjf',6,81),(501,' 🥲🙃😂☺️🤣🤣🤣☺️☺️😂☺️😂😌😂🔥🤣🥘mNjzjdjdjdjdndnixndjdjdjd. D ndjdjejrjrjrjrj sjjdjdjsjsjdjdndjj',1,468),(505,'Pizza and business',2,512),(506,'The stock market',3,512),(507,'Myself',6,512),(509,'Yes find you',1,530),(510,'By win',4,530);

--
-- Table structure for table `UserPurchases`
--

CREATE TABLE `UserPurchases` (
  `id` int NOT NULL AUTO_INCREMENT,
  `txnDate` int NOT NULL,
  `txnId` varchar(255) NOT NULL,
  `txnRefId` varchar(255) NOT NULL,
  `paymentProfile` varchar(255) NOT NULL,
  `subscriptionPlanId` int DEFAULT NULL,
  `userId` int DEFAULT NULL,
  PRIMARY KEY (`id`),
  KEY `subscriptionPlanId` (`subscriptionPlanId`),
  KEY `userId` (`userId`),
  CONSTRAINT `UserPurchases_ibfk_1` FOREIGN KEY (`subscriptionPlanId`) REFERENCES `SubscriptionPlans` (`id`) ON DELETE SET NULL ON UPDATE CASCADE,
  CONSTRAINT `UserPurchases_ibfk_2` FOREIGN KEY (`userId`) REFERENCES `Users` (`id`) ON DELETE SET NULL ON UPDATE CASCADE
) ENGINE=InnoDB AUTO_INCREMENT=15 DEFAULT CHARSET=utf8mb4 COLLATE=utf8mb4_0900_ai_ci;

--
-- Dumping data for table `UserPurchases`
--

INSERT INTO `UserPurchases` VALUES (1,1671197667,'0','6jynbqmlgka','908337508',15,NULL),(2,1671197751,'0','mv9b1hsw5c','908337508',15,NULL),(3,1672058120,'0','6z7cuuxcmfu','908442389',26,50),(4,1672058262,'0','jmzzjd7o7d8','908442389',15,50),(5,1672391913,'0','rt1mx7gx64','908442389',15,50),(6,1672852500,'0','r6f6ixq23p','908547626',15,173),(7,1672942192,'0','gyau0vuajq9','908557247',15,192),(8,1673102028,'0','0kevojkie2a','908593563',15,201),(9,1673332565,'0','psht3cp6jc','514094949',15,203),(10,1673341885,'0','u3yop1ixbfb','908666715',15,212),(11,1676982082,'0','rpzo1p4u4b','909529984',15,215),(12,1677734213,'0','st3zzbqcfx','909690528',15,230),(13,1691643988,'0','pg5oy7s5mso','913715657',15,260),(14,1692008434,'0','rt9tvll5na9','913715657',15,260);

--
-- Table structure for table `UserTimeLogs`
--

CREATE TABLE `UserTimeLogs` (
  `id` int NOT NULL AUTO_INCREMENT,
  `latitude` varchar(255) NOT NULL,
  `longitude` varchar(255) NOT NULL,
  `lastTimeStamp` int NOT NULL,
  `userId` int DEFAULT NULL,
  PRIMARY KEY (`id`),
  KEY `userId` (`userId`),
  CONSTRAINT `UserTimeLogs_ibfk_1` FOREIGN KEY (`userId`) REFERENCES `Users` (`id`) ON DELETE SET NULL ON UPDATE CASCADE
) ENGINE=InnoDB AUTO_INCREMENT=24 DEFAULT CHARSET=utf8mb4 COLLATE=utf8mb4_0900_ai_ci;

--
-- Dumping data for table `UserTimeLogs`
--

INSERT INTO `UserTimeLogs` VALUES (23,'21.2076009','72.8439422',1668510898,3);

--
-- Table structure for table `userInterest`
--

CREATE TABLE `userInterest` (
  `createdAt` datetime NOT NULL,
  `updatedAt` datetime NOT NULL,
  `InterestId` int NOT NULL,
  `UserId` int NOT NULL,
  PRIMARY KEY (`InterestId`,`UserId`),
  KEY `UserId` (`UserId`),
  CONSTRAINT `userInterest_ibfk_1` FOREIGN KEY (`InterestId`) REFERENCES `Interests` (`id`) ON DELETE CASCADE ON UPDATE CASCADE,
  CONSTRAINT `userInterest_ibfk_2` FOREIGN KEY (`UserId`) REFERENCES `Users` (`id`) ON DELETE CASCADE ON UPDATE CASCADE
) ENGINE=InnoDB DEFAULT CHARSET=utf8mb4 COLLATE=utf8mb4_0900_ai_ci;

--
-- Dumping data for table `userInterest`
--



